{"id":31,"date":"2013-09-13T12:16:37","date_gmt":"2013-09-13T15:16:37","guid":{"rendered":"https:\/\/wp.ufpel.edu.br\/cepe\/?page_id=31"},"modified":"2024-03-27T15:48:08","modified_gmt":"2024-03-27T18:48:08","slug":"colaboradores","status":"publish","type":"page","link":"https:\/\/wp.ufpel.edu.br\/cepe\/pesquisadores\/colaboradores\/","title":{"rendered":"Colaboradores"},"content":{"rendered":"<h5><span style=\"font-size: 12pt;\"><strong><em>Dra. CRISTIANE BARTZ DE \u00c1VILA<br \/>\n<\/em>Doutora em Educa\u00e7\u00e3o pela UFPel, bolsista CAPES, sob a orienta\u00e7\u00e3o do Prof. Dr. \u00c1lvaro Moreira Hypolito. Mestra no programa de p\u00f3s-gradua\u00e7\u00e3o em Mem\u00f3ria Social e Patrim\u00f4nio Cultural pela UFPel (2014). Possui especializa\u00e7\u00e3o em hist\u00f3ria da educa\u00e7\u00e3o pela Faculdade de Educa\u00e7\u00e3o da UFPel (2004) e gradua\u00e7\u00e3o em Licenciatura Plena em Hist\u00f3ria pela UFPel (2001). Participa do grupo de trabalho do Museu da Col\u00f4nia Francesa sob a orienta\u00e7\u00e3o do Prof. Dr. F\u00e1bio Vergara. e do grupo de pesquisa Culturas, Poder e Fronteiras sob a coordena\u00e7\u00e3o da Prof\u00aa Dra. Maria de F\u00e1tima Bento Ribeiro e do CEPE &#8211; Centro de Estudos em Pol\u00edticas Educativas: Gest\u00e3o, Curr\u00edculo e Trabalho Docente sob a coordena\u00e7\u00e3o do Prof.\u00a0 Dr.\u00a0 \u00c1lvaro Moreira Hypolito.<br \/>\n<\/strong>Curr\u00edculo Lattes &#8211;\u00a0<strong><span style=\"font-size: 12pt;\"><a href=\"http:\/\/lattes.cnpq.br\/8640096717244583\">http:\/\/lattes.cnpq.br\/8640096717244583<\/a><\/span><em><br \/>\n<\/em><\/strong><\/span><\/h5>\n<h5><span style=\"font-size: 12pt;\"><em><strong>Dra. DEISE RAMOS DA ROCHA<br \/>\n<\/strong><\/em>Doutora em Educa\u00e7\u00e3o (2020) pela Universidade Federal de Pelotas (UFPel). Pedagoga (2013) e Mestre em Educa\u00e7\u00e3o (2016) pela Universidade de Bras\u00edlia (UnB). Membro pesquisadora do CEPE\/UFPel (Centro de Estudos em Pol\u00edticas Educativas) e do GEPFAPe\/UnB (Grupo de Estudos e Pesquisas sobre a Forma\u00e7\u00e3o \u00e9 Atua\u00e7\u00e3o de Pedagogos\/Professores). Colaboradora no GEPT\/UnB (Grupo de Estudos e Pesquisas sobre Trabalho). Professora da SEDF (Secretaria de Educa\u00e7\u00e3o do Distrito Federal). Foi formadora de educadores de Educa\u00e7\u00e3o de Jovens e Adultos, pelo Programa Nacional de Educa\u00e7\u00e3o na Reforma Agr\u00e1ria (2012-2014). Desenvolve pesquisas com \u00eanfase na forma\u00e7\u00e3o e trabalho docente, organiza\u00e7\u00e3o do trabalho educativo, pol\u00edticas p\u00fablicas, forma\u00e7\u00e3o pol\u00edtica do educador, valoriza\u00e7\u00e3o docente, projetos de sociedade, sentidos do trabalho.<br \/>\nCurr\u00edculo Lattes &#8211; <a href=\"http:\/\/lattes.cnpq.br\/3683106502240116\">http:\/\/lattes.cnpq.br\/3683106502240116<\/a><\/span><\/h5>\n<h5 style=\"text-align: justify;\"><span style=\"font-size: 12pt;\"><em>Dra. IANA GOMES de LIMA<\/em><\/span><br \/>\n<span style=\"font-size: 12pt;\"><strong>Professora da Universidade Federal do Rio Grande do Sul (UFRGS). Mestre e Doutora em Educa\u00e7\u00e3o pela UFRGS, com est\u00e1gio doutoral na Bristol University, na Inglaterra. Professora do Programa de Educa\u00e7\u00e3o da Univille. P\u00f3s-doutorado na Universidade Federal de Pelotas, com bolsa do CNPq. Dedica-se a estudos de Pol\u00edticas Educacionais; Sociologia da Educa\u00e7\u00e3o; Estado e Educa\u00e7\u00e3o.<\/strong><\/span><br \/>\n<span style=\"font-size: 12pt;\">Curr\u00edculo Lattes &#8211; <a href=\"http:\/\/lattes.cnpq.br\/0766604333051457\">http:\/\/lattes.cnpq.br\/0766604333051457<\/a><\/span><\/h5>\n<h5 style=\"text-align: justify;\"><span style=\"font-size: 12pt;\"><strong><em>Dr. JAIR JONKO ARA\u00daJO<br \/>\n<\/em><\/strong>Professor do IFSul &#8211; Instituto Federal Sul-rio-grandense. Doutor em Educa\u00e7\u00e3o pela Universidade Federal de Pelotas, Mestre em Ci\u00eancias da Computa\u00e7\u00e3o pela Universidade Federal do Rio Grande do Sul (2005). Bacharel em Inform\u00e1tica pela Universidade Federal de Pelotas (2001). Licenciado no Curso Superior de Forma\u00e7\u00e3o de Professores de Disciplinas Especializadas no Ensino de 2\u00ba Grau pela Universidade Tecnol\u00f3gica Federal do Paran\u00e1 (1991). Foi Pr\u00f3-Reitor Adjunto de Ensino. Trabalha no Programa de P\u00f3s-Gradua\u00e7\u00e3o em Educa\u00e7\u00e3o do IFSul, onde trabalha principalmente com os temas automa\u00e7\u00e3o industrial e forma\u00e7\u00e3o de professores (\u00e1reas de interesse Pol\u00edticas Educacionais e Curr\u00edculo).<br \/>\nCurr\u00edculo Lattes &#8211;<span class=\"Apple-converted-space\">\u00a0<\/span><a href=\"http:\/\/lattes.cnpq.br\/4585552156003892\" target=\"_blank\" rel=\"noopener noreferrer\"><span class=\"texto\">http:\/\/lattes.cnpq.br\/4585552156003892<\/span><\/a><\/span><\/h5>\n<h5><strong><em><span style=\"font-size: 12pt;\">Dra. JULIANA MEZOMO CANTARELLI<\/span><\/em><\/strong><br \/>\n<span style=\"font-size: 12pt;\">Possui gradua\u00e7\u00e3o em ci\u00eancias sociais &#8211; bacharelado pela Universidade Luterana do Brasil (2007) e gradua\u00e7\u00e3o em ci\u00eancias sociais &#8211; licenciatura pela Universidade Luterana do Brasil (2007).Especialista em Metodologia de Ensino na Educa\u00e7\u00e3o Superior (Facinter), especialista em Crian\u00e7a e Adolescente em Situa\u00e7\u00e3o de risco (Unifra), especialista em Educa\u00e7\u00e3o para a Diversidade (UFRGS) e especialista em Ensino de Sociologia (UFSM) . Mestra em Educa\u00e7\u00e3o pela UFSM &#8211; linha Pr\u00e1ticas escolares e pol\u00edticas p\u00fablicas.\u00c9 docente efetiva do Instituto Federal Farroupilha. Doutora em Educa\u00e7\u00e3o &#8211; UFPel: Linha Curr\u00edculo, Profissionaliza\u00e7\u00e3o e Trabalho Docente, orientador &#8211; \u00c1lvaro Hypolito. Doutorado sandu\u00edche na Universidade de Coru\u00f1a, sob supervis\u00e3o de Jurjo Torres.<\/span><br \/>\n<span style=\"font-size: 12pt;\">Curr\u00edculo Lattes &#8211; <a href=\"http:\/\/lattes.cnpq.br\/4831368421028325\">http:\/\/lattes.cnpq.br\/4831368421028325<\/a><\/span><\/h5>\n<h5 style=\"text-align: justify;\"><span style=\"font-size: 12pt;\"><em><strong>Dra. LET\u00cdCIA RAMALHO BRITTES<\/strong><\/em><\/span><br \/>\n<span style=\"font-size: 12pt;\">Professora do Instituto Federal Farroupilha, Licenciada em Letras Portugu\u00eas-Ingl\u00eas com respectivas Liiteraturas pela Universidade Federal de Santa Maria (UFSM) em 2007. Mestre em Educa\u00e7\u00e3o pelo Programa de P\u00f3s- Gradua\u00e7\u00e3o em Educa\u00e7\u00e3o da Universidade Federal de Santa Maria (UFSM) em 2011. Foi Bolsista CAPES. Acad\u00eamica do Curso de Especializa\u00e7\u00e3o em Gest\u00e3o Educacional do Centro de Educa\u00e7\u00e3o da Universidade Federal de Santa Maria. Doutora em Educa\u00e7\u00e3o pela Universidade Federal de Pelotas (UFPel), Est\u00e1gio Doutoral na University of Wisconsin-Madison. Desenvolve pesquisas e estudos na \u00e1rea de Educa\u00e7\u00e3o, atuando principalmente nos seguintes temas: trabalho, discurso pedag\u00f3gico, gest\u00e3o educacional, pol\u00edticas p\u00fablicas e trabalho docente.<br \/>\nCurr\u00edculo Lattes \u2013 <a href=\"http:\/\/lattes.cnpq.br\/5104573307305494\"><span class=\"texto\">http:\/\/lattes.cnpq.br\/5104573307305494<\/span><\/a><\/span><\/h5>\n<h5><strong><em><span style=\"font-size: 12pt;\">Dra. LUCIANA LEANDRO DA SILVA<\/span><\/em><\/strong><br \/>\n<span style=\"font-size: 12pt;\">Professora da Unidade Acad\u00eamica de Educa\u00e7\u00e3o da Universidade Federal de Campina Grande (PB) e membro do Laborat\u00f3rio de Estudos e Pesquisas em Pol\u00edticas Educacionais (LEPPE) e do Centro de Estudos em Pol\u00edticas Educativas (CEPE). Possui Licenciatura em Pedagogia pela Universidade Estadual de Campinas, UNICAMP (2006), Mestrado em Educa\u00e7\u00e3o pela Universidade de Granada (UGR, 2010) e Doutorado em Educa\u00e7\u00e3o pela Universidade Aut\u00f4noma de Barcelona (UAB, 2014). Realizou p\u00f3s-doutorado na Universidade Federal de Pelotas (UFPel), junto ao Grupo de Pesquisa Gest\u00e3o, Curr\u00edculo e Pol\u00edticas Educativas. As pesquisas realizadas nos \u00faltimos anos envolvem os seguintes temas: Pol\u00edticas de Avalia\u00e7\u00e3o, Curr\u00edculo e Trabalho Docente, Reformas Educativas, Gerencialismo, Forma\u00e7\u00e3o de Professores, Internacionaliza\u00e7\u00e3o e Transnacionaliza\u00e7\u00e3o Educativa e Educa\u00e7\u00e3o Comparada.<\/span><br \/>\n<span style=\"font-size: 12pt;\">Curr\u00edculo Lattes &#8211;\u00a0 <\/span><a href=\"http:\/\/lattes.cnpq.br\/6417395216828103\"><span style=\"font-size: 12pt;\">http:\/\/lattes.cnpq.br\/6417395216828103<\/span><\/a><\/h5>\n<h5 style=\"text-align: justify;\"><span style=\"font-size: 12pt;\"><em><strong>Dra. NAIL\u00ca PINTO IUNES<\/strong><\/em><\/span><br \/>\n<span style=\"font-size: 12pt;\">Professora da Rede Municipal de Ensino. Doutora e Mestre em Educa\u00e7\u00e3o (2009), pelo programa de P\u00f3s-Gradua\u00e7\u00e3o da Faculdade de Educa\u00e7\u00e3o da Universidade Federal de Pelotas. Especialista em Gest\u00e3o Educacional (2006) FaE\/UFPel. Graduada no Curso de Estudos Sociais: Licenciatura Curta (1984) e Licenciatura Plena em Hist\u00f3ria (1986) pelo Instituto de Ci\u00eancias Humanas ICH\/UFPel (1984).<br \/>\nCurr\u00edculo Lattes &#8211;<span class=\"Apple-converted-space\">\u00a0<\/span><a href=\"http:\/\/lattes.cnpq.br\/0484029531338022\" target=\"_blank\" rel=\"noopener noreferrer\"><span class=\"texto\">http:\/\/lattes.cnpq.br\/0484029531338022<\/span><\/a><\/span><\/h5>\n<h5 style=\"text-align: justify;\"><span style=\"font-size: 12pt;\"><em><strong>Dra. MARIA ELO\u00cdSA DA SILVA<\/strong><\/em><\/span><br \/>\n<span style=\"font-size: 12pt;\">Graduada em Letras pela Universidade de Iju\u00ed &#8211; UNIJU\u00cd (1997). Mestre em Educa\u00e7\u00e3o pela Universidade Federal de Mato Grosso &#8211; UFMT (2012), Doutora em Educa\u00e7\u00e3o pela Universidade Federal de Pelotas &#8211; UFPEL (2018). \u00c9 Professora substituta no DE\/UFPel. Atuou como professora de Ensino Superior na Faculdade Tr\u00eas de Maio (RS) &#8211; FATREM (1999 a 2001); Coordenadora do Plano Municipal de Educa\u00e7\u00e3o na Secretaria Municipal de Educa\u00e7\u00e3o de Horizontina (RS) (2002 a 2004), Professora e Coordenadora da Comiss\u00e3o Pr\u00f3pria de Avalia\u00e7\u00e3o na Faculdade de Sorriso (MT) &#8211; FAIS (2005 a 2008); Professora Efetiva da Rede Municipal de Ensino de Sorriso (MT) (2008 &#8211; 2013); Coordenadora do Ensino Fundamental II na Secretaria Municipal de Educa\u00e7\u00e3o e Cultura de Sorriso (MT) (2009-2012); Professora da Universidade de Cuiab\u00e1 &#8211; UNIC\/Campus Sorriso (MT) &#8211; (2011-2013). Possui interesse de estudos e pesquisa em Redes de Governan\u00e7a, Curr\u00edculo prescrito, Pr\u00e1ticas Escolares e Forma\u00e7\u00e3o Docente.<\/span><br \/>\n<span style=\"font-size: 12pt;\">Curr\u00edculo Lattes &#8211;\u00a0<a href=\"http:\/\/lattes.cnpq.br\/8958699879747327\">http:\/\/lattes.cnpq.br\/8958699879747327<\/a><\/span><\/h5>\n<h5><em><strong>Ms. MATEUS ARGUELHO DA CUNHA<br \/>\n<\/strong><\/em><span style=\"font-size: 12pt;\">Mestre em Educa\u00e7\u00e3o (2023), pelo programa de P\u00f3s-Gradua\u00e7\u00e3o da Faculdade de Educa\u00e7\u00e3o da Universidade Federal do Rio Grande do Sul. Doutoranda na Universidade de Barcelona.\u00a0<\/span><\/h5>\n<p><em><strong>\u00a0<\/strong><\/em><\/p>\n","protected":false},"excerpt":{"rendered":"<p>Dra. CRISTIANE BARTZ DE \u00c1VILA Doutora em Educa\u00e7\u00e3o pela UFPel, bolsista CAPES, sob a orienta\u00e7\u00e3o do Prof. Dr. \u00c1lvaro Moreira Hypolito. Mestra no programa de p\u00f3s-gradua\u00e7\u00e3o em Mem\u00f3ria Social e Patrim\u00f4nio Cultural pela UFPel (2014). Possui especializa\u00e7\u00e3o em hist\u00f3ria da educa\u00e7\u00e3o pela Faculdade de Educa\u00e7\u00e3o da UFPel (2004) e gradua\u00e7\u00e3o em Licenciatura Plena em Hist\u00f3ria &hellip; <\/p>\n<p><a class=\"more-link btn\" href=\"https:\/\/wp.ufpel.edu.br\/cepe\/pesquisadores\/colaboradores\/\">Continue lendo<\/a><\/p>\n","protected":false},"author":297,"featured_media":0,"parent":11,"menu_order":0,"comment_status":"closed","ping_status":"closed","template":"","meta":{"footnotes":""},"class_list":["post-31","page","type-page","status-publish","hentry","nodate","item-wrap"],"jetpack_sharing_enabled":true,"_links":{"self":[{"href":"https:\/\/wp.ufpel.edu.br\/cepe\/wp-json\/wp\/v2\/pages\/31","targetHints":{"allow":["GET"]}}],"collection":[{"href":"https:\/\/wp.ufpel.edu.br\/cepe\/wp-json\/wp\/v2\/pages"}],"about":[{"href":"https:\/\/wp.ufpel.edu.br\/cepe\/wp-json\/wp\/v2\/types\/page"}],"author":[{"embeddable":true,"href":"https:\/\/wp.ufpel.edu.br\/cepe\/wp-json\/wp\/v2\/users\/297"}],"replies":[{"embeddable":true,"href":"https:\/\/wp.ufpel.edu.br\/cepe\/wp-json\/wp\/v2\/comments?post=31"}],"version-history":[{"count":35,"href":"https:\/\/wp.ufpel.edu.br\/cepe\/wp-json\/wp\/v2\/pages\/31\/revisions"}],"predecessor-version":[{"id":703,"href":"https:\/\/wp.ufpel.edu.br\/cepe\/wp-json\/wp\/v2\/pages\/31\/revisions\/703"}],"up":[{"embeddable":true,"href":"https:\/\/wp.ufpel.edu.br\/cepe\/wp-json\/wp\/v2\/pages\/11"}],"wp:attachment":[{"href":"https:\/\/wp.ufpel.edu.br\/cepe\/wp-json\/wp\/v2\/media?parent=31"}],"curies":[{"name":"wp","href":"https:\/\/api.w.org\/{rel}","templated":true}]}}