{"id":29,"date":"2013-09-13T11:41:50","date_gmt":"2013-09-13T14:41:50","guid":{"rendered":"https:\/\/wp.ufpel.edu.br\/cepe\/?page_id=29"},"modified":"2025-03-11T10:46:34","modified_gmt":"2025-03-11T13:46:34","slug":"bolsistas-ic","status":"publish","type":"page","link":"https:\/\/wp.ufpel.edu.br\/cepe\/pesquisadores\/bolsistas-ic\/","title":{"rendered":"Bolsistas IC"},"content":{"rendered":"<h5><em>Maria Leonor Santos Pereira Feij\u00f3<\/em><br \/>\nGraduanda de Licenciatura em Pedagogia \u2013 UFPel<br \/>\nBolsista de Inicia\u00e7\u00e3o \u00e0 Pesquisa \u2013 PBIP-AF\/UFPel<br \/>\nPer\u00edodo: 05\/2024 \u2013 (atual)<br \/>\n<a href=\"http:\/\/lattes.cnpq.br\/3213520438418169\">http:\/\/lattes.cnpq.br\/3213520438418169<\/a><\/h5>\n<h5><em>Mariana Dias Lameira<\/em><br \/>\nGraduanda de Licenciatura em Ci\u00eancias Sociais \u2013 UFPel<br \/>\nBolsista de Inicia\u00e7\u00e3o Cient\u00edfica \u2013 CNPq<br \/>\nPer\u00edodo: 08\/2024 &#8211; (atual)<br \/>\n<a href=\"http:\/\/lattes.cnpq.br\/2177314672003807\">http:\/\/lattes.cnpq.br\/2177314672003807<\/a><\/h5>\n<h5><em>Juliana Rocha dos Santos<\/em><br \/>\nGraduanda de Licenciatura em Pedagogia \u2013 UFPel<br \/>\nBolsista de Inicia\u00e7\u00e3o Cient\u00edfica \u2013 CNPq<br \/>\nPer\u00edodo: 08\/2023 \u2013 ((atual)<br \/>\n<a href=\"http:\/\/lattes.cnpq.br\/7608768027265523\">http:\/\/lattes.cnpq.br\/7608768027265523<\/a><\/h5>\n<h5><em>Tamires de Moura Amaral<\/em><br \/>\nGraduanda de Licenciatura em Pedagogia \u2013 UFPel<br \/>\nBolsista de Inicia\u00e7\u00e3o \u00e0 Pesquisa \u2013 PBIP-AF\/UFPel<br \/>\nPer\u00edodo: 05\/2024 \u2013 (atual)<br \/>\n<a href=\"http:\/\/lattes.cnpq.br\/0823721474921556\">http:\/\/lattes.cnpq.br\/0823721474921556<\/a><\/h5>\n<h5><em>Kenia de Freitas Ferreira<br \/>\n<\/em>Graduanda de Licenciatura em Pedagogia &#8211; UFPel<br \/>\nBolsista de Inicia\u00e7\u00e3o \u00e0 Pesquisa &#8211; PBIP-AF\/UFPel<br \/>\nPer\u00edodo: 05\/2021 &#8211; 30\/08\/2021 (encerrada)<br \/>\n<a href=\"http:\/\/lattes.cnpq.br\/4137519560720552\">http:\/\/lattes.cnpq.br\/4137519560720552<\/a><\/h5>\n<h5><strong><em>Maria Clara Silva Azevedo<br \/>\n<\/em><\/strong>Graduanda de Licenciatura em Geografia &#8211; UFPel<br \/>\nBolsista de Inicia\u00e7\u00e3o Cient\u00edfica &#8211; PROBIC\/FAPERGS<br \/>\nPer\u00edodo: 08\/2021- encerrada<br \/>\n<a href=\"http:\/\/lattes.cnpq.br\/7744266568174782\">http:\/\/lattes.cnpq.br\/7744266568174782<\/a><\/h5>\n<h5 class=\"m_8870758544891387912ydpa9cfbc53name\"><strong><em>Mateus Arguelho da Cunha<br \/>\n<\/em><\/strong> Graduando de Licenciatura em Matem\u00e1tica &#8211; UFPel<br \/>\n<span class=\"il\">Bolsista<\/span> de Inicia\u00e7\u00e3o Cient\u00edfica &#8211; PIBIC\/CNPq<br \/>\nPer\u00edodo:\u00a0 08\/2019-30\/03\/2021(encerrada)<br \/>\n<span class=\"il\">Bolsista<\/span> de Inicia\u00e7\u00e3o \u00e0 Pesquisa &#8211; PBIP-AF\/UFPel<br \/>\nPer\u00edodo:\u00a0 03\/2018-07\/2020<br \/>\n<a href=\"http:\/\/lattes.cnpq.br\/7483608287794377\" target=\"_blank\" rel=\"noopener noreferrer\">http:\/\/lattes.cnpq.br\/7483608287794377<\/a><\/h5>\n<h5><em>Nathalie Ros\u00e1rio Jardim<br \/>\n<\/em>Graduanda de Licenciatura em Pedagogia &#8211; UFPel<br \/>\nBolsista de Inicia\u00e7\u00e3o \u00e0 Pesquisa &#8211; PBIP-AE\/UFPel<br \/>\nPer\u00edodo: 08\/2020 &#8211; 05\/2021 (encerrada)<br \/>\n<a href=\"http:\/\/lattes.cnpq.br\/8140339605108778\">http:\/\/lattes.cnpq.br\/8140339605108778<\/a><em><br \/>\n<\/em><\/h5>\n<h5><em>Micaela Candia Vinholes Nobre<br \/>\n<\/em>Graduanda de Licenciatura em Filosofia &#8211; UFPel<br \/>\nBolsista de Inicia\u00e7\u00e3o Cient\u00edfica &#8211; PIBIC\/CNPq<br \/>\nPer\u00edodo: 03\/2019-07\/2019 (encerrada)<br \/>\n<a href=\"http:\/\/lattes.cnpq.br\/8489102584959060\">http:\/\/lattes.cnpq.br\/8489102584959060<\/a><\/h5>\n<h5 class=\"m_8870758544891387912ydpa9cfbc53name\"><strong><em>Kall\u00e9u Schmidt Mendes<br \/>\n<\/em><\/strong> Graduando de Licenciatura em Ci\u00eancias Sociais &#8211; UFPel<br \/>\n<span class=\"il\">Bolsista<\/span> de Inicia\u00e7\u00e3o Cient\u00edfica &#8211; PIBIC\/CNPq<br \/>\nPer\u00edodo:\u00a0 08\/2018-03\/2019 (encerrado)<br \/>\n<a href=\"http:\/\/lattes.cnpq.br\/3262858511222911\" target=\"_blank\" rel=\"noopener noreferrer\">http:\/\/lattes.cnpq.br\/3262858511222911<\/a><\/h5>\n<h5><em><strong>Bruna Jardim<\/strong><\/em><br \/>\nGraduanda de Ci\u00eancias Sociais &#8211; FaE\/UFPel<br \/>\n<span class=\"il\">Bolsista<\/span> de Inicia\u00e7\u00e3o Cient\u00edfica &#8211; PIBIC\/CNPq<br \/>\nPer\u00edodo:\u00a0 2017-2018 (encerrada)<\/h5>\n<h5><em><strong>Adrielle Torma<\/strong><\/em><br \/>\nGraduanda de Hist\u00f3ria &#8211; UFPel<br \/>\n<span class=\"il\">Bolsista<\/span> de Inicia\u00e7\u00e3o Cient\u00edfica &#8211; PIBIC\/CNPq<br \/>\nPer\u00edodo: 2017-2018 (encerrada)<\/h5>\n<h5><em><strong>\u00c9velin Rutz<\/strong><\/em><br \/>\nGraduanda de Pedagogia &#8211; FaE\/UFPel<br \/>\n<span class=\"il\">Bolsista<\/span> de Inicia\u00e7\u00e3o Cient\u00edfica &#8211; PIBIC\/CNPq<br \/>\nPer\u00edodo: 2014-2015 | 2015-2016 (encerrada)<\/h5>\n<h5><em><strong>Elimara Casagranda<\/strong><\/em><br \/>\nGraduanda de Pedagogia &#8211; FaE\/UFPel<br \/>\n<span class=\"il\">Bolsista<\/span> de Inicia\u00e7\u00e3o Cient\u00edfica &#8211; Fapergs<br \/>\nPer\u00edodo: 2015-2016\u00a0 (encerrada)<\/h5>\n<h5><span class=\"st\"><em><strong>Renata Delucis Hilal Necchi<\/strong><\/em><br \/>\nGraduanda Ci\u00eancias Sociais &#8211; IFISP\/UFPel<br \/>\nBolsista de Inicia\u00e7\u00e3o Cient\u00edfica CNPq<br \/>\nPer\u00edodo: 2010-2011 \/ 2011-2012 \/ 2012-2013 \/ 2013-2014 (encerrada)<br \/>\n<\/span><\/h5>\n<div><\/div>\n","protected":false},"excerpt":{"rendered":"<p>Maria Leonor Santos Pereira Feij\u00f3 Graduanda de Licenciatura em Pedagogia \u2013 UFPel Bolsista de Inicia\u00e7\u00e3o \u00e0 Pesquisa \u2013 PBIP-AF\/UFPel Per\u00edodo: 05\/2024 \u2013 (atual) http:\/\/lattes.cnpq.br\/3213520438418169 Mariana Dias Lameira Graduanda de Licenciatura em Ci\u00eancias Sociais \u2013 UFPel Bolsista de Inicia\u00e7\u00e3o Cient\u00edfica \u2013 CNPq Per\u00edodo: 08\/2024 &#8211; (atual) http:\/\/lattes.cnpq.br\/2177314672003807 Juliana Rocha dos Santos Graduanda de Licenciatura em Pedagogia &hellip; <\/p>\n<p><a class=\"more-link btn\" href=\"https:\/\/wp.ufpel.edu.br\/cepe\/pesquisadores\/bolsistas-ic\/\">Continue lendo<\/a><\/p>\n","protected":false},"author":297,"featured_media":0,"parent":11,"menu_order":0,"comment_status":"closed","ping_status":"closed","template":"","meta":{"footnotes":""},"class_list":["post-29","page","type-page","status-publish","hentry","nodate","item-wrap"],"jetpack_sharing_enabled":true,"_links":{"self":[{"href":"https:\/\/wp.ufpel.edu.br\/cepe\/wp-json\/wp\/v2\/pages\/29","targetHints":{"allow":["GET"]}}],"collection":[{"href":"https:\/\/wp.ufpel.edu.br\/cepe\/wp-json\/wp\/v2\/pages"}],"about":[{"href":"https:\/\/wp.ufpel.edu.br\/cepe\/wp-json\/wp\/v2\/types\/page"}],"author":[{"embeddable":true,"href":"https:\/\/wp.ufpel.edu.br\/cepe\/wp-json\/wp\/v2\/users\/297"}],"replies":[{"embeddable":true,"href":"https:\/\/wp.ufpel.edu.br\/cepe\/wp-json\/wp\/v2\/comments?post=29"}],"version-history":[{"count":28,"href":"https:\/\/wp.ufpel.edu.br\/cepe\/wp-json\/wp\/v2\/pages\/29\/revisions"}],"predecessor-version":[{"id":716,"href":"https:\/\/wp.ufpel.edu.br\/cepe\/wp-json\/wp\/v2\/pages\/29\/revisions\/716"}],"up":[{"embeddable":true,"href":"https:\/\/wp.ufpel.edu.br\/cepe\/wp-json\/wp\/v2\/pages\/11"}],"wp:attachment":[{"href":"https:\/\/wp.ufpel.edu.br\/cepe\/wp-json\/wp\/v2\/media?parent=29"}],"curies":[{"name":"wp","href":"https:\/\/api.w.org\/{rel}","templated":true}]}}