{"id":27,"date":"2013-09-13T11:41:19","date_gmt":"2013-09-13T14:41:19","guid":{"rendered":"https:\/\/wp.ufpel.edu.br\/cepe\/?page_id=27"},"modified":"2022-12-26T11:13:37","modified_gmt":"2022-12-26T14:13:37","slug":"doutorado","status":"publish","type":"page","link":"https:\/\/wp.ufpel.edu.br\/cepe\/pesquisadores\/doutorado\/","title":{"rendered":"Doutorado"},"content":{"rendered":"<h5><em><span style=\"font-size: 12pt;\"><strong>Ms. Ana Claudia Venturin da Costa<\/strong><\/span><br \/>\n<\/em>Doutoranda em Educa\u00e7\u00e3o pela Universidade Federal de Pelotas &#8211; UFPEL. Mestre em Administra\u00e7\u00e3o pela Faculdade de Estudos Administrativos de Minas Gerais &#8211; FEAD. Especialista em Contabilidade Tribut\u00e1ria pela Faculdade de Rolim de Moura. Possui gradua\u00e7\u00e3o em Ci\u00eancias Cont\u00e1beis pela Universidade Federal de Rond\u00f4nia. Professora efetiva no curso de Administra\u00e7\u00e3o da Universidade Federal de Rond\u00f4nia &#8211; UNIR.<br \/>\n<a href=\"http:\/\/lattes.cnpq.br\/7281763072578366\">http:\/\/lattes.cnpq.br\/7281763072578366<\/a><em><br \/>\n<\/em><\/h5>\n<h5><span style=\"font-size: 12pt;\"><em><strong>Ms. Edna Coimbra da Silva<\/strong><\/em><\/span><br \/>\nPossui Licenciatura Plena em Hist\u00f3ria pela Universidade Federal de Mato Grosso, especializa\u00e7\u00e3o em Psicopedagogia e Gest\u00e3o Escolar pelo Instituto de Educa\u00e7\u00e3o Cuiabano. Concluiu o curso de Mestrado, sob a orienta\u00e7\u00e3o da Professora Doutora Ozerina Victor de Oliveira, no Instituto de Educa\u00e7\u00e3o da Universidade Federal de Mato Grosso. Participou do grupo de pesquisa Pol\u00edticas Contempor\u00e2neas de Curr\u00edculo e Forma\u00e7\u00e3o Docente. Atualmente faz parte do quadro de professores efetivos da rede p\u00fablica estadual de ensino de Mato Grosso. Encontra-se no curso de doutorado pela Universidade Federal de Pelotas, na linha de pesquisa &#8220;Curr\u00edculo, Profissionaliza\u00e7\u00e3o e Trabalho Docente&#8221; da Faculdade de Educa\u00e7\u00e3o, sob a orienta\u00e7\u00e3o do Professor Doutor \u00c1lvaro M. Hypolito.<br \/>\n<a href=\"http:\/\/lattes.cnpq.br\/3703798312527995\">http:\/\/lattes.cnpq.br\/3703798312527995<\/a><\/h5>\n<h5><em><span style=\"font-size: 12pt;\"><strong>Ms. Patr\u00edcia de Faria Ferreira<\/strong><\/span><br \/>\n<\/em>Possui Magist\u00e9rio (1998), gradua\u00e7\u00e3o em Matem\u00e1tica Licenciatura Plena pela Universidade Cat\u00f3lica de Pelotas (2002) e p\u00f3s gradua\u00e7\u00e3o n\u00edvel de especializa\u00e7\u00e3o em Matem\u00e1tica e Linguagem pela Universidade Federal de Pelotas (2009). Mestre em Ensino de Ci\u00eancias e Matem\u00e1tica pela Universidade Federal de Pelotas (2016). Professora da Rede Estadual do Rio Grande do Sul (2002). Experi\u00eancia na sala de aula com s\u00e9ries iniciais e Matem\u00e1tica Ensino Fundamental e M\u00e9dio. Atualmente (em Permuta estado-munic\u00edpio) \u00e9 Coordenadora Pedag\u00f3gica na Secretaria Municipal de Educa\u00e7\u00e3o de Herval\/RS. Tem experi\u00eancia na \u00e1rea de Educa\u00e7\u00e3o, com \u00eanfase em Educa\u00e7\u00e3o Matem\u00e1tica. Doutoranda no Programa de P\u00f3s-Gradua\u00e7\u00e3o em Educa\u00e7\u00e3o na Universidade Federal de Pelotas. <em><br \/>\n<\/em><a href=\"http:\/\/lattes.cnpq.br\/3192675268249396\">http:\/\/lattes.cnpq.br\/3192675268249396<\/a><em><br \/>\n<\/em><\/h5>\n","protected":false},"excerpt":{"rendered":"<p>Ms. Ana Claudia Venturin da Costa Doutoranda em Educa\u00e7\u00e3o pela Universidade Federal de Pelotas &#8211; UFPEL. Mestre em Administra\u00e7\u00e3o pela Faculdade de Estudos Administrativos de Minas Gerais &#8211; FEAD. Especialista em Contabilidade Tribut\u00e1ria pela Faculdade de Rolim de Moura. Possui gradua\u00e7\u00e3o em Ci\u00eancias Cont\u00e1beis pela Universidade Federal de Rond\u00f4nia. Professora efetiva no curso de Administra\u00e7\u00e3o &hellip; <\/p>\n<p><a class=\"more-link btn\" href=\"https:\/\/wp.ufpel.edu.br\/cepe\/pesquisadores\/doutorado\/\">Continue lendo<\/a><\/p>\n","protected":false},"author":297,"featured_media":0,"parent":11,"menu_order":0,"comment_status":"closed","ping_status":"closed","template":"","meta":{"footnotes":""},"class_list":["post-27","page","type-page","status-publish","hentry","nodate","item-wrap"],"jetpack_sharing_enabled":true,"_links":{"self":[{"href":"https:\/\/wp.ufpel.edu.br\/cepe\/wp-json\/wp\/v2\/pages\/27","targetHints":{"allow":["GET"]}}],"collection":[{"href":"https:\/\/wp.ufpel.edu.br\/cepe\/wp-json\/wp\/v2\/pages"}],"about":[{"href":"https:\/\/wp.ufpel.edu.br\/cepe\/wp-json\/wp\/v2\/types\/page"}],"author":[{"embeddable":true,"href":"https:\/\/wp.ufpel.edu.br\/cepe\/wp-json\/wp\/v2\/users\/297"}],"replies":[{"embeddable":true,"href":"https:\/\/wp.ufpel.edu.br\/cepe\/wp-json\/wp\/v2\/comments?post=27"}],"version-history":[{"count":12,"href":"https:\/\/wp.ufpel.edu.br\/cepe\/wp-json\/wp\/v2\/pages\/27\/revisions"}],"predecessor-version":[{"id":690,"href":"https:\/\/wp.ufpel.edu.br\/cepe\/wp-json\/wp\/v2\/pages\/27\/revisions\/690"}],"up":[{"embeddable":true,"href":"https:\/\/wp.ufpel.edu.br\/cepe\/wp-json\/wp\/v2\/pages\/11"}],"wp:attachment":[{"href":"https:\/\/wp.ufpel.edu.br\/cepe\/wp-json\/wp\/v2\/media?parent=27"}],"curies":[{"name":"wp","href":"https:\/\/api.w.org\/{rel}","templated":true}]}}