{"id":9,"date":"2014-07-25T10:03:27","date_gmt":"2014-07-25T13:03:27","guid":{"rendered":"https:\/\/wp.ufpel.edu.br\/centralanaliticaquimica\/?page_id=9"},"modified":"2014-07-28T10:21:03","modified_gmt":"2014-07-28T13:21:03","slug":"absorcao-atomica","status":"publish","type":"page","link":"https:\/\/wp.ufpel.edu.br\/centralanaliticaquimica\/equipamentos\/absorcao-atomica\/","title":{"rendered":"Absor\u00e7\u00e3o At\u00f4mica"},"content":{"rendered":"<p>&nbsp;<\/p>\n<p><a href=\"https:\/\/wp.ufpel.edu.br\/centralanaliticaquimica\/files\/2014\/07\/20140414_095416.jpg\"><img class=\"alignnone size-medium wp-image-11\" src=\"https:\/\/wp.ufpel.edu.br\/centralanaliticaquimica\/files\/2014\/07\/20140414_095416-424x318.jpg\" alt=\"20140414_095416\" width=\"424\" height=\"318\" srcset=\"https:\/\/wp.ufpel.edu.br\/centralanaliticaquimica\/files\/2014\/07\/20140414_095416-424x318.jpg 424w, https:\/\/wp.ufpel.edu.br\/centralanaliticaquimica\/files\/2014\/07\/20140414_095416-212x159.jpg 212w, https:\/\/wp.ufpel.edu.br\/centralanaliticaquimica\/files\/2014\/07\/20140414_095416.jpg 1600w\" sizes=\"(max-width: 424px) 100vw, 424px\" \/><\/a><\/p>\n<p><strong>Espectr\u00f4metro de Absor\u00e7\u00e3o At\u00f4mica (AAS) &#8211; Shimadzu<\/strong><\/p>\n<p>A t\u00e9cnica de espectrometria de absor\u00e7\u00e3o at\u00f4mica fundamenta-se na absor\u00e7\u00e3o de energia radiante, quando um feixe de luz com comprimento de onda igual ao elemento a ser analisado atravessa o atomizador, e parte dessa energia \u00e9 absorvida por ele; a diminui\u00e7\u00e3o da intensidade da luz que chega \u00e0 c\u00e9lula \u00e9 usada para quantificar o elemento. Esta t\u00e9cnica \u00e9 indicada para an\u00e1lises de metais em n\u00edvel de tra\u00e7o nos mais diversos tipos de matrizes, como \u00e1gua e efluentes, tecidos vegetais, solos, alimentos e materiais tecnol\u00f3gicos.<\/p>\n<p>&nbsp;<\/p>\n<p><strong>Links relacionados com o princ\u00edpio da t\u00e9cnica e aplica\u00e7\u00f5es:<\/strong><\/p>\n<p><a href=\"http:\/\/www.shimadzu.com.br\/analitica\/noticias\/seminarios\/seminario_de_quimica-cc_e_ctgas\/AAS-Fundamentos_e_Instrumentacao.pdf\">http:\/\/www.shimadzu.com.br\/analitica\/noticias\/seminarios\/seminario_de_quimica-cc_e_ctgas\/AAS-Fundamentos_e_Instrumentacao.pdf<\/a><\/p>\n","protected":false},"excerpt":{"rendered":"<p>&nbsp; Espectr\u00f4metro de Absor\u00e7\u00e3o At\u00f4mica (AAS) &#8211; Shimadzu A t\u00e9cnica de espectrometria de absor\u00e7\u00e3o at\u00f4mica fundamenta-se na absor\u00e7\u00e3o de energia radiante, quando um feixe de luz com comprimento de onda igual ao elemento a ser analisado atravessa o atomizador, e parte dessa energia \u00e9 absorvida por ele; a diminui\u00e7\u00e3o da intensidade da luz que chega [&hellip;]<\/p>\n","protected":false},"author":425,"featured_media":0,"parent":7,"menu_order":0,"comment_status":"closed","ping_status":"closed","template":"","meta":{"footnotes":""},"class_list":["post-9","page","type-page","status-publish","hentry"],"_links":{"self":[{"href":"https:\/\/wp.ufpel.edu.br\/centralanaliticaquimica\/wp-json\/wp\/v2\/pages\/9","targetHints":{"allow":["GET"]}}],"collection":[{"href":"https:\/\/wp.ufpel.edu.br\/centralanaliticaquimica\/wp-json\/wp\/v2\/pages"}],"about":[{"href":"https:\/\/wp.ufpel.edu.br\/centralanaliticaquimica\/wp-json\/wp\/v2\/types\/page"}],"author":[{"embeddable":true,"href":"https:\/\/wp.ufpel.edu.br\/centralanaliticaquimica\/wp-json\/wp\/v2\/users\/425"}],"replies":[{"embeddable":true,"href":"https:\/\/wp.ufpel.edu.br\/centralanaliticaquimica\/wp-json\/wp\/v2\/comments?post=9"}],"version-history":[{"count":4,"href":"https:\/\/wp.ufpel.edu.br\/centralanaliticaquimica\/wp-json\/wp\/v2\/pages\/9\/revisions"}],"predecessor-version":[{"id":70,"href":"https:\/\/wp.ufpel.edu.br\/centralanaliticaquimica\/wp-json\/wp\/v2\/pages\/9\/revisions\/70"}],"up":[{"embeddable":true,"href":"https:\/\/wp.ufpel.edu.br\/centralanaliticaquimica\/wp-json\/wp\/v2\/pages\/7"}],"wp:attachment":[{"href":"https:\/\/wp.ufpel.edu.br\/centralanaliticaquimica\/wp-json\/wp\/v2\/media?parent=9"}],"curies":[{"name":"wp","href":"https:\/\/api.w.org\/{rel}","templated":true}]}}