{"id":4,"date":"2014-07-25T09:51:58","date_gmt":"2014-07-25T12:51:58","guid":{"rendered":"https:\/\/wp.ufpel.edu.br\/centralanaliticaquimica\/?page_id=4"},"modified":"2025-12-09T11:33:15","modified_gmt":"2025-12-09T14:33:15","slug":"apresentacao","status":"publish","type":"page","link":"https:\/\/wp.ufpel.edu.br\/centralanaliticaquimica\/apresentacao\/","title":{"rendered":"Apresenta\u00e7\u00e3o"},"content":{"rendered":"<p><a href=\"https:\/\/wp.ufpel.edu.br\/centralanaliticaquimica\/files\/2014\/07\/Sem-t\u00edtulo.png\"><img class=\"alignnone size-medium wp-image-45\" src=\"https:\/\/wp.ufpel.edu.br\/centralanaliticaquimica\/files\/2014\/07\/Sem-t\u00edtulo-424x165.png\" alt=\"Sem t\u00edtulo\" width=\"424\" height=\"165\" srcset=\"https:\/\/wp.ufpel.edu.br\/centralanaliticaquimica\/files\/2014\/07\/Sem-t\u00edtulo-424x165.png 424w, https:\/\/wp.ufpel.edu.br\/centralanaliticaquimica\/files\/2014\/07\/Sem-t\u00edtulo-212x82.png 212w, https:\/\/wp.ufpel.edu.br\/centralanaliticaquimica\/files\/2014\/07\/Sem-t\u00edtulo.png 712w\" sizes=\"(max-width: 424px) 100vw, 424px\" \/><\/a><\/p>\n<p>A Central Anal\u00edtica da UFPel (CA-UFPel) \u2013 M\u00f3dulo Qu\u00edmica \u00e9 um \u00f3rg\u00e3o da Universidade Federal de Pelotas, criado com recursos financeiros obtidos junto a Financiadora de Estudos e Projetos (Finep) do Governo Federal. Possui em sua estrutura equipamentos multiusu\u00e1rios, voltados para Projetos de Pesquisa, Desenvolvimento e Inova\u00e7\u00e3o (PD&amp;I) e presta\u00e7\u00e3o de servi\u00e7os. Sua gest\u00e3o e laborat\u00f3rios visam atender a comunidade Acad\u00eamica e Industrial, bem como outros \u00f3rg\u00e3os p\u00fablicos e privados, oferecendo um escopo de servi\u00e7os diferenciados e diversificados em an\u00e1lises de alta complexidade.<\/p>\n<p>Os equipamentos da CA-Quim est\u00e3o devidamente cadastrados na Plataforma Nacional de Infraestrutura e de Pesquisa &#8211;\u00a0<a href=\"https:\/\/pnipe.mcti.gov.br\/laboratory\/2980\" target=\"_blank\" rel=\"nofollow noopener noreferrer\">https:\/\/pnipe.mcti.gov.br\/laboratory\/2980<\/a>.<\/p>\n<p>O Comit\u00ea de Gest\u00e3o Multiusu\u00e1rio da Universidade Federal de Pelotas (UFPel) homologou o regimento interno da Central Anal\u00edtica &#8211; M\u00f3dulo Qu\u00edmica &#8211; de acordo com o regimento geral de laborat\u00f3rios multiusu\u00e1rios da UFPel e com as diretrizes do N\u00facleo de Planejamento e Infraestrutura em Pesquisa (NPIP) vinculado a Pr\u00f3-Reitoria de Pesquisa e P\u00f3s-Gradua\u00e7\u00e3o (PRPPG). O documento encontra-se dispon\u00edvel no site da CA-Quim.<\/p>\n<p><a href=\"https:\/\/wp.ufpel.edu.br\/centralanaliticaquimica\/files\/2025\/05\/SEI_3052221_Regimento_Interno.pdf\">SEI_3052221_Regimento_Interno<\/a><\/p>\n<p><a href=\"https:\/\/wp.ufpel.edu.br\/centralanaliticaquimica\/files\/2025\/12\/SEI_UFPel-3532350-Portaria-Interna.pdf\">SEI_UFPel &#8211; 3532350 &#8211; Portaria Interna<\/a><\/p>\n<p><a href=\"https:\/\/wp.ufpel.edu.br\/centralanaliticaquimica\/files\/2025\/12\/SEI_UFPel-3532416-Portaria-Interna.pdf\">SEI_UFPel &#8211; 3532416 &#8211; Portaria Interna<\/a><\/p>\n<p>&nbsp;<\/p>\n<p style=\"text-align: left;\"><strong>\u00d3rg\u00e3o Financiador:<\/strong><\/p>\n<p><a href=\"https:\/\/wp.ufpel.edu.br\/centralanaliticaquimica\/files\/2014\/07\/finep.jpg\"><img class=\"wp-image-66 aligncenter\" src=\"https:\/\/wp.ufpel.edu.br\/centralanaliticaquimica\/files\/2014\/07\/finep.jpg\" alt=\"finep\" width=\"164\" height=\"99\" srcset=\"https:\/\/wp.ufpel.edu.br\/centralanaliticaquimica\/files\/2014\/07\/finep.jpg 287w, https:\/\/wp.ufpel.edu.br\/centralanaliticaquimica\/files\/2014\/07\/finep-212x127.jpg 212w\" sizes=\"(max-width: 164px) 100vw, 164px\" \/><\/a><\/p>\n<p>&nbsp;<\/p>\n","protected":false},"excerpt":{"rendered":"<p>A Central Anal\u00edtica da UFPel (CA-UFPel) \u2013 M\u00f3dulo Qu\u00edmica \u00e9 um \u00f3rg\u00e3o da Universidade Federal de Pelotas, criado com recursos financeiros obtidos junto a Financiadora de Estudos e Projetos (Finep) do Governo Federal. Possui em sua estrutura equipamentos multiusu\u00e1rios, voltados para Projetos de Pesquisa, Desenvolvimento e Inova\u00e7\u00e3o (PD&amp;I) e presta\u00e7\u00e3o de servi\u00e7os. Sua gest\u00e3o e [&hellip;]<\/p>\n","protected":false},"author":425,"featured_media":0,"parent":0,"menu_order":1,"comment_status":"closed","ping_status":"closed","template":"","meta":{"footnotes":""},"class_list":["post-4","page","type-page","status-publish","hentry"],"_links":{"self":[{"href":"https:\/\/wp.ufpel.edu.br\/centralanaliticaquimica\/wp-json\/wp\/v2\/pages\/4","targetHints":{"allow":["GET"]}}],"collection":[{"href":"https:\/\/wp.ufpel.edu.br\/centralanaliticaquimica\/wp-json\/wp\/v2\/pages"}],"about":[{"href":"https:\/\/wp.ufpel.edu.br\/centralanaliticaquimica\/wp-json\/wp\/v2\/types\/page"}],"author":[{"embeddable":true,"href":"https:\/\/wp.ufpel.edu.br\/centralanaliticaquimica\/wp-json\/wp\/v2\/users\/425"}],"replies":[{"embeddable":true,"href":"https:\/\/wp.ufpel.edu.br\/centralanaliticaquimica\/wp-json\/wp\/v2\/comments?post=4"}],"version-history":[{"count":3,"href":"https:\/\/wp.ufpel.edu.br\/centralanaliticaquimica\/wp-json\/wp\/v2\/pages\/4\/revisions"}],"predecessor-version":[{"id":232,"href":"https:\/\/wp.ufpel.edu.br\/centralanaliticaquimica\/wp-json\/wp\/v2\/pages\/4\/revisions\/232"}],"wp:attachment":[{"href":"https:\/\/wp.ufpel.edu.br\/centralanaliticaquimica\/wp-json\/wp\/v2\/media?parent=4"}],"curies":[{"name":"wp","href":"https:\/\/api.w.org\/{rel}","templated":true}]}}