{"id":7329,"date":"2019-09-26T15:28:32","date_gmt":"2019-09-26T18:28:32","guid":{"rendered":"https:\/\/wp.ufpel.edu.br\/ceng\/?page_id=7329"},"modified":"2019-10-02T16:36:48","modified_gmt":"2019-10-02T19:36:48","slug":"ceng-cotada","status":"publish","type":"page","link":"https:\/\/wp.ufpel.edu.br\/ceng\/ceng-cotada\/","title":{"rendered":"CEng &#8211; Cotada"},"content":{"rendered":"<p>Gostaria de falar com algu\u00e9m em espec\u00edfico? Ligue para o telefone das salas do pr\u00e9dio Cotada dispon\u00edveis abaixo!<\/p>\n<p><a href=\"https:\/\/wp.ufpel.edu.br\/ceng\/files\/2019\/10\/Contatos-Cotada.png\"><img class=\"aligncenter size-full wp-image-7355\" src=\"https:\/\/wp.ufpel.edu.br\/ceng\/files\/2019\/10\/Contatos-Cotada.png\" alt=\"\" width=\"507\" height=\"492\" srcset=\"https:\/\/wp.ufpel.edu.br\/ceng\/files\/2019\/10\/Contatos-Cotada.png 507w, https:\/\/wp.ufpel.edu.br\/ceng\/files\/2019\/10\/Contatos-Cotada-400x388.png 400w\" sizes=\"(max-width: 507px) 100vw, 507px\" \/><\/a><\/p>\n","protected":false},"excerpt":{"rendered":"<p>Gostaria de falar com algu\u00e9m em espec\u00edfico? Ligue para o telefone das salas do pr\u00e9dio Cotada dispon\u00edveis abaixo!<\/p>\n","protected":false},"author":67,"featured_media":0,"parent":0,"menu_order":0,"comment_status":"closed","ping_status":"closed","template":"","meta":{"footnotes":""},"class_list":["post-7329","page","type-page","status-publish","hentry"],"publishpress_future_action":{"enabled":false,"date":"2026-04-19 17:12:20","action":"change-status","newStatus":"draft","terms":[],"taxonomy":"","extraData":[]},"publishpress_future_workflow_manual_trigger":{"enabledWorkflows":[]},"_links":{"self":[{"href":"https:\/\/wp.ufpel.edu.br\/ceng\/wp-json\/wp\/v2\/pages\/7329","targetHints":{"allow":["GET"]}}],"collection":[{"href":"https:\/\/wp.ufpel.edu.br\/ceng\/wp-json\/wp\/v2\/pages"}],"about":[{"href":"https:\/\/wp.ufpel.edu.br\/ceng\/wp-json\/wp\/v2\/types\/page"}],"author":[{"embeddable":true,"href":"https:\/\/wp.ufpel.edu.br\/ceng\/wp-json\/wp\/v2\/users\/67"}],"replies":[{"embeddable":true,"href":"https:\/\/wp.ufpel.edu.br\/ceng\/wp-json\/wp\/v2\/comments?post=7329"}],"version-history":[{"count":3,"href":"https:\/\/wp.ufpel.edu.br\/ceng\/wp-json\/wp\/v2\/pages\/7329\/revisions"}],"predecessor-version":[{"id":7354,"href":"https:\/\/wp.ufpel.edu.br\/ceng\/wp-json\/wp\/v2\/pages\/7329\/revisions\/7354"}],"wp:attachment":[{"href":"https:\/\/wp.ufpel.edu.br\/ceng\/wp-json\/wp\/v2\/media?parent=7329"}],"curies":[{"name":"wp","href":"https:\/\/api.w.org\/{rel}","templated":true}]}}