{"id":671,"date":"2014-10-09T09:00:41","date_gmt":"2014-10-09T12:00:41","guid":{"rendered":"https:\/\/wp.ufpel.edu.br\/ceng\/?page_id=671"},"modified":"2014-10-09T14:40:20","modified_gmt":"2014-10-09T17:40:20","slug":"solicitacao-de-reserva-de-laboratorios","status":"publish","type":"page","link":"https:\/\/wp.ufpel.edu.br\/ceng\/labinf\/solicitacao-de-reserva-de-laboratorios\/","title":{"rendered":"Solicita\u00e7\u00e3o de Reserva de Laborat\u00f3rios"},"content":{"rendered":"<p>O formul\u00e1rio abaixo registra uma solicita\u00e7\u00e3o que ser\u00e1 enviada para o respons\u00e1vel do laborat\u00f3rio que foi solicitado.<\/p>\n<p>No campo de Per\u00edodo \/ Hor\u00e1rio, informe a data e hor\u00e1rio ou per\u00edodos que pretende utilizar o laborat\u00f3rio.<\/p>\n<p>&nbsp;<\/p>\n\n<!-- iframe plugin v.6.0 wordpress.org\/plugins\/iframe\/ -->\n<iframe src=\"https:\/\/docs.google.com\/forms\/d\/1KNqG7ZYDkJO5Xpyz2SgUBHwYhsLB06b-qiH_bvUSijg\/viewform?embedded=true\" width=\"760\" height=\"500\" frameborder=\"0\" marginheight=\"0\" marginwidth=\"0\" scrolling=\"auto\" class=\"iframe-class\"><\/iframe>\n\n","protected":false},"excerpt":{"rendered":"<p>O formul\u00e1rio abaixo registra uma solicita\u00e7\u00e3o que ser\u00e1 enviada para o respons\u00e1vel do laborat\u00f3rio que foi solicitado. No campo de Per\u00edodo \/ Hor\u00e1rio, informe a data e hor\u00e1rio ou per\u00edodos que pretende utilizar o laborat\u00f3rio. &nbsp;<\/p>\n","protected":false},"author":67,"featured_media":0,"parent":562,"menu_order":0,"comment_status":"closed","ping_status":"open","template":"","meta":{"footnotes":""},"class_list":["post-671","page","type-page","status-publish","hentry"],"publishpress_future_action":{"enabled":false,"date":"2026-05-05 06:28:52","action":"change-status","newStatus":"draft","terms":[],"taxonomy":"","extraData":[]},"publishpress_future_workflow_manual_trigger":{"enabledWorkflows":[]},"_links":{"self":[{"href":"https:\/\/wp.ufpel.edu.br\/ceng\/wp-json\/wp\/v2\/pages\/671","targetHints":{"allow":["GET"]}}],"collection":[{"href":"https:\/\/wp.ufpel.edu.br\/ceng\/wp-json\/wp\/v2\/pages"}],"about":[{"href":"https:\/\/wp.ufpel.edu.br\/ceng\/wp-json\/wp\/v2\/types\/page"}],"author":[{"embeddable":true,"href":"https:\/\/wp.ufpel.edu.br\/ceng\/wp-json\/wp\/v2\/users\/67"}],"replies":[{"embeddable":true,"href":"https:\/\/wp.ufpel.edu.br\/ceng\/wp-json\/wp\/v2\/comments?post=671"}],"version-history":[{"count":4,"href":"https:\/\/wp.ufpel.edu.br\/ceng\/wp-json\/wp\/v2\/pages\/671\/revisions"}],"predecessor-version":[{"id":701,"href":"https:\/\/wp.ufpel.edu.br\/ceng\/wp-json\/wp\/v2\/pages\/671\/revisions\/701"}],"up":[{"embeddable":true,"href":"https:\/\/wp.ufpel.edu.br\/ceng\/wp-json\/wp\/v2\/pages\/562"}],"wp:attachment":[{"href":"https:\/\/wp.ufpel.edu.br\/ceng\/wp-json\/wp\/v2\/media?parent=671"}],"curies":[{"name":"wp","href":"https:\/\/api.w.org\/{rel}","templated":true}]}}