{"id":668,"date":"2014-10-09T08:49:52","date_gmt":"2014-10-09T11:49:52","guid":{"rendered":"https:\/\/wp.ufpel.edu.br\/ceng\/?page_id=668"},"modified":"2014-10-09T10:04:19","modified_gmt":"2014-10-09T13:04:19","slug":"laboratorio-de-programacao-e-simulacao","status":"publish","type":"page","link":"https:\/\/wp.ufpel.edu.br\/ceng\/labinf\/laboratorio-de-programacao-e-simulacao\/","title":{"rendered":"Laborat\u00f3rio de Programa\u00e7\u00e3o e Simula\u00e7\u00e3o"},"content":{"rendered":"<p>Incluir foto<\/p>\n<p>Total de computadores<\/p>\n<p>Sistema Operacional<\/p>\n<p>Aplicativos instalados<\/p>\n<p>Grade de Hor\u00e1rios (Agenda do Google)<\/p>\n\n<!-- iframe plugin v.6.0 wordpress.org\/plugins\/iframe\/ -->\n<iframe 0 1=\"\/&gt;\" src=\"https:\/\/www.google.com\/calendar\/embed?src=gjapg30usrsqe6ialfjl1dvpv4%40group.calendar.google.com&#038;ctz=America\/Sao_Paulo\" width=\"760\" height=\"500\" frameborder=\"0\" marginheight=\"0\" marginwidth=\"0\" scrolling=\"auto\" class=\"iframe-class\"><\/iframe>\n\n","protected":false},"excerpt":{"rendered":"<p>Incluir foto Total de computadores Sistema Operacional Aplicativos instalados Grade de Hor\u00e1rios (Agenda do Google)<\/p>\n","protected":false},"author":67,"featured_media":0,"parent":562,"menu_order":0,"comment_status":"closed","ping_status":"open","template":"","meta":{"footnotes":""},"class_list":["post-668","page","type-page","status-publish","hentry"],"publishpress_future_action":{"enabled":false,"date":"2026-05-04 10:09:05","action":"change-status","newStatus":"draft","terms":[],"taxonomy":"","extraData":[]},"publishpress_future_workflow_manual_trigger":{"enabledWorkflows":[]},"_links":{"self":[{"href":"https:\/\/wp.ufpel.edu.br\/ceng\/wp-json\/wp\/v2\/pages\/668","targetHints":{"allow":["GET"]}}],"collection":[{"href":"https:\/\/wp.ufpel.edu.br\/ceng\/wp-json\/wp\/v2\/pages"}],"about":[{"href":"https:\/\/wp.ufpel.edu.br\/ceng\/wp-json\/wp\/v2\/types\/page"}],"author":[{"embeddable":true,"href":"https:\/\/wp.ufpel.edu.br\/ceng\/wp-json\/wp\/v2\/users\/67"}],"replies":[{"embeddable":true,"href":"https:\/\/wp.ufpel.edu.br\/ceng\/wp-json\/wp\/v2\/comments?post=668"}],"version-history":[{"count":5,"href":"https:\/\/wp.ufpel.edu.br\/ceng\/wp-json\/wp\/v2\/pages\/668\/revisions"}],"predecessor-version":[{"id":681,"href":"https:\/\/wp.ufpel.edu.br\/ceng\/wp-json\/wp\/v2\/pages\/668\/revisions\/681"}],"up":[{"embeddable":true,"href":"https:\/\/wp.ufpel.edu.br\/ceng\/wp-json\/wp\/v2\/pages\/562"}],"wp:attachment":[{"href":"https:\/\/wp.ufpel.edu.br\/ceng\/wp-json\/wp\/v2\/media?parent=668"}],"curies":[{"name":"wp","href":"https:\/\/api.w.org\/{rel}","templated":true}]}}