{"id":5872,"date":"2019-06-06T15:47:38","date_gmt":"2019-06-06T18:47:38","guid":{"rendered":"https:\/\/wp.ufpel.edu.br\/ceng\/?page_id=5872"},"modified":"2021-06-24T16:30:44","modified_gmt":"2021-06-24T19:30:44","slug":"grupos-de-pesquisa","status":"publish","type":"page","link":"https:\/\/wp.ufpel.edu.br\/ceng\/camaras\/pesquisa\/grupos-de-pesquisa\/","title":{"rendered":"Grupos de Pesquisa"},"content":{"rendered":"<h4>Grupos de Pesquisa do Centro de Engenharias cadastrados no CNPq:<\/h4>\n<p><strong>An\u00e1lise Ambiental<\/strong><br \/>\nCoordenador: Robson Andreazza<br \/>\nP\u00e1gina de acesso: <a href=\"http:\/\/dgp.cnpq.br\/dgp\/espelhogrupo\/486197\">http:\/\/dgp.cnpq.br\/dgp\/espelhogrupo\/486197<\/a><\/p>\n<p><strong>Ci\u00eancia da Madeira<\/strong><br \/>\nCoordenador: Darci Alberto Gatto<br \/>\nCoord. Adjunto: Rafael Beltrame<br \/>\nP\u00e1gina de acesso: <a href=\"http:\/\/dgp.cnpq.br\/dgp\/espelhogrupo\/1698122724722894\">http:\/\/dgp.cnpq.br\/dgp\/espelhogrupo\/1698122724722894<\/a><\/p>\n<p><strong>Comunica\u00e7\u00e3o, Cultura, Tecnologias e Modos de Subjetiva\u00e7\u00e3o<br \/>\n<\/strong>L\u00edder(es) do grupo: Ros\u00e1ria Ilgenfritz Sperotto,\u00a0Tiago Thompsen Primo<br \/>\nEspelho:\u00a0<a href=\"http:\/\/dgp.cnpq.br\/dgp\/espelhogrupo\/42098\">http:\/\/dgp.cnpq.br\/dgp\/espelhogrupo\/42098<\/a><\/p>\n<p><strong>CrIE &#8211; Laborat\u00f3rio de Criatividade e Inova\u00e7\u00e3o para Educa\u00e7\u00e3o<\/strong><br \/>\nL\u00edder(es) do grupo: Cristian Cechinel,\u00a0Tiago Thompsen Primo<br \/>\nEspelho: <a href=\"http:\/\/dgp.cnpq.br\/dgp\/espelhogrupo\/333027\">http:\/\/dgp.cnpq.br\/dgp\/espelhogrupo\/333027<\/a><\/p>\n<p><strong>Educa\u00e7\u00e3o Ambiental para a sustentabilidade<\/strong><br \/>\nL\u00edder do Grupo: Luciara Bilhalva Correa<br \/>\nEspelho:\u00a0<a href=\"http:\/\/dgp.cnpq.br\/dgp\/espelhogrupo\/6114006506386529\">http:\/\/dgp.cnpq.br\/dgp\/espelhogrupo\/6114006506386529<\/a><\/p>\n<p><strong>Engenharia Ambiental e de Energia<\/strong><br \/>\nL\u00edder do Grupo: Bruno M\u00fcller Vieira<br \/>\nEspelho:\u00a0<a href=\"http:\/\/dgp.cnpq.br\/dgp\/espelhogrupo\/565665\">http:\/\/dgp.cnpq.br\/dgp\/espelhogrupo\/565665<\/a><\/p>\n<p><strong>Engenharia de Biossistemas<\/strong><br \/>\nL\u00edder do Grupo: Prof. Dr. \u00c1damo de Sousa Ara\u00fajo<br \/>\nP\u00e1gina de acesso: <a href=\"http:\/\/dgp.cnpq.br\/dgp\/espelhogrupo\/5734880586118932\">http:\/\/dgp.cnpq.br\/dgp\/espelhogrupo\/5734880586118932<\/a><\/p>\n<p><strong>Engenharia de Produ\u00e7\u00e3o de Petr\u00f3leo<br \/>\n<\/strong>L\u00edder do Grupo: Forlan La Rosa Almeida<br \/>\nP\u00e1gina de acesso: <a href=\"http:\/\/dgp.cnpq.br\/dgp\/espelhogrupo\/5904849763335248\" target=\"_blank\" rel=\"noopener noreferrer\" data-saferedirecturl=\"https:\/\/www.google.com\/url?q=http:\/\/dgp.cnpq.br\/dgp\/espelhogrupo\/5904849763335248&amp;source=gmail&amp;ust=1587651413149000&amp;usg=AFQjCNG-hrd4B3WbENwn30vXNvLKhCy8FA\">dgp.cnpq.br\/dgp\/espelhogrupo\/5904849763335248<\/a><\/p>\n<p><strong>Ensino de Engenharia<\/strong><br \/>\nL\u00edder do grupo: Maurizio Silveira Quadro<br \/>\nEspelho:\u00a0<a href=\"http:\/\/dgp.cnpq.br\/dgp\/espelhogrupo\/595287\">http:\/\/dgp.cnpq.br\/dgp\/espelhogrupo\/595287<\/a><\/p>\n<p><strong>Evolu\u00e7\u00e3o Geol\u00f3gica e Recursos Minerais<\/strong><br \/>\nCoordenador: Viter Magalh\u00e3es Pinto<br \/>\nP\u00e1gina de acesso: <a href=\"http:\/\/dgp.cnpq.br\/dgp\/espelhogrupo\/2283219356946510\">http:\/\/dgp.cnpq.br\/dgp\/espelhogrupo\/2283219356946510<\/a><\/p>\n<p><strong>Explora\u00e7\u00e3o e Produ\u00e7\u00e3o de Petr\u00f3leo &#8211; UFPel<\/strong><br \/>\nL\u00edder(es) do grupo: Valmir Francisco Risso,\u00a0Forlan La Rosa Almeida<br \/>\nEspelho: <a href=\"http:\/\/dgp.cnpq.br\/dgp\/espelhogrupo\/1666143247531573\">http:\/\/dgp.cnpq.br\/dgp\/espelhogrupo\/1666143247531573<\/a><\/p>\n<p><strong>Geomec\u00e2nica e Geologia de Engenharia<\/strong><br \/>\nCoordenadora: Paola Bruno Arab<br \/>\nP\u00e1gina de acesso: <a href=\"http:\/\/dgp.cnpq.br\/dgp\/espelhogrupo\/313965\">http:\/\/dgp.cnpq.br\/dgp\/espelhogrupo\/313965<\/a><\/p>\n<p><strong>Geologia e Geoqu\u00edmica do Petr\u00f3leo<\/strong><br \/>\nCoordenador: Giovani Matte Cioccari<br \/>\nP\u00e1gina de acesso: <a href=\"http:\/\/dgp.cnpq.br\/dgp\/espelhogrupo\/7685802036743869\">http:\/\/dgp.cnpq.br\/dgp\/espelhogrupo\/7685802036743869<\/a><\/p>\n<p><strong>Geologia Sedimentar &#8211; GeoSed.<\/strong><br \/>\nL\u00edder: Camile Urban<br \/>\nL\u00edder adjunto: \u00c1quila Ferreira Mesquita.<br \/>\nP\u00e1gina de acesso: <a href=\"http:\/\/dgp.cnpq.br\/dgp\/espelhogrupo\/5555040254209231\">http:\/\/dgp.cnpq.br\/dgp\/espelhogrupo\/5555040254209231<\/a><\/p>\n<p><strong>Gest\u00e3o de Res\u00edduos S\u00f3lidos<\/strong><br \/>\nL\u00edder do grupo: \u00c9rico Kunde Correa<br \/>\nEspelho: <a href=\"http:\/\/dgp.cnpq.br\/dgp\/espelhogrupo\/5766598140235276\">http:\/\/dgp.cnpq.br\/dgp\/espelhogrupo\/5766598140235276<\/a><\/p>\n<p><strong>Grupo de Estudos em Antenas, Eletromagnetismo Aplicado e Comunica\u00e7\u00f5es<\/strong><br \/>\nL\u00edder do Grupo: Maiquel dos Santos Canabarro<br \/>\nP\u00e1gina de acesso:\u00a0<a href=\"http:\/\/dgp.cnpq.br\/dgp\/espelhogrupo\/7978574273834347\">http:\/\/dgp.cnpq.br\/dgp\/espelhogrupo\/7978574273834347<\/a><\/p>\n<p><strong>Gsic \u2013 Grupo de sistema inteligentes e controle<\/strong><br \/>\nCoordenador: Sigmar de Lima<br \/>\nP\u00e1gina de acesso:\u00a0<a href=\"http:\/\/dgp.cnpq.br\/dgp\/espelhogrupo\/6809253372164473\">http:\/\/dgp.cnpq.br\/dgp\/espelhogrupo\/6809253372164473<\/a><\/p>\n<p><strong>Inova\u00e7\u00e3o em Estruturas e Materiais para um Ambiente Constru\u00eddo Sustent\u00e1vel (IEMACS)<\/strong><br \/>\nPrimeiro L\u00edder do Grupo: Jorge Rodrigues<br \/>\nSegundo L\u00edder do Grupo: Guilherme Hoehr Trindade<br \/>\nP\u00e1gina de acesso: <a href=\"http:\/\/dgp.cnpq.br\/dgp\/espelhogrupo\/4509809830624530\" target=\"_blank\" rel=\"noopener noreferrer\" data-saferedirecturl=\"https:\/\/www.google.com\/url?q=http:\/\/dgp.cnpq.br\/dgp\/espelhogrupo\/4509809830624530&amp;source=gmail&amp;ust=1561481007808000&amp;usg=AFQjCNGZJcPKbfi-gmcNKRpiYSK-jsO9jA\">dgp.cnpq.br\/dgp\/espelhogrupo\/4509809830624530<\/a><\/p>\n<p><strong>Inova\u00e7\u00f5es em Materiais &#8211; Inovamat<br \/>\n<label class=\"control-label\">L\u00edder(es) do grupo:\u00a0<\/label><\/strong>Hebert Luis Rossetto<br \/>\n<strong>Espelho:<\/strong>\u00a0<a href=\"http:\/\/dgp.cnpq.br\/dgp\/espelhogrupo\/676413\">http:\/\/dgp.cnpq.br\/dgp\/espelhogrupo\/676413<\/a><\/p>\n<p><strong>Materiais Lignocelul\u00f3sicos<\/strong><br \/>\nL\u00edderes do grupo: Andr\u00e9 Luiz Missio,\u00a0Rafael de Avila Delucis<br \/>\nEspelho:\u00a0<a href=\"http:\/\/dgp.cnpq.br\/dgp\/espelhogrupo\/639386\">http:\/\/dgp.cnpq.br\/dgp\/espelhogrupo\/639386<\/a><\/p>\n<p><strong>Modelagem, metodologia e implementa\u00e7\u00e3o computacional<br \/>\n<\/strong>L\u00edder do grupo: Marcelo Schramm<br \/>\nEspelho:\u00a0<a href=\"http:\/\/dgp.cnpq.br\/dgp\/espelhogrupo\/7217059827460396\">http:\/\/dgp.cnpq.br\/dgp\/espelhogrupo\/7217059827460396<\/a><\/p>\n<p><strong>NEAI 4.0 (N\u00facleo de Estudos Aplicados em Ind\u00fastria 4.0)<\/strong><br \/>\nPrimeiro L\u00edder: Prof. Aline Soares Pereira (UFPel)<br \/>\nSegundo L\u00edder: Prof. Vagner Pinto da Silva (IFSul)<br \/>\nP\u00e1gina de acesso: <a href=\"http:\/\/dgp.cnpq.br\/dgp\/espelhogrupo\/497997\">http:\/\/dgp.cnpq.br\/dgp\/espelhogrupo\/497997<\/a><\/p>\n<p><strong>N\u00facleo de Inova\u00e7\u00e3o e Pesquisa em Engenharia de Produ\u00e7\u00e3o (NIPEP)<\/strong><br \/>\nL\u00edder(es) do grupo: Rog\u00e9rio Royer, Ariane Ferreira Porto Rosa<br \/>\nEspelho:\u00a0<a href=\"http:\/\/dgp.cnpq.br\/dgp\/espelhogrupo\/9364709860383299\">http:\/\/dgp.cnpq.br\/dgp\/espelhogrupo\/9364709860383299<\/a><\/p>\n<p><strong>NUMESA \u2013 N\u00facleo Multidisciplinar de Ergonomia, Seguran\u00e7a e Acessibilidade<\/strong><br \/>\nCoordenador: Luis Antonio dos Santos Franz<br \/>\nCoord. Adjunto: Isabela Fernandes Andrade<br \/>\nP\u00e1gina de acesso: <a href=\"http:\/\/dgp.cnpq.br\/dgp\/espelhogrupo\/6922865945486631\">http:\/\/dgp.cnpq.br\/dgp\/espelhogrupo\/6922865945486631<\/a><\/p>\n<p><strong>Percursos Po\u00e9ticos: procedimentos e grafias na contemporaneidade<br \/>\n<\/strong>L\u00edder(es) do grupo: Angela Raffin Pohlmann, Reginaldo da N\u00f3brega Tavares<br \/>\nEspelho: http:\/\/dgp.cnpq.br\/dgp\/espelhogrupo\/28787<\/p>\n<p><strong>Pol\u00edtica Internacional e Gest\u00e3o do Espa\u00e7o Oce\u00e2nico<\/strong><br \/>\nLinha de Pesquisa: Planejamento Espacial Marinho nos estudos de Coopera\u00e7\u00e3o em Seguran\u00e7a Internacional e Defesa Nacional<br \/>\nL\u00edderes: Etiene Villela Marroni (UFPel), Alexandre Rocha Violante (EGN), Eurico de Lima Figueiredo (UFF)<br \/>\nP\u00e1gina de acesso: <a href=\"http:\/\/dgp.cnpq.br\/dgp\/espelhogrupo\/8802331229144739\" target=\"_blank\" rel=\"noopener noreferrer\" data-saferedirecturl=\"https:\/\/www.google.com\/url?q=http:\/\/dgp.cnpq.br\/dgp\/espelhogrupo\/8802331229144739&amp;source=gmail&amp;ust=1570617594575000&amp;usg=AFQjCNE0XAl-PP_rx0gqUN-orKCoka78MA\">dgp.cnpq.br\/dgp\/espelhogrupo\/8802331229144739<\/a><\/p>\n<p><strong>Produ\u00e7\u00e3o Madeireira<\/strong><br \/>\nCoordenador: Leonardo da Silva Oliveira<br \/>\nCoord. Adjunto: \u00c9rika da Silva Ferreira<br \/>\nP\u00e1gina de acesso: <a href=\"http:\/\/dgp.cnpq.br\/dgp\/espelhogrupo\/24508\">http:\/\/dgp.cnpq.br\/dgp\/espelhogrupo\/24508<\/a><\/p>\n<p><strong>Saneamento Ambiental<\/strong><br \/>\nL\u00edder: Maurizio Silveira Quadro<br \/>\nEspelho: <a href=\"http:\/\/dgp.cnpq.br\/dgp\/espelhogrupo\/578104\">http:\/\/dgp.cnpq.br\/dgp\/espelhogrupo\/578104<\/a><\/p>\n<p><strong>Tecnologias e Solu\u00e7\u00f5es Sustent\u00e1veis<\/strong><br \/>\nL\u00edder: Rubia Flores Romani<br \/>\nP\u00e1gina de acesso: <a href=\"http:\/\/dgp.cnpq.br\/dgp\/espelhogrupo\/471859\">http:\/\/dgp.cnpq.br\/dgp\/espelhogrupo\/471859<\/a><\/p>\n<p><strong>VisioRob &#8211; Grupo de Pesquisa em Vis\u00e3o Computacional e Rob\u00f3tica<\/strong><br \/>\nL\u00edder: Marcelo Lemos Rossi<br \/>\nP\u00e1gina de Acesso: <a href=\"http:\/\/dgp.cnpq.br\/dgp\/espelhogrupo\/488177\">http:\/\/dgp.cnpq.br\/dgp\/espelhogrupo\/488177<\/a><\/p>\n","protected":false},"excerpt":{"rendered":"<p>Grupos de Pesquisa do Centro de Engenharias cadastrados no CNPq: An\u00e1lise Ambiental Coordenador: Robson Andreazza P\u00e1gina de acesso: http:\/\/dgp.cnpq.br\/dgp\/espelhogrupo\/486197 Ci\u00eancia da Madeira Coordenador: Darci Alberto Gatto Coord. Adjunto: Rafael Beltrame P\u00e1gina de acesso: http:\/\/dgp.cnpq.br\/dgp\/espelhogrupo\/1698122724722894 Comunica\u00e7\u00e3o, Cultura, Tecnologias e Modos de Subjetiva\u00e7\u00e3o L\u00edder(es) do grupo: Ros\u00e1ria Ilgenfritz Sperotto,\u00a0Tiago Thompsen Primo Espelho:\u00a0http:\/\/dgp.cnpq.br\/dgp\/espelhogrupo\/42098 CrIE &#8211; Laborat\u00f3rio de Criatividade [&hellip;]<\/p>\n","protected":false},"author":67,"featured_media":0,"parent":415,"menu_order":0,"comment_status":"closed","ping_status":"closed","template":"","meta":{"footnotes":""},"class_list":["post-5872","page","type-page","status-publish","hentry"],"publishpress_future_action":{"enabled":false,"date":"2026-05-03 21:16:48","action":"change-status","newStatus":"draft","terms":[],"taxonomy":"","extraData":[]},"publishpress_future_workflow_manual_trigger":{"enabledWorkflows":[]},"_links":{"self":[{"href":"https:\/\/wp.ufpel.edu.br\/ceng\/wp-json\/wp\/v2\/pages\/5872","targetHints":{"allow":["GET"]}}],"collection":[{"href":"https:\/\/wp.ufpel.edu.br\/ceng\/wp-json\/wp\/v2\/pages"}],"about":[{"href":"https:\/\/wp.ufpel.edu.br\/ceng\/wp-json\/wp\/v2\/types\/page"}],"author":[{"embeddable":true,"href":"https:\/\/wp.ufpel.edu.br\/ceng\/wp-json\/wp\/v2\/users\/67"}],"replies":[{"embeddable":true,"href":"https:\/\/wp.ufpel.edu.br\/ceng\/wp-json\/wp\/v2\/comments?post=5872"}],"version-history":[{"count":38,"href":"https:\/\/wp.ufpel.edu.br\/ceng\/wp-json\/wp\/v2\/pages\/5872\/revisions"}],"predecessor-version":[{"id":9638,"href":"https:\/\/wp.ufpel.edu.br\/ceng\/wp-json\/wp\/v2\/pages\/5872\/revisions\/9638"}],"up":[{"embeddable":true,"href":"https:\/\/wp.ufpel.edu.br\/ceng\/wp-json\/wp\/v2\/pages\/415"}],"wp:attachment":[{"href":"https:\/\/wp.ufpel.edu.br\/ceng\/wp-json\/wp\/v2\/media?parent=5872"}],"curies":[{"name":"wp","href":"https:\/\/api.w.org\/{rel}","templated":true}]}}