{"id":482,"date":"2014-05-19T12:56:38","date_gmt":"2014-05-19T15:56:38","guid":{"rendered":"https:\/\/wp.ufpel.edu.br\/ceng\/?page_id=482"},"modified":"2019-05-08T10:00:05","modified_gmt":"2019-05-08T13:00:05","slug":"ensino","status":"publish","type":"page","link":"https:\/\/wp.ufpel.edu.br\/ceng\/camaras\/ensino\/","title":{"rendered":"Ensino"},"content":{"rendered":"<p>A C\u00e2mara de Ensino \u00e9 composta pelos Coordenadores de Cursos de Gradua\u00e7\u00e3o, pelo Coordenador do N\u00facleo B\u00e1sico e pelo Diretor-adjunto, sob a\u00a0coordena\u00e7\u00e3o deste.<\/p>\n<p>Compete \u00e0 C\u00e2mara de Ensino:<br \/>\nI \u2013 articular e adequar a caracteriza\u00e7\u00e3o das disciplinas comuns a mais de um curso;<br \/>\nII \u2013 planejar a distribui\u00e7\u00e3o da carga hor\u00e1ria referentes a disciplinas comuns a mais de<br \/>\num curso;<br \/>\nIII &#8211; Prever a demanda de \u00e1rea f\u00edsica para salas de aula e outros espa\u00e7os did\u00e1ticos,<br \/>\npor semestre, em tempo h\u00e1bil, a ser encaminhada \u00e0 Dire\u00e7\u00e3o Adjunta<br \/>\nIV \u2013 solicitar ao Conselho do Centro vagas para docentes;<br \/>\nV \u2013 estabelecer crit\u00e9rios e distribuir cotas de bolsas de gradua\u00e7\u00e3o;<br \/>\nVI \u2013 apreciar e avaliar solicita\u00e7\u00f5es de projetos de ensino, prorroga\u00e7\u00f5es e relat\u00f3rios<br \/>\nfinais;<br \/>\nVII &#8211; elaborar seu Regimento Interno e suas normas de funcionamento.<\/p>\n<p>As reuni\u00f5es ordin\u00e1rias da C\u00e2mara de Ensino s\u00e3o na terceira sexta-feira \u00fatil de cada m\u00eas, \u00e0s 9h.<\/p>\n<p><a href=\"https:\/\/drive.google.com\/open?id=0B9b7AE9F7KpsQURPdFVXMi1PcUU\">Componentes &#8211; C\u00e2mara de Ensino &#8211; 2016<\/a><\/p>\n","protected":false},"excerpt":{"rendered":"<p>A C\u00e2mara de Ensino \u00e9 composta pelos Coordenadores de Cursos de Gradua\u00e7\u00e3o, pelo Coordenador do N\u00facleo B\u00e1sico e pelo Diretor-adjunto, sob a\u00a0coordena\u00e7\u00e3o deste. Compete \u00e0 C\u00e2mara de Ensino: I \u2013 articular e adequar a caracteriza\u00e7\u00e3o das disciplinas comuns a mais de um curso; II \u2013 planejar a distribui\u00e7\u00e3o da carga hor\u00e1ria referentes a disciplinas comuns [&hellip;]<\/p>\n","protected":false},"author":67,"featured_media":0,"parent":411,"menu_order":0,"comment_status":"closed","ping_status":"closed","template":"","meta":{"footnotes":""},"class_list":["post-482","page","type-page","status-publish","hentry"],"publishpress_future_action":{"enabled":false,"date":"2026-05-04 15:36:04","action":"change-status","newStatus":"draft","terms":[],"taxonomy":"","extraData":[]},"publishpress_future_workflow_manual_trigger":{"enabledWorkflows":[]},"_links":{"self":[{"href":"https:\/\/wp.ufpel.edu.br\/ceng\/wp-json\/wp\/v2\/pages\/482","targetHints":{"allow":["GET"]}}],"collection":[{"href":"https:\/\/wp.ufpel.edu.br\/ceng\/wp-json\/wp\/v2\/pages"}],"about":[{"href":"https:\/\/wp.ufpel.edu.br\/ceng\/wp-json\/wp\/v2\/types\/page"}],"author":[{"embeddable":true,"href":"https:\/\/wp.ufpel.edu.br\/ceng\/wp-json\/wp\/v2\/users\/67"}],"replies":[{"embeddable":true,"href":"https:\/\/wp.ufpel.edu.br\/ceng\/wp-json\/wp\/v2\/comments?post=482"}],"version-history":[{"count":9,"href":"https:\/\/wp.ufpel.edu.br\/ceng\/wp-json\/wp\/v2\/pages\/482\/revisions"}],"predecessor-version":[{"id":1465,"href":"https:\/\/wp.ufpel.edu.br\/ceng\/wp-json\/wp\/v2\/pages\/482\/revisions\/1465"}],"up":[{"embeddable":true,"href":"https:\/\/wp.ufpel.edu.br\/ceng\/wp-json\/wp\/v2\/pages\/411"}],"wp:attachment":[{"href":"https:\/\/wp.ufpel.edu.br\/ceng\/wp-json\/wp\/v2\/media?parent=482"}],"curies":[{"name":"wp","href":"https:\/\/api.w.org\/{rel}","templated":true}]}}

<p>A Câmara de Ensino é composta pelos Coordenadores de Cursos de Graduação, pelo Coordenador do Núcleo Básico e pelo Diretor-adjunto, sob a coordenação deste.</p>
<p>Compete à Câmara de Ensino:<br />
I – articular e adequar a caracterização das disciplinas comuns a mais de um curso;<br />
II – planejar a distribuição da carga horária referentes a disciplinas comuns a mais de<br />
um curso;<br />
III &#8211; Prever a demanda de área física para salas de aula e outros espaços didáticos,<br />
por semestre, em tempo hábil, a ser encaminhada à Direção Adjunta<br />
IV – solicitar ao Conselho do Centro vagas para docentes;<br />
V – estabelecer critérios e distribuir cotas de bolsas de graduação;<br />
VI – apreciar e avaliar solicitações de projetos de ensino, prorrogações e relatórios<br />
finais;<br />
VII &#8211; elaborar seu Regimento Interno e suas normas de funcionamento.</p>
<p>As reuniões ordinárias da Câmara de Ensino são na terceira sexta-feira útil de cada mês, às 9h.</p>
<p><a href="https://drive.google.com/open?id=0B9b7AE9F7KpsQURPdFVXMi1PcUU">Componentes &#8211; Câmara de Ensino &#8211; 2016</a></p>

<p>A Câmara de Ensino é composta pelos Coordenadores de Cursos de Graduação, pelo Coordenador do Núcleo Básico e pelo Diretor-adjunto, sob a coordenação deste. Compete à Câmara de Ensino: I – articular e adequar a caracterização das disciplinas comuns a mais de um curso; II – planejar a distribuição da carga horária referentes a disciplinas comuns [&hellip;]</p>
