{"id":415,"date":"2014-04-14T16:18:54","date_gmt":"2014-04-14T19:18:54","guid":{"rendered":"https:\/\/wp.ufpel.edu.br\/ceng\/?page_id=415"},"modified":"2019-09-11T11:17:19","modified_gmt":"2019-09-11T14:17:19","slug":"pesquisa","status":"publish","type":"page","link":"https:\/\/wp.ufpel.edu.br\/ceng\/camaras\/pesquisa\/","title":{"rendered":"Pesquisa"},"content":{"rendered":"<p>A C\u00e2mara de Pesquisa ser\u00e1 composta por:<br \/>\nI \u2013 um docente da \u00e1rea espec\u00edfica indicado pelo colegiado de cada curso de gradua\u00e7\u00e3o e de p\u00f3s-gradua\u00e7\u00e3o;<br \/>\nII \u2013 um docente representante de cada uma das \u00e1reas de forma\u00e7\u00e3o: b\u00e1sica e\u00a0profissionalizante, determinadas de acordo com prescrito no Anexo 1 do Regimento do CEng.<br \/>\n\u00a7 1\u00ba\u00a0\u2013 o coordenador da C\u00e2mara ser\u00e1 eleito entre os seus membros, de acordo com seu Regimento Interno, com mandato de dois anos, podendo ser reconduzido uma vez;<br \/>\n\u00a7 2\u00ba \u2013 os membros da C\u00e2mara e seus suplentes ter\u00e3o mandato de dois anos, podendo ser reconduzidos uma vez;<br \/>\n\u00a7 3\u00ba &#8211; os docentes representantes de \u00e1rea de forma\u00e7\u00e3o ser\u00e3o eleitos pela comunidade docente;<br \/>\n\u00a7 4\u00ba \u2013 os componentes da c\u00e2mara dever\u00e3o ser lotados no Centro de Engenharias.<\/p>\n<p>Compete \u00e0 C\u00e2mara de Pesquisa:<br \/>\nI \u2013 fomentar a pesquisa no Centro de Engenharias;<br \/>\nII \u2013 incentivar e orientar a cria\u00e7\u00e3o de grupos de pesquisa;<br \/>\nIII \u2013 informar e divulgar sobre editais e possibilidades de capta\u00e7\u00e3o de recurso;<br \/>\nIV \u2013 quantificar e divulgar as atividades de pesquisa do Centro;<br \/>\nV \u2013 estimular e apoiar os cursos e programas de p\u00f3s-gradua\u00e7\u00e3o existentes e a cria\u00e7\u00e3o de novos;<br \/>\nVI \u2013 apreciar e avaliar solicita\u00e7\u00f5es de projetos de pesquisa, prorroga\u00e7\u00f5es e relat\u00f3rios finais;<br \/>\nVII \u2013 elaborar seu Regimento Interno e suas normas de funcionamento.<\/p>\n<p><span style=\"font-size: 18pt\">Documentos<\/span><\/p>\n<p><a href=\"https:\/\/wp.ufpel.edu.br\/ceng\/files\/2019\/09\/Portaria-Interna-102_2019-CPesq-recomposi\u00e7\u00e3o.pdf\">Portaria 102\/2019<\/a>\u00a0do Centro de Engenharias da UFPEL que define os integrantes da C\u00e2mara de Pesquisa.<\/p>\n<p><a href=\"https:\/\/wp.ufpel.edu.br\/ceng\/files\/2019\/09\/SEI_UFPel-0697469-Portaria-Interna-Gizele-Coordenadora-Pro-tempore-CPesq.pdf\">Portaria 104\/2019<\/a> do Centro de Engenharias da UFPEL que nomeia a Coordenadora <em>Pr\u00f3-Tempore<\/em> da C\u00e2mara de Pesquisa.<\/p>\n<p><a href=\"https:\/\/drive.google.com\/file\/d\/0B9b7AE9F7KpsQTlyRWhsSXdNRkE\/view?usp=sharing\">Modelo Estruturado de Projeto de Pesquisa &#8211; conforme PRPPGI<\/a><\/p>\n","protected":false},"excerpt":{"rendered":"<p>A C\u00e2mara de Pesquisa ser\u00e1 composta por: I \u2013 um docente da \u00e1rea espec\u00edfica indicado pelo colegiado de cada curso de gradua\u00e7\u00e3o e de p\u00f3s-gradua\u00e7\u00e3o; II \u2013 um docente representante de cada uma das \u00e1reas de forma\u00e7\u00e3o: b\u00e1sica e\u00a0profissionalizante, determinadas de acordo com prescrito no Anexo 1 do Regimento do CEng. \u00a7 1\u00ba\u00a0\u2013 o coordenador [&hellip;]<\/p>\n","protected":false},"author":67,"featured_media":0,"parent":411,"menu_order":0,"comment_status":"closed","ping_status":"closed","template":"","meta":{"footnotes":""},"class_list":["post-415","page","type-page","status-publish","hentry"],"publishpress_future_action":{"enabled":false,"date":"2026-05-05 08:00:36","action":"change-status","newStatus":"draft","terms":[],"taxonomy":"","extraData":[]},"publishpress_future_workflow_manual_trigger":{"enabledWorkflows":[]},"_links":{"self":[{"href":"https:\/\/wp.ufpel.edu.br\/ceng\/wp-json\/wp\/v2\/pages\/415","targetHints":{"allow":["GET"]}}],"collection":[{"href":"https:\/\/wp.ufpel.edu.br\/ceng\/wp-json\/wp\/v2\/pages"}],"about":[{"href":"https:\/\/wp.ufpel.edu.br\/ceng\/wp-json\/wp\/v2\/types\/page"}],"author":[{"embeddable":true,"href":"https:\/\/wp.ufpel.edu.br\/ceng\/wp-json\/wp\/v2\/users\/67"}],"replies":[{"embeddable":true,"href":"https:\/\/wp.ufpel.edu.br\/ceng\/wp-json\/wp\/v2\/comments?post=415"}],"version-history":[{"count":18,"href":"https:\/\/wp.ufpel.edu.br\/ceng\/wp-json\/wp\/v2\/pages\/415\/revisions"}],"predecessor-version":[{"id":7240,"href":"https:\/\/wp.ufpel.edu.br\/ceng\/wp-json\/wp\/v2\/pages\/415\/revisions\/7240"}],"up":[{"embeddable":true,"href":"https:\/\/wp.ufpel.edu.br\/ceng\/wp-json\/wp\/v2\/pages\/411"}],"wp:attachment":[{"href":"https:\/\/wp.ufpel.edu.br\/ceng\/wp-json\/wp\/v2\/media?parent=415"}],"curies":[{"name":"wp","href":"https:\/\/api.w.org\/{rel}","templated":true}]}}

<p>A Câmara de Pesquisa será composta por:<br />
I – um docente da área específica indicado pelo colegiado de cada curso de graduação e de pós-graduação;<br />
II – um docente representante de cada uma das áreas de formação: básica e profissionalizante, determinadas de acordo com prescrito no Anexo 1 do Regimento do CEng.<br />
§ 1º – o coordenador da Câmara será eleito entre os seus membros, de acordo com seu Regimento Interno, com mandato de dois anos, podendo ser reconduzido uma vez;<br />
§ 2º – os membros da Câmara e seus suplentes terão mandato de dois anos, podendo ser reconduzidos uma vez;<br />
§ 3º &#8211; os docentes representantes de área de formação serão eleitos pela comunidade docente;<br />
§ 4º – os componentes da câmara deverão ser lotados no Centro de Engenharias.</p>
<p>Compete à Câmara de Pesquisa:<br />
I – fomentar a pesquisa no Centro de Engenharias;<br />
II – incentivar e orientar a criação de grupos de pesquisa;<br />
III – informar e divulgar sobre editais e possibilidades de captação de recurso;<br />
IV – quantificar e divulgar as atividades de pesquisa do Centro;<br />
V – estimular e apoiar os cursos e programas de pós-graduação existentes e a criação de novos;<br />
VI – apreciar e avaliar solicitações de projetos de pesquisa, prorrogações e relatórios finais;<br />
VII – elaborar seu Regimento Interno e suas normas de funcionamento.</p>
<p><span style="font-size: 18pt">Documentos</span></p>
<p><a href="https://wp.ufpel.edu.br/ceng/files/2019/09/Portaria-Interna-102_2019-CPesq-recomposição.pdf">Portaria 102/2019</a> do Centro de Engenharias da UFPEL que define os integrantes da Câmara de Pesquisa.</p>
<p><a href="https://wp.ufpel.edu.br/ceng/files/2019/09/SEI_UFPel-0697469-Portaria-Interna-Gizele-Coordenadora-Pro-tempore-CPesq.pdf">Portaria 104/2019</a> do Centro de Engenharias da UFPEL que nomeia a Coordenadora <em>Pró-Tempore</em> da Câmara de Pesquisa.</p>
<p><a href="https://drive.google.com/file/d/0B9b7AE9F7KpsQTlyRWhsSXdNRkE/view?usp=sharing">Modelo Estruturado de Projeto de Pesquisa &#8211; conforme PRPPGI</a></p>

<p>A Câmara de Pesquisa será composta por: I – um docente da área específica indicado pelo colegiado de cada curso de graduação e de pós-graduação; II – um docente representante de cada uma das áreas de formação: básica e profissionalizante, determinadas de acordo com prescrito no Anexo 1 do Regimento do CEng. § 1º – o coordenador [&hellip;]</p>
