{"id":413,"date":"2014-04-14T16:18:30","date_gmt":"2014-04-14T19:18:30","guid":{"rendered":"https:\/\/wp.ufpel.edu.br\/ceng\/?page_id=413"},"modified":"2017-12-28T08:48:50","modified_gmt":"2017-12-28T10:48:50","slug":"extensao","status":"publish","type":"page","link":"https:\/\/wp.ufpel.edu.br\/ceng\/camaras\/extensao\/","title":{"rendered":"Extens\u00e3o"},"content":{"rendered":"<p>A C\u00e2mara de Extens\u00e3o ser\u00e1 composta por:<br \/>\nI \u2013 um docente da \u00e1rea espec\u00edfica indicado pelo colegiado de cada curso de gradua\u00e7\u00e3o e de p\u00f3s-gradua\u00e7\u00e3o;<br \/>\nII \u2013 um docente representante de cada uma das \u00e1reas de forma\u00e7\u00e3o: b\u00e1sica e\u00a0profissionalizante, determinadas de acordo com prescrito no Anexo 1 do Regimento do CEng.<br \/>\n\u00a7 1\u00ba\u00a0\u2013 o coordenador da C\u00e2mara ser\u00e1 eleito entre os seus membros, de acordo com seu<br \/>\nRegimento Interno, com mandato de dois anos, podendo ser reconduzido uma vez;<br \/>\n\u00a7 2\u00ba\u00a0\u2013 os membros da C\u00e2mara e seus suplentes ter\u00e3o mandato de dois anos, podendo ser<br \/>\nreconduzidos uma vez;<br \/>\n\u00a7 3\u00ba\u00a0\u2013 os docentes representantes de \u00e1rea de forma\u00e7\u00e3o ser\u00e3o eleitos pela comunidade<br \/>\ndocente.<br \/>\n\u00a7 4\u00ba\u00a0\u2013 os componentes da c\u00e2mara dever\u00e3o ser lotados no Centro de Engenharias.<\/p>\n<p>Compete \u00e0 C\u00e2mara de Extens\u00e3o:<br \/>\nI \u2013 fomentar a extens\u00e3o no Centro de Engenharias;<br \/>\nII \u2013 informar e divulgar sobre editais e possibilidades de capta\u00e7\u00e3o de recursos;<br \/>\nIII \u2013 quantificar e divulgar as atividades de extens\u00e3o do Centro;<br \/>\nIV \u2013 apreciar e avaliar solicita\u00e7\u00f5es de projetos de extens\u00e3o, prorroga\u00e7\u00f5es e relat\u00f3rios finais;<br \/>\nV \u2013 elaborar seu Regimento Interno e suas normas de funcionamento.<\/p>\n<p>As reuni\u00f5es s\u00e3o mensais, uma ter\u00e7a-feira por\u00a0m\u00eas.<\/p>\n<p>&nbsp;<\/p>\n<p><a href=\"https:\/\/drive.google.com\/file\/d\/1_86_2AYNrpQM0kdqKbK39L_lVMt6oxqm\/view?usp=sharing\">Portaria 061\/2017<\/a>\u00a0do Centro de Engenharias da UFPEL, que define os integrantes da C\u00e2mara de Extens\u00e3o.<\/p>\n<p><a href=\"https:\/\/drive.google.com\/file\/d\/1iK8Fz7aiGJJwBH5NqohBzTl7uciLMW2i\/view?usp=sharing\">Portaria 062\/2017<\/a>\u00a0do Centro de Engenharias da UFPEL, que nomeia a Coordenadora e Coordenador Adjunto da C\u00e2mara de Extens\u00e3o.<\/p>\n","protected":false},"excerpt":{"rendered":"<p>A C\u00e2mara de Extens\u00e3o ser\u00e1 composta por: I \u2013 um docente da \u00e1rea espec\u00edfica indicado pelo colegiado de cada curso de gradua\u00e7\u00e3o e de p\u00f3s-gradua\u00e7\u00e3o; II \u2013 um docente representante de cada uma das \u00e1reas de forma\u00e7\u00e3o: b\u00e1sica e\u00a0profissionalizante, determinadas de acordo com prescrito no Anexo 1 do Regimento do CEng. \u00a7 1\u00ba\u00a0\u2013 o coordenador [&hellip;]<\/p>\n","protected":false},"author":67,"featured_media":0,"parent":411,"menu_order":0,"comment_status":"closed","ping_status":"closed","template":"","meta":{"footnotes":""},"class_list":["post-413","page","type-page","status-publish","hentry"],"publishpress_future_action":{"enabled":false,"date":"2026-05-04 15:36:00","action":"change-status","newStatus":"draft","terms":[],"taxonomy":"","extraData":[]},"publishpress_future_workflow_manual_trigger":{"enabledWorkflows":[]},"_links":{"self":[{"href":"https:\/\/wp.ufpel.edu.br\/ceng\/wp-json\/wp\/v2\/pages\/413","targetHints":{"allow":["GET"]}}],"collection":[{"href":"https:\/\/wp.ufpel.edu.br\/ceng\/wp-json\/wp\/v2\/pages"}],"about":[{"href":"https:\/\/wp.ufpel.edu.br\/ceng\/wp-json\/wp\/v2\/types\/page"}],"author":[{"embeddable":true,"href":"https:\/\/wp.ufpel.edu.br\/ceng\/wp-json\/wp\/v2\/users\/67"}],"replies":[{"embeddable":true,"href":"https:\/\/wp.ufpel.edu.br\/ceng\/wp-json\/wp\/v2\/comments?post=413"}],"version-history":[{"count":20,"href":"https:\/\/wp.ufpel.edu.br\/ceng\/wp-json\/wp\/v2\/pages\/413\/revisions"}],"predecessor-version":[{"id":2665,"href":"https:\/\/wp.ufpel.edu.br\/ceng\/wp-json\/wp\/v2\/pages\/413\/revisions\/2665"}],"up":[{"embeddable":true,"href":"https:\/\/wp.ufpel.edu.br\/ceng\/wp-json\/wp\/v2\/pages\/411"}],"wp:attachment":[{"href":"https:\/\/wp.ufpel.edu.br\/ceng\/wp-json\/wp\/v2\/media?parent=413"}],"curies":[{"name":"wp","href":"https:\/\/api.w.org\/{rel}","templated":true}]}}

Extensão

<p>A Câmara de Extensão será composta por:<br />
I – um docente da área específica indicado pelo colegiado de cada curso de graduação e de pós-graduação;<br />
II – um docente representante de cada uma das áreas de formação: básica e profissionalizante, determinadas de acordo com prescrito no Anexo 1 do Regimento do CEng.<br />
§ 1º – o coordenador da Câmara será eleito entre os seus membros, de acordo com seu<br />
Regimento Interno, com mandato de dois anos, podendo ser reconduzido uma vez;<br />
§ 2º – os membros da Câmara e seus suplentes terão mandato de dois anos, podendo ser<br />
reconduzidos uma vez;<br />
§ 3º – os docentes representantes de área de formação serão eleitos pela comunidade<br />
docente.<br />
§ 4º – os componentes da câmara deverão ser lotados no Centro de Engenharias.</p>
<p>Compete à Câmara de Extensão:<br />
I – fomentar a extensão no Centro de Engenharias;<br />
II – informar e divulgar sobre editais e possibilidades de captação de recursos;<br />
III – quantificar e divulgar as atividades de extensão do Centro;<br />
IV – apreciar e avaliar solicitações de projetos de extensão, prorrogações e relatórios finais;<br />
V – elaborar seu Regimento Interno e suas normas de funcionamento.</p>
<p>As reuniões são mensais, uma terça-feira por mês.</p>
<p>&nbsp;</p>
<p><a href="https://drive.google.com/file/d/1_86_2AYNrpQM0kdqKbK39L_lVMt6oxqm/view?usp=sharing">Portaria 061/2017</a> do Centro de Engenharias da UFPEL, que define os integrantes da Câmara de Extensão.</p>
<p><a href="https://drive.google.com/file/d/1iK8Fz7aiGJJwBH5NqohBzTl7uciLMW2i/view?usp=sharing">Portaria 062/2017</a> do Centro de Engenharias da UFPEL, que nomeia a Coordenadora e Coordenador Adjunto da Câmara de Extensão.</p>

<p>A Câmara de Extensão será composta por: I – um docente da área específica indicado pelo colegiado de cada curso de graduação e de pós-graduação; II – um docente representante de cada uma das áreas de formação: básica e profissionalizante, determinadas de acordo com prescrito no Anexo 1 do Regimento do CEng. § 1º – o coordenador [&hellip;]</p>
