{"id":4125,"date":"2018-08-29T15:13:12","date_gmt":"2018-08-29T18:13:12","guid":{"rendered":"https:\/\/wp.ufpel.edu.br\/ceng\/?page_id=4125"},"modified":"2022-06-07T10:13:58","modified_gmt":"2022-06-07T13:13:58","slug":"retirada-de-diplomas","status":"publish","type":"page","link":"https:\/\/wp.ufpel.edu.br\/ceng\/retirada-de-diplomas\/","title":{"rendered":"Retirada de Diplomas"},"content":{"rendered":"<p>Os Diplomas de Gradua\u00e7\u00e3o e P\u00f3s-Gradua\u00e7\u00e3o dever\u00e3o ser retirados na secretaria da Unidade, localizada na Rua Benjamin Constant, 989, sala A305.2, pr\u00e9dio da COTADA, o que poder\u00e1 ser feito pelo titular ou procurador legalmente constitu\u00eddo.<\/p>\n<p>O Titular dever\u00e1 apresentar documento de identifica\u00e7\u00e3o com foto (original ou c\u00f3pia autenticada) assinando o protocolo de retirada.<\/p>\n<p>O procurador dever\u00e1 entregar Procura\u00e7\u00e3o especifica para esse fim e c\u00f3pia do documento de identifica\u00e7\u00e3o (com foto) do outorgante, que dever\u00e3o ficar retidos na secret\u00e1ria e assinar o protocolo de retirada.<\/p>\n<p><a href=\"https:\/\/wp.ufpel.edu.br\/ceng\/files\/2018\/08\/ModeloPROCURA\u00c7\u00c3O-retirada-diploma.docx\">ModeloPROCURA\u00c7\u00c3O-retirada-diploma<\/a><\/p>\n<p><span style=\"font-size: 10pt\">Com a aprova\u00e7\u00e3o da Lei N\u00ba13.726\/2018 \u00e9 dispensada a exig\u00eancia reconhecimento de firma, devendo o agente administrativo, confrontando a assinatura com aquela constante do documento de identidade do signat\u00e1rio, lavrar sua autenticidade no pr\u00f3prio documento. Neste contexto, o outorgado pode apresentar procura\u00e7\u00e3o simples, acompanhada de c\u00f3pia da carteira de identidade do outorgante para retirada de diploma, devendo o servidor conferir a assinatura da procura\u00e7\u00e3o, confrontando o documento com a c\u00f3pia do documento de identidade apresentado.<\/span><\/p>\n","protected":false},"excerpt":{"rendered":"<p>Os Diplomas de Gradua\u00e7\u00e3o e P\u00f3s-Gradua\u00e7\u00e3o dever\u00e3o ser retirados na secretaria da Unidade, localizada na Rua Benjamin Constant, 989, sala A305.2, pr\u00e9dio da COTADA, o que poder\u00e1 ser feito pelo titular ou procurador legalmente constitu\u00eddo. O Titular dever\u00e1 apresentar documento de identifica\u00e7\u00e3o com foto (original ou c\u00f3pia autenticada) assinando o protocolo de retirada. O procurador [&hellip;]<\/p>\n","protected":false},"author":67,"featured_media":0,"parent":0,"menu_order":0,"comment_status":"closed","ping_status":"closed","template":"","meta":{"footnotes":""},"class_list":["post-4125","page","type-page","status-publish","hentry"],"publishpress_future_action":{"enabled":false,"date":"2026-04-19 17:20:07","action":"change-status","newStatus":"draft","terms":[],"taxonomy":"","extraData":[]},"publishpress_future_workflow_manual_trigger":{"enabledWorkflows":[]},"_links":{"self":[{"href":"https:\/\/wp.ufpel.edu.br\/ceng\/wp-json\/wp\/v2\/pages\/4125","targetHints":{"allow":["GET"]}}],"collection":[{"href":"https:\/\/wp.ufpel.edu.br\/ceng\/wp-json\/wp\/v2\/pages"}],"about":[{"href":"https:\/\/wp.ufpel.edu.br\/ceng\/wp-json\/wp\/v2\/types\/page"}],"author":[{"embeddable":true,"href":"https:\/\/wp.ufpel.edu.br\/ceng\/wp-json\/wp\/v2\/users\/67"}],"replies":[{"embeddable":true,"href":"https:\/\/wp.ufpel.edu.br\/ceng\/wp-json\/wp\/v2\/comments?post=4125"}],"version-history":[{"count":9,"href":"https:\/\/wp.ufpel.edu.br\/ceng\/wp-json\/wp\/v2\/pages\/4125\/revisions"}],"predecessor-version":[{"id":10070,"href":"https:\/\/wp.ufpel.edu.br\/ceng\/wp-json\/wp\/v2\/pages\/4125\/revisions\/10070"}],"wp:attachment":[{"href":"https:\/\/wp.ufpel.edu.br\/ceng\/wp-json\/wp\/v2\/media?parent=4125"}],"curies":[{"name":"wp","href":"https:\/\/api.w.org\/{rel}","templated":true}]}}