{"id":411,"date":"2014-04-14T16:17:37","date_gmt":"2014-04-14T19:17:37","guid":{"rendered":"https:\/\/wp.ufpel.edu.br\/ceng\/?page_id=411"},"modified":"2014-05-19T12:55:43","modified_gmt":"2014-05-19T15:55:43","slug":"camaras","status":"publish","type":"page","link":"https:\/\/wp.ufpel.edu.br\/ceng\/camaras\/","title":{"rendered":"C\u00e2maras"},"content":{"rendered":"<p>As C\u00e2maras s\u00e3o \u00f3rg\u00e3os deliberativos, consultivos e de apoio em mat\u00e9ria de Ensino, Pesquisa e Extens\u00e3o, que auxiliam a Dire\u00e7\u00e3o e a Dire\u00e7\u00e3o-adjunta do Centro de Engenharias.<\/p>\n<p>\u00a7 1\u00ba &#8211;\u00a0o Centro de Engenharias conta com C\u00e2maras de Ensino, de Pesquisa e de Extens\u00e3o.<\/p>\n<p>\u00a7 2 o &#8211; As C\u00e2maras contam com apoio da secretaria executiva.<\/p>\n","protected":false},"excerpt":{"rendered":"<p>As C\u00e2maras s\u00e3o \u00f3rg\u00e3os deliberativos, consultivos e de apoio em mat\u00e9ria de Ensino, Pesquisa e Extens\u00e3o, que auxiliam a Dire\u00e7\u00e3o e a Dire\u00e7\u00e3o-adjunta do Centro de Engenharias. \u00a7 1\u00ba &#8211;\u00a0o Centro de Engenharias conta com C\u00e2maras de Ensino, de Pesquisa e de Extens\u00e3o. \u00a7 2 o &#8211; As C\u00e2maras contam com apoio da secretaria executiva.<\/p>\n","protected":false},"author":67,"featured_media":0,"parent":0,"menu_order":0,"comment_status":"closed","ping_status":"open","template":"","meta":{"footnotes":""},"class_list":["post-411","page","type-page","status-publish","hentry"],"publishpress_future_action":{"enabled":false,"date":"2026-05-05 21:08:09","action":"change-status","newStatus":"draft","terms":[],"taxonomy":"","extraData":[]},"publishpress_future_workflow_manual_trigger":{"enabledWorkflows":[]},"_links":{"self":[{"href":"https:\/\/wp.ufpel.edu.br\/ceng\/wp-json\/wp\/v2\/pages\/411","targetHints":{"allow":["GET"]}}],"collection":[{"href":"https:\/\/wp.ufpel.edu.br\/ceng\/wp-json\/wp\/v2\/pages"}],"about":[{"href":"https:\/\/wp.ufpel.edu.br\/ceng\/wp-json\/wp\/v2\/types\/page"}],"author":[{"embeddable":true,"href":"https:\/\/wp.ufpel.edu.br\/ceng\/wp-json\/wp\/v2\/users\/67"}],"replies":[{"embeddable":true,"href":"https:\/\/wp.ufpel.edu.br\/ceng\/wp-json\/wp\/v2\/comments?post=411"}],"version-history":[{"count":2,"href":"https:\/\/wp.ufpel.edu.br\/ceng\/wp-json\/wp\/v2\/pages\/411\/revisions"}],"predecessor-version":[{"id":481,"href":"https:\/\/wp.ufpel.edu.br\/ceng\/wp-json\/wp\/v2\/pages\/411\/revisions\/481"}],"wp:attachment":[{"href":"https:\/\/wp.ufpel.edu.br\/ceng\/wp-json\/wp\/v2\/media?parent=411"}],"curies":[{"name":"wp","href":"https:\/\/api.w.org\/{rel}","templated":true}]}}

Câmaras

<p>As Câmaras são órgãos deliberativos, consultivos e de apoio em matéria de Ensino, Pesquisa e Extensão, que auxiliam a Direção e a Direção-adjunta do Centro de Engenharias.</p>
<p>§ 1º &#8211; o Centro de Engenharias conta com Câmaras de Ensino, de Pesquisa e de Extensão.</p>
<p>§ 2 o &#8211; As Câmaras contam com apoio da secretaria executiva.</p>

<p>As Câmaras são órgãos deliberativos, consultivos e de apoio em matéria de Ensino, Pesquisa e Extensão, que auxiliam a Direção e a Direção-adjunta do Centro de Engenharias. § 1º &#8211; o Centro de Engenharias conta com Câmaras de Ensino, de Pesquisa e de Extensão. § 2 o &#8211; As Câmaras contam com apoio da secretaria executiva.</p>
