{"id":4041,"date":"2018-08-07T13:16:16","date_gmt":"2018-08-07T16:16:16","guid":{"rendered":"https:\/\/wp.ufpel.edu.br\/ceng\/?page_id=4041"},"modified":"2022-06-14T09:04:31","modified_gmt":"2022-06-14T12:04:31","slug":"solicitacao-de-acesso-aos-predios-do-ceng","status":"publish","type":"page","link":"https:\/\/wp.ufpel.edu.br\/ceng\/solicitacao-de-acesso-aos-predios-do-ceng\/","title":{"rendered":"Acesso aos Pr\u00e9dios"},"content":{"rendered":"<p>Atendendo ao Memorando-Circular n\u00ba 2\/2018\/SUINFRA\/PRA\/REITORIA, orientamos os servidores e alunos sobre os\u00a0procedimentos\u00a0no Centro de Engenharias para acesso aos pr\u00e9dios fora do hor\u00e1rio normal de expediente (s\u00e1bados, domingos e feriados):<\/p>\n<p>Encaminhar e-mail para\u00a0<strong>secretaria.ufpel.ceng@gmail.com<\/strong> solicitando autoriza\u00e7\u00e3o para ingresso no pr\u00e9dio informando:<\/p>\n<p>&#8211; Servidor respons\u00e1vel + RG;<\/p>\n<p>&#8211; Justificativa;<\/p>\n<p>&#8211; Espa\u00e7o\/sala a ser utilizada;<\/p>\n<p>&#8211; Per\u00edodo de acesso (datas exatas\/hor\u00e1rio de entrada e sa\u00edda).<\/p>\n<p>&#8211; Lista de nomes\/RG que ingressar\u00e3o no pr\u00e9dio (inclusive do servidor respons\u00e1vel).<\/p>\n<p>A solicita\u00e7\u00e3o deve ser enviada, para acesso aos s\u00e1bados e domingos, at\u00e9 as 12 horas da quinta-feira anterior. Para acesso em feriados, a solicita\u00e7\u00e3o deve ser enviada com 72 horas de anteced\u00eancia. A solicita\u00e7\u00e3o pode ser feita por um per\u00edodo m\u00e1ximo de 90 dias.<\/p>\n<p><strong>IMPORTANTE:<\/strong>\u00a0<strong>A partir de 01\/02\/2020, o servi\u00e7o de portaria no pr\u00e9dio do CEng\/Cotada funcionar\u00e1 nos seguintes hor\u00e1rios:<\/strong><\/p>\n<ul>\n<li>Segunda a Sexta das 07h \u00e0s 23h;<\/li>\n<li>S\u00e1bados, Domingos e Feriados das 07h \u00e0s 19h.<\/li>\n<\/ul>\n<p>Para acesso aos pr\u00e9dios do CEng, no hor\u00e1rio quando n\u00e3o h\u00e1 o servi\u00e7o de portaria, o servidor respons\u00e1vel pela solicita\u00e7\u00e3o deve retirar a chave do pr\u00e9dio, na sexta-feira, ou no dia \u00fatil que antecede o feriado, na portaria do pr\u00e9dio da Brahma (Benjamin Constant, 1071) e devolv\u00ea-la no mesmo local ao final do uso.<\/p>\n","protected":false},"excerpt":{"rendered":"<p>Atendendo ao Memorando-Circular n\u00ba 2\/2018\/SUINFRA\/PRA\/REITORIA, orientamos os servidores e alunos sobre os\u00a0procedimentos\u00a0no Centro de Engenharias para acesso aos pr\u00e9dios fora do hor\u00e1rio normal de expediente (s\u00e1bados, domingos e feriados): Encaminhar e-mail para\u00a0secretaria.ufpel.ceng@gmail.com solicitando autoriza\u00e7\u00e3o para ingresso no pr\u00e9dio informando: &#8211; Servidor respons\u00e1vel + RG; &#8211; Justificativa; &#8211; Espa\u00e7o\/sala a ser utilizada; &#8211; Per\u00edodo de acesso [&hellip;]<\/p>\n","protected":false},"author":67,"featured_media":0,"parent":0,"menu_order":0,"comment_status":"closed","ping_status":"closed","template":"","meta":{"footnotes":""},"class_list":["post-4041","page","type-page","status-publish","hentry"],"publishpress_future_action":{"enabled":false,"date":"2026-04-17 10:29:13","action":"change-status","newStatus":"draft","terms":[],"taxonomy":"","extraData":[]},"publishpress_future_workflow_manual_trigger":{"enabledWorkflows":[]},"_links":{"self":[{"href":"https:\/\/wp.ufpel.edu.br\/ceng\/wp-json\/wp\/v2\/pages\/4041","targetHints":{"allow":["GET"]}}],"collection":[{"href":"https:\/\/wp.ufpel.edu.br\/ceng\/wp-json\/wp\/v2\/pages"}],"about":[{"href":"https:\/\/wp.ufpel.edu.br\/ceng\/wp-json\/wp\/v2\/types\/page"}],"author":[{"embeddable":true,"href":"https:\/\/wp.ufpel.edu.br\/ceng\/wp-json\/wp\/v2\/users\/67"}],"replies":[{"embeddable":true,"href":"https:\/\/wp.ufpel.edu.br\/ceng\/wp-json\/wp\/v2\/comments?post=4041"}],"version-history":[{"count":18,"href":"https:\/\/wp.ufpel.edu.br\/ceng\/wp-json\/wp\/v2\/pages\/4041\/revisions"}],"predecessor-version":[{"id":10094,"href":"https:\/\/wp.ufpel.edu.br\/ceng\/wp-json\/wp\/v2\/pages\/4041\/revisions\/10094"}],"wp:attachment":[{"href":"https:\/\/wp.ufpel.edu.br\/ceng\/wp-json\/wp\/v2\/media?parent=4041"}],"curies":[{"name":"wp","href":"https:\/\/api.w.org\/{rel}","templated":true}]}}