{"id":3585,"date":"2018-05-14T13:33:31","date_gmt":"2018-05-14T16:33:31","guid":{"rendered":"https:\/\/wp.ufpel.edu.br\/ceng\/?page_id=3585"},"modified":"2021-07-14T16:06:33","modified_gmt":"2021-07-14T19:06:33","slug":"transportes","status":"publish","type":"page","link":"https:\/\/wp.ufpel.edu.br\/ceng\/transportes\/","title":{"rendered":"Transportes"},"content":{"rendered":"<p><strong>Procedimentos para solicita\u00e7\u00e3o de transporte disponibilizado pelo N\u00facleo de Transporte (NUTRANS) da UFPel, no Centro de Engenharias<\/strong><\/p>\n<p>\u2013 Favor ler o <a href=\"https:\/\/wp.ufpel.edu.br\/ceng\/files\/2019\/04\/TERMO-DE-RESPONSABILIDADE.pdf\">TERMO DE RESPONSABILIDADE<\/a><\/p>\n<p>A solicita\u00e7\u00e3o deve ser feita pelo servidor respons\u00e1vel, via e-mail, para \u00a0<a href=\"mailto:viniciusmunoz.ceng@gmail.com\" target=\"_blank\" rel=\"noopener\">viniciusmunoz.ceng@gmail.com<\/a>, informando os seguintes dados:<\/p>\n<p>\u2013 Servidor Respons\u00e1vel.<br \/>\n\u2013 Telefone para contato.<br \/>\n\u2013 N\u00famero de passageiros (para identifica\u00e7\u00e3o de carro\/Van\/micro-\u00f4nibus\/\u00f4nibus)<br \/>\n\u2013 Descri\u00e7\u00e3o\/Justificativa para transporte.<br \/>\n\u2013 Local\/Cidade de destino.<br \/>\n\u2013 Deslocamentos no evento (sim\/n\u00e3o \u2013 se sim, devem ser descritos apenas deslocamentos entre localidades\/cidades)<br \/>\n\u2013 Local de partida.<br \/>\n\u2013 Data\/Hor\u00e1rio de Partida.<br \/>\n\u2013 Local de Chegada (final da viagem).<br \/>\n\u2013 Data\/Hor\u00e1rio de chegada.<br \/>\n\u2013 Trechos (ex: Pelotas x POA \/ POA x Canoas \/ Canoas x Pelotas)<br \/>\n\u2013 Lista de passageiros (nome e RG). N\u00e3o necessita ser enviada junto com a solicita\u00e7\u00e3o, mas sim quando confirmado o transporte com, pelo menos, sete dias de anteced\u00eancia \u00e0 data de partida, pelo mesmo e-mail.<\/p>\n<p>A partir destes dados a solicita\u00e7\u00e3o ser\u00e1 feita via Cobalto, pelo Coordenador Administrativo da unidade.<\/p>\n<p>\u2013 O servidor respons\u00e1vel receber\u00e1 por e-mail o n\u00famero da ordem de servi\u00e7o (OS) para acompanhar pelo Cobalto (Infraestrutura &gt; Cadastro &gt; Transporte \u2013 Solicita\u00e7\u00f5es) o andamento da sua solicita\u00e7\u00e3o.<\/p>\n<p>A ci\u00eancia do custo do transporte ser\u00e1 dada pelo Coordenador Administrativo da unidade, via Cobalto.<\/p>\n<p>D\u00favidas podem ser verificadas nos telefones:<br \/>\nCoordenador Administrativo: 3284-1706<br \/>\nN\u00facleo de Transportes UFPel: 3272-1051<\/p>\n","protected":false},"excerpt":{"rendered":"<p>Procedimentos para solicita\u00e7\u00e3o de transporte disponibilizado pelo N\u00facleo de Transporte (NUTRANS) da UFPel, no Centro de Engenharias \u2013 Favor ler o TERMO DE RESPONSABILIDADE A solicita\u00e7\u00e3o deve ser feita pelo servidor respons\u00e1vel, via e-mail, para \u00a0viniciusmunoz.ceng@gmail.com, informando os seguintes dados: \u2013 Servidor Respons\u00e1vel. \u2013 Telefone para contato. \u2013 N\u00famero de passageiros (para identifica\u00e7\u00e3o de carro\/Van\/micro-\u00f4nibus\/\u00f4nibus) [&hellip;]<\/p>\n","protected":false},"author":67,"featured_media":0,"parent":0,"menu_order":0,"comment_status":"closed","ping_status":"closed","template":"","meta":{"footnotes":""},"class_list":["post-3585","page","type-page","status-publish","hentry"],"publishpress_future_action":{"enabled":false,"date":"2026-04-21 04:43:47","action":"change-status","newStatus":"draft","terms":[],"taxonomy":"","extraData":[]},"publishpress_future_workflow_manual_trigger":{"enabledWorkflows":[]},"_links":{"self":[{"href":"https:\/\/wp.ufpel.edu.br\/ceng\/wp-json\/wp\/v2\/pages\/3585","targetHints":{"allow":["GET"]}}],"collection":[{"href":"https:\/\/wp.ufpel.edu.br\/ceng\/wp-json\/wp\/v2\/pages"}],"about":[{"href":"https:\/\/wp.ufpel.edu.br\/ceng\/wp-json\/wp\/v2\/types\/page"}],"author":[{"embeddable":true,"href":"https:\/\/wp.ufpel.edu.br\/ceng\/wp-json\/wp\/v2\/users\/67"}],"replies":[{"embeddable":true,"href":"https:\/\/wp.ufpel.edu.br\/ceng\/wp-json\/wp\/v2\/comments?post=3585"}],"version-history":[{"count":12,"href":"https:\/\/wp.ufpel.edu.br\/ceng\/wp-json\/wp\/v2\/pages\/3585\/revisions"}],"predecessor-version":[{"id":9669,"href":"https:\/\/wp.ufpel.edu.br\/ceng\/wp-json\/wp\/v2\/pages\/3585\/revisions\/9669"}],"wp:attachment":[{"href":"https:\/\/wp.ufpel.edu.br\/ceng\/wp-json\/wp\/v2\/media?parent=3585"}],"curies":[{"name":"wp","href":"https:\/\/api.w.org\/{rel}","templated":true}]}}