{"id":3189,"date":"2018-04-01T09:42:40","date_gmt":"2018-04-01T12:42:40","guid":{"rendered":"https:\/\/wp.ufpel.edu.br\/ceng\/?page_id=3189"},"modified":"2026-03-23T19:33:28","modified_gmt":"2026-03-23T22:33:28","slug":"horarios","status":"publish","type":"page","link":"https:\/\/wp.ufpel.edu.br\/ceng\/horarios\/","title":{"rendered":"Hor\u00e1rios"},"content":{"rendered":"<h2><strong>Cursos &#8211; Hor\u00e1rios 2026.1<\/strong><\/h2>\n<p><a href=\"https:\/\/wp.ufpel.edu.br\/ceng\/files\/2026\/03\/Horarios-Engenharia-Ambiental-e-Sanitaria-2026_1.pdf\">Hor\u00e1rios Engenharia Ambiental e Sanit\u00e1ria 2026_1<\/a><\/p>\n<p><a href=\"https:\/\/wp.ufpel.edu.br\/ceng\/files\/2026\/03\/Horarios-Engenharia-Agricola-2026_1.pdf\">Hor\u00e1rios Engenharia Agr\u00edcola 2026_1<\/a><\/p>\n<p><a href=\"https:\/\/wp.ufpel.edu.br\/ceng\/files\/2026\/03\/Horarios-Engenharia-de-Producao-2026_1-.pdf\">Hor\u00e1rios Engenharia de Produ\u00e7\u00e3o 2026_1<\/a><\/p>\n<p><a href=\"https:\/\/wp.ufpel.edu.br\/ceng\/files\/2026\/03\/Horarios-Engenharia-Civil-2026_1-.pdf\">Hor\u00e1rios Engenharia Civil 2026_1<\/a><\/p>\n<p><a href=\"https:\/\/wp.ufpel.edu.br\/ceng\/files\/2026\/03\/Horarios-Engenharia-de-Controle-e-Automacao-2026_1-1.pdf\">Hor\u00e1rios Engenharia de Controle e Automa\u00e7\u00e3o 2026_1<\/a><\/p>\n<p><a href=\"https:\/\/wp.ufpel.edu.br\/ceng\/files\/2026\/03\/Horarios-Engenharia-de-Petroleo-2026_1-1.pdf\">Hor\u00e1rios Engenharia de Petr\u00f3leo 2026_1<\/a><\/p>\n<p><a href=\"https:\/\/wp.ufpel.edu.br\/ceng\/files\/2026\/03\/Horarios-Engenharia-Eletronica-2026_1-1.pdf\">Hor\u00e1rios Engenharia Eletronica 2026_1<\/a><\/p>\n<p><a href=\"https:\/\/wp.ufpel.edu.br\/ceng\/files\/2026\/03\/Horarios-Engenharia-Geologica-2026_1-1.pdf\">Hor\u00e1rios Engenharia Geologica 2026_1<\/a><\/p>\n<p><a href=\"https:\/\/wp.ufpel.edu.br\/ceng\/files\/2026\/03\/Horarios-Engenharia-Industrial-Madeireira-2026_1.pdf\">Hor\u00e1rios Engenharia Industrial Madeireira 2026_1<\/a><\/p>\n<p><a href=\"https:\/\/wp.ufpel.edu.br\/ceng\/files\/2026\/03\/Horarios-Geoprocessamento-2026_1.pdf\">Hor\u00e1rios Geoprocessamento 2026_1<\/a><\/p>\n<h2><strong>Cursos &#8211; Hor\u00e1rios 2025.2<\/strong><\/h2>\n<table style=\"border-collapse: collapse;width: 100%\" border=\"0\">\n<tbody>\n<tr style=\"height: 24px\">\n<td style=\"width: 39.3333%;height: 10px\"><strong>Engenharia Civil\u00a0<\/strong><\/td>\n<td style=\"width: 60.6667%;height: 10px\"><a href=\"https:\/\/wp.ufpel.edu.br\/engciv\/horarios-eng-civil-2025-2\/\"><em>Clique aqu<\/em>i<\/a><\/td>\n<\/tr>\n<tr style=\"height: 24px\">\n<td style=\"width: 39.3333%;height: 24px\"><strong>Ambiental e Sanit\u00e1ria\u00a0<\/strong><\/td>\n<td style=\"width: 60.6667%;height: 24px\"><a href=\"https:\/\/wp.ufpel.edu.br\/esa\/horarios-e-salas-2025-2\/\"><em>Clique aqui<\/em><\/a><\/td>\n<\/tr>\n<tr style=\"height: 24px\">\n<td style=\"width: 39.3333%;height: 24px\"><strong>Engenharia Geol\u00f3gica\u00a0<\/strong><\/td>\n<td style=\"width: 60.6667%;height: 24px\"><a href=\"https:\/\/wp.ufpel.edu.br\/engenhariageologica\/files\/2025\/09\/Horario-2025.2-atual-2.pdf\"><em>Clique aqui<\/em><\/a><\/td>\n<\/tr>\n<tr style=\"height: 24px\">\n<td style=\"width: 39.3333%;height: 22px\"><strong>Engenharia Eletr\u00f4nica\u00a0<\/strong><\/td>\n<td style=\"width: 60.6667%;height: 22px\"><a href=\"https:\/\/docs.google.com\/spreadsheets\/d\/1hQ2mbYR1kc7k_fF5PY-QZzqmSSf4eAK9pKahMRgqKQA\/edit?gid=268096550#gid=268096550\"><em>Clique aqui<\/em><\/a><\/td>\n<\/tr>\n<tr style=\"height: 24px\">\n<td style=\"width: 39.3333%;height: 24px\"><strong>Engenharia de Petr\u00f3leo\u00a0<\/strong><\/td>\n<td style=\"width: 60.6667%;height: 24px\"><a href=\"https:\/\/wp.ufpel.edu.br\/engenhariadepetroleo\/2025\/09\/02\/semestre-2025-02-horarios-e-solicitacao-de-flexibilizacao-de-pre-requisitos\/\"><em>Clique aqui<\/em><\/a><\/td>\n<\/tr>\n<tr style=\"height: 24px\">\n<td style=\"width: 39.3333%;height: 24px\"><strong>Geoprocessamento\u00a0<\/strong><\/td>\n<td style=\"width: 60.6667%;height: 24px\"><a href=\"https:\/\/wp.ufpel.edu.br\/geoprocessamento\/2025\/09\/horarios-e-salas-geoprocessamento-2025-2\/\"><em>Clique aqui<\/em><\/a><\/td>\n<\/tr>\n<tr style=\"height: 24px\">\n<td style=\"width: 39.3333%;height: 24px\"><strong>Engenharia Agr\u00edcola\u00a0<\/strong><\/td>\n<td style=\"width: 60.6667%;height: 24px\"><a href=\"https:\/\/wp.ufpel.edu.br\/cea\/\"><em>Clique aqui<\/em><\/a><\/td>\n<\/tr>\n<tr style=\"height: 24px\">\n<td style=\"width: 39.3333%;height: 24px\"><strong>Engenharia de Produ\u00e7\u00e3o<\/strong><\/td>\n<td style=\"width: 60.6667%;height: 24px\"><a href=\"https:\/\/docs.google.com\/spreadsheets\/d\/1GAdHkCBKuTy5P8EbUT4yMkJ3MSS_6ZjeGWqzd_kPj2A\/edit?usp=drivesdk\"><em>Clique aqui<\/em><\/a><\/td>\n<\/tr>\n<tr style=\"height: 24px\">\n<td style=\"width: 39.3333%;height: 24px\"><strong>Engenharia de Controle e Automa\u00e7\u00e3o<\/strong><\/td>\n<td style=\"width: 60.6667%;height: 24px\"><a href=\"https:\/\/docs.google.com\/spreadsheets\/d\/1vMHKUhKAJJutZJ9Y7u0u8jzBTuER_g6AGudPFUE-ADk\/edit?usp=sharing\"><em>Clique aqui<\/em><\/a><\/td>\n<\/tr>\n<tr style=\"height: 24px\">\n<td style=\"width: 39.3333%;height: 24px\"><strong>Engenharia Industrial Madeireira<\/strong><\/td>\n<td style=\"width: 60.6667%;height: 24px\"><a href=\"https:\/\/docs.google.com\/document\/d\/1kvq7T9DOn61G3uYiqj-tISK6vZU_Ee4X\/edit?usp=sharing&amp;ouid=100220322668620259735&amp;rtpof=true&amp;sd=true\"><em>Clique aqui<\/em><\/a><\/td>\n<\/tr>\n<\/tbody>\n<\/table>\n<h2><\/h2>\n<h2><\/h2>\n<h2><\/h2>\n<h2><strong>Cursos &#8211; Hor\u00e1rios 2025.1<\/strong><\/h2>\n<table style=\"border-collapse: collapse;width: 100%\" border=\"0\">\n<tbody>\n<tr style=\"height: 24px\">\n<td style=\"width: 39.3333%;height: 10px\"><strong>Engenharia Civil\u00a0<\/strong><\/td>\n<td style=\"width: 60.6667%;height: 10px\"><a href=\"https:\/\/wp.ufpel.edu.br\/engciv\/horarios-eng-civil-2025-1\/\"><em>Clique aqu<\/em>i<\/a><\/td>\n<\/tr>\n<tr style=\"height: 24px\">\n<td style=\"width: 39.3333%;height: 24px\"><strong>Ambiental e Sanit\u00e1ria\u00a0<\/strong><\/td>\n<td style=\"width: 60.6667%;height: 24px\"><a href=\"https:\/\/wp.ufpel.edu.br\/esa\/horarios-e-salas-2025-1-2\/\"><em>Clique aqui<\/em><\/a><\/td>\n<\/tr>\n<tr style=\"height: 24px\">\n<td style=\"width: 39.3333%;height: 24px\"><strong>Engenharia Geol\u00f3gica\u00a0<\/strong><\/td>\n<td style=\"width: 60.6667%;height: 24px\"><a href=\"https:\/\/wp.ufpel.edu.br\/engenhariageologica\/files\/2025\/04\/Ofertas-2025-1-Horarios.pdf\"><em>Clique aqui<\/em><\/a><\/td>\n<\/tr>\n<tr style=\"height: 24px\">\n<td style=\"width: 39.3333%;height: 22px\"><strong>Engenharia Eletr\u00f4nica\u00a0<\/strong><\/td>\n<td style=\"width: 60.6667%;height: 22px\"><a href=\"https:\/\/wp.ufpel.edu.br\/cee\/2025\/04\/07\/horarios-2025-1\/\"><em>Clique aqui<\/em><\/a><\/td>\n<\/tr>\n<tr style=\"height: 24px\">\n<td style=\"width: 39.3333%;height: 24px\"><strong>Engenharia de Petr\u00f3leo\u00a0<\/strong><\/td>\n<td style=\"width: 60.6667%;height: 24px\"><a href=\"https:\/\/wp.ufpel.edu.br\/engenhariadepetroleo\/2025\/03\/31\/semestre-2025-01-horarios-e-solicitacao-de-flexibilizacao-de-pre-requisitos\/\"><em>Clique aqui<\/em><\/a><\/td>\n<\/tr>\n<tr style=\"height: 24px\">\n<td style=\"width: 39.3333%;height: 24px\"><strong>Geoprocessamento\u00a0<\/strong><\/td>\n<td style=\"width: 60.6667%;height: 24px\"><a href=\"https:\/\/wp.ufpel.edu.br\/geoprocessamento\/2025\/04\/horarios-e-salas-geoprocessamento-2025-1\/\"><em>Clique aqui<\/em><\/a><\/td>\n<\/tr>\n<tr style=\"height: 24px\">\n<td style=\"width: 39.3333%;height: 24px\"><strong>Engenharia Agr\u00edcola\u00a0<\/strong><\/td>\n<td style=\"width: 60.6667%;height: 24px\"><a href=\"https:\/\/wp.ufpel.edu.br\/ceng\/files\/2025\/04\/Horario-e-Salas-EA-2025.1-SALAS.pdf\"><em>Clique aqui<\/em><\/a><\/td>\n<\/tr>\n<tr style=\"height: 24px\">\n<td style=\"width: 39.3333%;height: 24px\"><strong>Engenharia de Produ\u00e7\u00e3o<\/strong><\/td>\n<td style=\"width: 60.6667%;height: 24px\"><a href=\"https:\/\/docs.google.com\/spreadsheets\/d\/1gw5cu3hkWUGiJaBzz8YnD1BGWGG0HKQ3\/edit?usp=sharing&amp;ouid=116361714280659716421&amp;rtpof=true&amp;sd=true\"><em>Clique aqui<\/em><\/a><\/td>\n<\/tr>\n<tr style=\"height: 24px\">\n<td style=\"width: 39.3333%;height: 24px\"><strong>Engenharia de Controle e Automa\u00e7\u00e3o<\/strong><\/td>\n<td style=\"width: 60.6667%;height: 24px\"><a href=\"https:\/\/wp.ufpel.edu.br\/ceca\/2025\/04\/04\/horarios-2025-1\/\"><em>Clique aqui<\/em><\/a><\/td>\n<\/tr>\n<tr style=\"height: 24px\">\n<td style=\"width: 39.3333%;height: 24px\"><strong>Engenharia Industrial Madeireira<\/strong><\/td>\n<td style=\"width: 60.6667%;height: 24px\"><a href=\"https:\/\/wp.ufpel.edu.br\/ceimad\/\"><em>Clique aqui<\/em><\/a><\/td>\n<\/tr>\n<\/tbody>\n<\/table>\n<h2><\/h2>\n<h2><strong>Cursos &#8211; Hor\u00e1rios 2024.2<\/strong><\/h2>\n<table style=\"border-collapse: collapse;width: 100%\" border=\"0\">\n<tbody>\n<tr style=\"height: 24px\">\n<td style=\"width: 39.3333%;height: 24px\"><strong>Engenharia Civil\u00a0<\/strong><\/td>\n<td style=\"width: 60.6667%;height: 24px\"><a href=\"https:\/\/wp.ufpel.edu.br\/engciv\/\"><em>Clique aqu<\/em>i<\/a><\/td>\n<\/tr>\n<tr style=\"height: 24px\">\n<td style=\"width: 39.3333%;height: 24px\"><strong>Ambiental e Sanit\u00e1ria\u00a0<\/strong><\/td>\n<td style=\"width: 60.6667%;height: 24px\"><a href=\"https:\/\/wp.ufpel.edu.br\/esa\/horarios-201402\/\"><em>Clique aqui<\/em><\/a><\/td>\n<\/tr>\n<tr style=\"height: 24px\">\n<td style=\"width: 39.3333%;height: 24px\"><strong>Engenharia Geol\u00f3gica\u00a0<\/strong><\/td>\n<td style=\"width: 60.6667%;height: 24px\"><a href=\"https:\/\/wp.ufpel.edu.br\/engenhariageologica\/2024\/11\/08\/horarios-salas-disciplinas-engenharia-geologica-2024-2-final-2\/\"><em>Clique aqui<\/em><\/a><\/td>\n<\/tr>\n<tr style=\"height: 24px\">\n<td style=\"width: 39.3333%;height: 22px\"><strong>Engenharia Eletr\u00f4nica\u00a0<\/strong><\/td>\n<td style=\"width: 60.6667%;height: 22px\"><a href=\"https:\/\/docs.google.com\/spreadsheets\/d\/1ouCwDrvgr5tiaHDQ4jVBfQe-gNNC2OvhRiND7xIb3Lg\/edit?usp=sharing\"><em>Clique aqui<\/em><\/a><\/td>\n<\/tr>\n<tr style=\"height: 24px\">\n<td style=\"width: 39.3333%;height: 24px\"><strong>Engenharia de Petr\u00f3leo\u00a0<\/strong><\/td>\n<td style=\"width: 60.6667%;height: 24px\"><a href=\"https:\/\/wp.ufpel.edu.br\/engenhariadepetroleo\/2024\/10\/21\/semestre-2024-02-horarios-e-solicitacao-de-quebra-de-pre-requisitos\/\"><em>Clique aqui<\/em><\/a><\/td>\n<\/tr>\n<tr style=\"height: 24px\">\n<td style=\"width: 39.3333%;height: 24px\"><strong>Geoprocessamento\u00a0<\/strong><\/td>\n<td style=\"width: 60.6667%;height: 24px\"><a href=\"https:\/\/wp.ufpel.edu.br\/geoprocessamento\/\"><em>Clique aqui<\/em><\/a><\/td>\n<\/tr>\n<tr style=\"height: 24px\">\n<td style=\"width: 39.3333%;height: 24px\"><strong>Engenharia Agr\u00edcola\u00a0<\/strong><\/td>\n<td style=\"width: 60.6667%;height: 24px\"><a href=\"https:\/\/wp.ufpel.edu.br\/ceng\/files\/2024\/11\/Horario-EA-2024.2-.pdf\"><em>Clique aqui<\/em><\/a><\/td>\n<\/tr>\n<tr style=\"height: 24px\">\n<td style=\"width: 39.3333%;height: 24px\"><strong>Engenharia de Produ\u00e7\u00e3o<\/strong><\/td>\n<td style=\"width: 60.6667%;height: 24px\"><a href=\"https:\/\/docs.google.com\/spreadsheets\/d\/1GHbTQIFo90O8cew7kr4-ne07XMWHCxkj\/edit?usp=sharing&amp;ouid=111679643495080970212&amp;rtpof=true&amp;sd=true\"><em>Clique aqui<\/em><\/a><\/td>\n<\/tr>\n<tr style=\"height: 24px\">\n<td style=\"width: 39.3333%;height: 24px\"><strong>Engenharia de Controle e Automa\u00e7\u00e3o<\/strong><\/td>\n<td style=\"width: 60.6667%;height: 24px\"><a href=\"https:\/\/docs.google.com\/spreadsheets\/d\/1D4U0XzyVUWTixTwtCS9H3sgZvO6IAruX_w70QgIsKQY\/edit?usp=sharing\"><em>Clique aqui<\/em><\/a><\/td>\n<\/tr>\n<tr style=\"height: 24px\">\n<td style=\"width: 39.3333%;height: 24px\"><strong>Engenharia Industrial Madeireira<\/strong><\/td>\n<td style=\"width: 60.6667%;height: 24px\"><a href=\"https:\/\/docs.google.com\/document\/d\/1LgYbDq7ZI8-TPBl9-bRPDxUqzYMcisv7\/edit?usp=sharing&amp;ouid=111679643495080970212&amp;rtpof=true&amp;sd=true\"><em>Clique aqui<\/em><\/a><\/td>\n<\/tr>\n<\/tbody>\n<\/table>\n<hr \/>\n<h2><strong>Cursos &#8211; Hor\u00e1rios 2024.1<\/strong><\/h2>\n<p><strong>Engenharia de Produ\u00e7\u00e3o<\/strong><\/p>\n<p>https:\/\/wp.ufpel.edu.br\/producao\/files\/2024\/03\/Pre%CC%81via-hora%CC%81rios-e-salas-de-aula_-V2.pdf<\/p>\n<p><strong>Engenharia Industrial Madeireira<\/strong><\/p>\n<p><a href=\"https:\/\/docs.google.com\/document\/d\/1CLWYHsGDZTaoiEIdOOA6l-A7XVsvVo91\/edit?rtpof=true&amp;sd=true\">Hor\u00e1rios Engenharia Ind. Madeireira 2024\/1<\/a><\/p>\n<p><strong>Engenharia de Petr\u00f3leo<\/strong><\/p>\n<p><a href=\"https:\/\/wp.ufpel.edu.br\/ceng\/files\/2024\/04\/Horarios-Engenharia-de-Petroleo-2024-1-SALAS-FINAL.pdf\">Hor\u00e1rios Engenharia de Petr\u00f3leo &#8211; 2024-1 SALAS FINAL<\/a><\/p>\n<p><strong>Engenharia Civil<\/strong><\/p>\n<p><a href=\"https:\/\/docs.google.com\/spreadsheets\/d\/1EREkxqOv-7hBP4xwCxupFZhHHNpZTHzgJJz4b1NrpTQ\/edit#gid=1235397758\">Hor\u00e1rios e Salas 2024\/1 Engenharia Civil<\/a><\/p>\n<p><strong>Geoprocessamento<\/strong><\/p>\n<p><a href=\"https:\/\/wp.ufpel.edu.br\/ceng\/files\/2024\/04\/Geoprocessamento-Ofertas-2024-1_SALAS-2.pdf\">Geoprocessamento-Ofertas-2024-1_SALAS (2)<\/a><\/p>\n<p><strong>Engenharia Ambiental e Sanit\u00e1ria<\/strong><\/p>\n<p>https:\/\/wp.ufpel.edu.br\/esa\/files\/2024\/04\/Horarios-EAS-2024-01_Salas-2.pdf<\/p>\n<p><strong>Engenharia Geol\u00f3gica<\/strong><\/p>\n<p>https:\/\/wp.ufpel.edu.br\/engenhariageologica\/files\/2024\/03\/Disciplinas-Geologica-2024.1.pdf<\/p>\n<p><strong>Engenharia de Controle e Automa\u00e7\u00e3o<\/strong><\/p>\n<p><a href=\"https:\/\/wp.ufpel.edu.br\/ceng\/files\/2024\/04\/Horarios-ECA-2024-1-NOVO.pdf\">Hor\u00e1rios ECA 2024-1 NOVO<\/a><\/p>\n<p><strong>Engenharia Eletr\u00f4nica<\/strong><\/p>\n<p><a href=\"https:\/\/wp.ufpel.edu.br\/cee\/files\/2024\/04\/Horarios-Eletronica-2024-1.pdf\">Hor\u00e1rios e salas Engenharia Eletr\u00f4nica 2024\/1<\/a><\/p>\n<p><strong>Engenharia Agr\u00edcola<\/strong><\/p>\n<p><a href=\"https:\/\/wp.ufpel.edu.br\/ceng\/files\/2024\/04\/Horario-e-Salas-EA-2024.1-V.4.pdf\">Hor\u00e1rio e Salas EA &#8211; 2024.1 V.4<\/a><\/p>\n<p>&nbsp;<\/p>\n<h2><strong>Cursos &#8211; Hor\u00e1rios 2023.2<\/strong><\/h2>\n<p><strong>Engenharia de Produ\u00e7\u00e3o<\/strong><\/p>\n<p><a href=\"https:\/\/wp.ufpel.edu.br\/ceng\/files\/2023\/10\/divulgacao-horarios-e-salas-producao.pdf\">divulga\u00e7\u00e3o hor\u00e1rios e salas produ\u00e7\u00e3o<\/a><\/p>\n<p><strong>Engenharia Industrial Madeireira<\/strong><\/p>\n<p><a href=\"https:\/\/docs.google.com\/document\/d\/11nfzR9LOEnho5P2aSJ6_a8ZocwgvsLNu\/edit\">Tabela de Hor\u00e1rios e salas EIM 2023.2<\/a><\/p>\n<p><strong>Engenharia de Petr\u00f3leo<\/strong><\/p>\n<p><a href=\"https:\/\/wp.ufpel.edu.br\/engenhariadepetroleo\/files\/2023\/10\/Horarios-Engenharia-de-Petroleo-2023-2-OFERTAS.pdf\">Tabela de Hor\u00e1rios e salas Engenharia de Petr\u00f3leo 2023.2<\/a><\/p>\n<p><strong>Engenharia Civil<\/strong><\/p>\n<p><a href=\"https:\/\/docs.google.com\/spreadsheets\/d\/1eDBKKU6Hkd0qoouC8zmKXqqiail6DKsR7vakgaAPEBs\/edit#gid=0\">Tabela de Hor\u00e1rios e salas Engenharia Civil 2023.2<\/a><\/p>\n<p><strong>Geoprocessamento<\/strong><\/p>\n<p><a href=\"https:\/\/wp.ufpel.edu.br\/geoprocessamento\/2023\/10\/horarios-e-salas-geoprocessamento-2023-2\/\">Tabela de Hor\u00e1rios e salas Geoprocessamento 2023.2<\/a><\/p>\n<p><strong>Engenharia Ambiental e Sanit\u00e1ria<\/strong><\/p>\n<p><a href=\"https:\/\/wp.ufpel.edu.br\/esa\/files\/2023\/10\/Horarios-EAS-2023-02-com-salas-1.pdf\">Tabela de Hor\u00e1rios e salas EAS 2023.2<\/a><\/p>\n<p><strong>Engenharia Geol\u00f3gica<\/strong><\/p>\n<p><a href=\"https:\/\/wp.ufpel.edu.br\/engenhariageologica\/files\/2023\/10\/Disciplinas-Geologica-2023.2_final.pdf\">Tabela de Hor\u00e1rios e salas Engenharia Geol\u00f3gica 2023.2<\/a><\/p>\n<p><strong>Engenharia de Controle e Automa\u00e7\u00e3o<\/strong><\/p>\n<p><a href=\"https:\/\/docs.google.com\/spreadsheets\/d\/1GXQP_q2isA6JCIZwJ3RGiwl2scFF34LXQWtLZVq_4ng\/edit#gid=693108221\">Tabela de Hor\u00e1rios e salas Engenharia de Controle e Automa\u00e7\u00e3o 2023.2<\/a><\/p>\n<p><strong>Engenharia Eletr\u00f4nica<\/strong><\/p>\n<p><a href=\"https:\/\/docs.google.com\/spreadsheets\/d\/117XmDRqZ0PBz7UxVOZV9XARMMxAgfTin-LTH3ZCVLfM\/edit#gid=693108221\">Tabela de Hor\u00e1rios e salas Engenharia Eletr\u00f4nica 2023.2<\/a><\/p>\n<p><strong>Engenharia Agr\u00edcola<\/strong><\/p>\n<p><a href=\"https:\/\/wp.ufpel.edu.br\/ceng\/files\/2023\/10\/Horario-EA-2023-02.docx-Atualizado.pdf\">Horario-EA-2023-02.docx Atualizado<\/a><\/p>\n<h2><strong>Cursos &#8211; Hor\u00e1rios 2023.1<\/strong><\/h2>\n<p><strong>Engenharia Agr\u00edcola<\/strong><\/p>\n<p><a href=\"https:\/\/wp.ufpel.edu.br\/ceng\/files\/2023\/06\/Horario-EA-2023.1-31.05.23.doc.x-1.pdf\">Hor\u00e1rio Engenharia Agr\u00edcola &#8211; 2023\/1 <\/a><\/p>\n<p><strong>Engenharia Civil<\/strong><\/p>\n<blockquote class=\"wp-embedded-content\" data-secret=\"i0tgsLhKUT\"><p><a href=\"https:\/\/wp.ufpel.edu.br\/engciv\/horarios-eng-civil-2023-1\/\">Hor\u00e1rios Eng. Civil 2023\/1<\/a><\/p><\/blockquote>\n<p><iframe class=\"wp-embedded-content\" sandbox=\"allow-scripts\" security=\"restricted\" style=\"position: absolute; visibility: hidden;\" title=\"&#8220;Hor\u00e1rios Eng. Civil 2023\/1&#8221; &#8212; Engenharia Civil - UFPEL\" src=\"https:\/\/wp.ufpel.edu.br\/engciv\/horarios-eng-civil-2023-1\/embed\/#?secret=LwBGXhoAlP#?secret=i0tgsLhKUT\" data-secret=\"i0tgsLhKUT\" width=\"500\" height=\"282\" frameborder=\"0\" marginwidth=\"0\" marginheight=\"0\" scrolling=\"no\"><\/iframe><\/p>\n<p><strong>Engenharia de Petr\u00f3leo<\/strong><\/p>\n<p><a href=\"https:\/\/drive.google.com\/file\/d\/10yK1SpvGIV3mYBdSP2JuT9OIrDjGIfE4\/view\">https:\/\/drive.google.com\/file\/d\/10yK1SpvGIV3mYBdSP2JuT9OIrDjGIfE4\/view<\/a><\/p>\n<p><strong>Engenharia Industrial Madeireira<\/strong><\/p>\n<blockquote class=\"wp-embedded-content\" data-secret=\"Wsu7kJxru4\"><p><a href=\"https:\/\/wp.ufpel.edu.br\/ceimad\/?p=5643\">Hor\u00e1rios 2023-1<\/a><\/p><\/blockquote>\n<p><iframe class=\"wp-embedded-content\" sandbox=\"allow-scripts\" security=\"restricted\" style=\"position: absolute; visibility: hidden;\" title=\"&#8220;Hor\u00e1rios 2023-1&#8221; &#8212; Engenharia Industrial Madeireira\" src=\"https:\/\/wp.ufpel.edu.br\/ceimad\/?p=5643&#038;embed=true#?secret=qve3b41RIJ#?secret=Wsu7kJxru4\" data-secret=\"Wsu7kJxru4\" width=\"500\" height=\"282\" frameborder=\"0\" marginwidth=\"0\" marginheight=\"0\" scrolling=\"no\"><\/iframe><\/p>\n<p><strong>Engenharia de Controle e Automa\u00e7\u00e3o\u00a0<\/strong><\/p>\n<blockquote class=\"wp-embedded-content\" data-secret=\"XTuA3T2vdx\"><p><a href=\"https:\/\/wp.ufpel.edu.br\/ceca\/grade-provisoria-de-horarios\/\">Hor\u00e1rios<\/a><\/p><\/blockquote>\n<p><iframe class=\"wp-embedded-content\" sandbox=\"allow-scripts\" security=\"restricted\" style=\"position: absolute; visibility: hidden;\" title=\"&#8220;Hor\u00e1rios&#8221; &#8212; Curso de Engenharia de Controle e Automa\u00e7\u00e3o\" src=\"https:\/\/wp.ufpel.edu.br\/ceca\/grade-provisoria-de-horarios\/embed\/#?secret=XCF0rj1Ccd#?secret=XTuA3T2vdx\" data-secret=\"XTuA3T2vdx\" width=\"500\" height=\"282\" frameborder=\"0\" marginwidth=\"0\" marginheight=\"0\" scrolling=\"no\"><\/iframe><\/p>\n<p><strong>Geoprocessamento<\/strong><\/p>\n<blockquote class=\"wp-embedded-content\" data-secret=\"KPuiVhKgQH\"><p><a href=\"https:\/\/wp.ufpel.edu.br\/geoprocessamento\/2023\/05\/horarios-e-salas-geoprocessamento-2023-1\/\">Hor\u00e1rios e Salas Geoprocessamento &#8211; 2023\/1<\/a><\/p><\/blockquote>\n<p><iframe class=\"wp-embedded-content\" sandbox=\"allow-scripts\" security=\"restricted\" style=\"position: absolute; visibility: hidden;\" title=\"&#8220;Hor\u00e1rios e Salas Geoprocessamento &#8211; 2023\/1&#8221; &#8212; Curso de Geoprocessamento\" src=\"https:\/\/wp.ufpel.edu.br\/geoprocessamento\/2023\/05\/horarios-e-salas-geoprocessamento-2023-1\/embed\/#?secret=LBpUIPwf7E#?secret=KPuiVhKgQH\" data-secret=\"KPuiVhKgQH\" width=\"500\" height=\"282\" frameborder=\"0\" marginwidth=\"0\" marginheight=\"0\" scrolling=\"no\"><\/iframe><\/p>\n<p><strong>Engenharia Geol\u00f3gica<\/strong><\/p>\n<p><a href=\"https:\/\/wp.ufpel.edu.br\/engenhariageologica\/\">https:\/\/wp.ufpel.edu.br\/engenhariageologica\/<\/a><\/p>\n<p><strong>Engenharia Eletr\u00f4nica\u00a0<\/strong><\/p>\n<p>https:\/\/wp.ufpel.edu.br\/cee\/grade-provisoria-de-horarios\/<\/p>\n<p><strong>Engenharia Ambiental e Sanit\u00e1ria<\/strong><\/p>\n<p>https:\/\/wp.ufpel.edu.br\/esa\/2023\/01\/24\/horarios-e-salas-previas-2022-2\/<\/p>\n<p><strong>Engenharia de Produ\u00e7\u00e3o\u00a0<\/strong><\/p>\n<blockquote class=\"wp-embedded-content\" data-secret=\"qw8kyvV8Cv\"><p><a href=\"https:\/\/wp.ufpel.edu.br\/producao\/2023\/05\/24\/horarios-2023-1-locais-e-salas-de-aula\/\">Hor\u00e1rios 2023-1: Locais e Salas de aula<\/a><\/p><\/blockquote>\n<p><iframe class=\"wp-embedded-content\" sandbox=\"allow-scripts\" security=\"restricted\" style=\"position: absolute; visibility: hidden;\" title=\"&#8220;Hor\u00e1rios 2023-1: Locais e Salas de aula&#8221; &#8212; Engenharia de Produ\u00e7\u00e3o\" src=\"https:\/\/wp.ufpel.edu.br\/producao\/2023\/05\/24\/horarios-2023-1-locais-e-salas-de-aula\/embed\/#?secret=rCGLvDAxQN#?secret=qw8kyvV8Cv\" data-secret=\"qw8kyvV8Cv\" width=\"500\" height=\"282\" frameborder=\"0\" marginwidth=\"0\" marginheight=\"0\" scrolling=\"no\"><\/iframe><\/p>\n<p>&nbsp;<\/p>\n","protected":false},"excerpt":{"rendered":"<p>Cursos &#8211; Hor\u00e1rios 2026.1 Hor\u00e1rios Engenharia Ambiental e Sanit\u00e1ria 2026_1 Hor\u00e1rios Engenharia Agr\u00edcola 2026_1 Hor\u00e1rios Engenharia de Produ\u00e7\u00e3o 2026_1 Hor\u00e1rios Engenharia Civil 2026_1 Hor\u00e1rios Engenharia de Controle e Automa\u00e7\u00e3o 2026_1 Hor\u00e1rios Engenharia de Petr\u00f3leo 2026_1 Hor\u00e1rios Engenharia Eletronica 2026_1 Hor\u00e1rios Engenharia Geologica 2026_1 Hor\u00e1rios Engenharia Industrial Madeireira 2026_1 Hor\u00e1rios Geoprocessamento 2026_1 Cursos &#8211; Hor\u00e1rios 2025.2 [&hellip;]<\/p>\n","protected":false},"author":67,"featured_media":0,"parent":0,"menu_order":0,"comment_status":"closed","ping_status":"closed","template":"","meta":{"footnotes":""},"class_list":["post-3189","page","type-page","status-publish","hentry"],"publishpress_future_action":{"enabled":false,"date":"2026-05-15 19:17:14","action":"change-status","newStatus":"draft","terms":[],"taxonomy":"","extraData":[]},"publishpress_future_workflow_manual_trigger":{"enabledWorkflows":[]},"_links":{"self":[{"href":"https:\/\/wp.ufpel.edu.br\/ceng\/wp-json\/wp\/v2\/pages\/3189","targetHints":{"allow":["GET"]}}],"collection":[{"href":"https:\/\/wp.ufpel.edu.br\/ceng\/wp-json\/wp\/v2\/pages"}],"about":[{"href":"https:\/\/wp.ufpel.edu.br\/ceng\/wp-json\/wp\/v2\/types\/page"}],"author":[{"embeddable":true,"href":"https:\/\/wp.ufpel.edu.br\/ceng\/wp-json\/wp\/v2\/users\/67"}],"replies":[{"embeddable":true,"href":"https:\/\/wp.ufpel.edu.br\/ceng\/wp-json\/wp\/v2\/comments?post=3189"}],"version-history":[{"count":4,"href":"https:\/\/wp.ufpel.edu.br\/ceng\/wp-json\/wp\/v2\/pages\/3189\/revisions"}],"predecessor-version":[{"id":12609,"href":"https:\/\/wp.ufpel.edu.br\/ceng\/wp-json\/wp\/v2\/pages\/3189\/revisions\/12609"}],"wp:attachment":[{"href":"https:\/\/wp.ufpel.edu.br\/ceng\/wp-json\/wp\/v2\/media?parent=3189"}],"curies":[{"name":"wp","href":"https:\/\/api.w.org\/{rel}","templated":true}]}}