{"id":2722,"date":"2018-01-29T08:23:51","date_gmt":"2018-01-29T10:23:51","guid":{"rendered":"https:\/\/wp.ufpel.edu.br\/ceng\/?page_id=2722"},"modified":"2018-01-29T09:13:16","modified_gmt":"2018-01-29T11:13:16","slug":"certificacao-de-projetos-de-extensao","status":"publish","type":"page","link":"https:\/\/wp.ufpel.edu.br\/ceng\/camaras\/extensao\/certificacao-de-projetos-de-extensao\/","title":{"rendered":"Certifica\u00e7\u00e3o de Projetos de Extens\u00e3o"},"content":{"rendered":"<p>A Pr\u00f3-Reitoria de Extens\u00e3o e Cultura (PREC) informa que\u00a0haver\u00e1 mudan\u00e7a nos procedimentos\u00a0para certifica\u00e7\u00e3o dos Projetos\u00a0de Extens\u00e3o. Salientando\u00a0que, desde 2017, o registro dos Projetos Extens\u00e3o realizado no m\u00f3dulo \u201cProjetos Unificados\u201d do Cobalto.<\/p>\n<p>Para projetos neste contexto comunicamos aos coordenadores de projetos e a\u00e7\u00f5es que para certificar pelo Cobalto\u00a0(os certificados s\u00e3o disponibilizados de forma eletr\u00f4nica para os participantes e colaboradores) \u00e9 necess\u00e1rio o\u00a0CPF e o e-mail do membro a ser certificado al\u00e9m dos outros de comumente solicitados (nome, carga hor\u00e1ria, condi\u00e7\u00e3o de participa\u00e7\u00e3o, etc).<\/p>\n<p>Com isso, destacamos que para a\u00e7\u00f5es cursos e eventos que certificam\u00a0p\u00fablico alvo,\u00a0\u00e9 essencial que no momento da inscri\u00e7\u00e3o os participantes informem nome completo (sem abreviaturas), n\u00ba do CPF (ou passaporte se estrangeiro) e e-mail.\u00a0Tais\u00a0dados s\u00e3o imprescind\u00edveis para emiss\u00e3o do certificado no m\u00f3dulo espec\u00edfico do Cobalto.<\/p>\n<p><a href=\"https:\/\/drive.google.com\/file\/d\/1n-oJddZALU9t_JU1na1Vxzio3RvNv4xK\/view?usp=sharing\">Instru\u00e7\u00f5es para Solicita\u00e7\u00e3o de Certificados Eletr\u00f4nicos de Extens\u00e3o<\/a><\/p>\n<p><a href=\"https:\/\/drive.google.com\/file\/d\/1J865kTNnao7z2di0vb2DXWjQpXjODfE5\/view?usp=sharing\">Certifica\u00e7\u00e3o &#8211; Projetos &#8211; A\u00e7\u00f5es<\/a><\/p>\n<p><a href=\"https:\/\/drive.google.com\/file\/d\/1m7geZqT0Fao794mi9vM2clyMeapPS5k5\/view?usp=sharing\">Certifica\u00e7\u00e3o &#8211; Evento &#8211; Apresenta\u00e7\u00e3o de trabalho<\/a><\/p>\n","protected":false},"excerpt":{"rendered":"<p>A Pr\u00f3-Reitoria de Extens\u00e3o e Cultura (PREC) informa que\u00a0haver\u00e1 mudan\u00e7a nos procedimentos\u00a0para certifica\u00e7\u00e3o dos Projetos\u00a0de Extens\u00e3o. Salientando\u00a0que, desde 2017, o registro dos Projetos Extens\u00e3o realizado no m\u00f3dulo \u201cProjetos Unificados\u201d do Cobalto. Para projetos neste contexto comunicamos aos coordenadores de projetos e a\u00e7\u00f5es que para certificar pelo Cobalto\u00a0(os certificados s\u00e3o disponibilizados de forma eletr\u00f4nica para os [&hellip;]<\/p>\n","protected":false},"author":67,"featured_media":0,"parent":413,"menu_order":0,"comment_status":"closed","ping_status":"closed","template":"","meta":{"footnotes":""},"class_list":["post-2722","page","type-page","status-publish","hentry"],"publishpress_future_action":{"enabled":false,"date":"2026-05-04 14:33:50","action":"change-status","newStatus":"draft","terms":[],"taxonomy":"","extraData":[]},"publishpress_future_workflow_manual_trigger":{"enabledWorkflows":[]},"_links":{"self":[{"href":"https:\/\/wp.ufpel.edu.br\/ceng\/wp-json\/wp\/v2\/pages\/2722","targetHints":{"allow":["GET"]}}],"collection":[{"href":"https:\/\/wp.ufpel.edu.br\/ceng\/wp-json\/wp\/v2\/pages"}],"about":[{"href":"https:\/\/wp.ufpel.edu.br\/ceng\/wp-json\/wp\/v2\/types\/page"}],"author":[{"embeddable":true,"href":"https:\/\/wp.ufpel.edu.br\/ceng\/wp-json\/wp\/v2\/users\/67"}],"replies":[{"embeddable":true,"href":"https:\/\/wp.ufpel.edu.br\/ceng\/wp-json\/wp\/v2\/comments?post=2722"}],"version-history":[{"count":3,"href":"https:\/\/wp.ufpel.edu.br\/ceng\/wp-json\/wp\/v2\/pages\/2722\/revisions"}],"predecessor-version":[{"id":2731,"href":"https:\/\/wp.ufpel.edu.br\/ceng\/wp-json\/wp\/v2\/pages\/2722\/revisions\/2731"}],"up":[{"embeddable":true,"href":"https:\/\/wp.ufpel.edu.br\/ceng\/wp-json\/wp\/v2\/pages\/413"}],"wp:attachment":[{"href":"https:\/\/wp.ufpel.edu.br\/ceng\/wp-json\/wp\/v2\/media?parent=2722"}],"curies":[{"name":"wp","href":"https:\/\/api.w.org\/{rel}","templated":true}]}}

Certificação de Projetos de Extensão

<p>A Pró-Reitoria de Extensão e Cultura (PREC) informa que haverá mudança nos procedimentos para certificação dos Projetos de Extensão. Salientando que, desde 2017, o registro dos Projetos Extensão realizado no módulo “Projetos Unificados” do Cobalto.</p>
<p>Para projetos neste contexto comunicamos aos coordenadores de projetos e ações que para certificar pelo Cobalto (os certificados são disponibilizados de forma eletrônica para os participantes e colaboradores) é necessário o CPF e o e-mail do membro a ser certificado além dos outros de comumente solicitados (nome, carga horária, condição de participação, etc).</p>
<p>Com isso, destacamos que para ações cursos e eventos que certificam público alvo, é essencial que no momento da inscrição os participantes informem nome completo (sem abreviaturas), nº do CPF (ou passaporte se estrangeiro) e e-mail. Tais dados são imprescindíveis para emissão do certificado no módulo específico do Cobalto.</p>
<p><a href="https://drive.google.com/file/d/1n-oJddZALU9t_JU1na1Vxzio3RvNv4xK/view?usp=sharing">Instruções para Solicitação de Certificados Eletrônicos de Extensão</a></p>
<p><a href="https://drive.google.com/file/d/1J865kTNnao7z2di0vb2DXWjQpXjODfE5/view?usp=sharing">Certificação &#8211; Projetos &#8211; Ações</a></p>
<p><a href="https://drive.google.com/file/d/1m7geZqT0Fao794mi9vM2clyMeapPS5k5/view?usp=sharing">Certificação &#8211; Evento &#8211; Apresentação de trabalho</a></p>

<p>A Pró-Reitoria de Extensão e Cultura (PREC) informa que haverá mudança nos procedimentos para certificação dos Projetos de Extensão. Salientando que, desde 2017, o registro dos Projetos Extensão realizado no módulo “Projetos Unificados” do Cobalto. Para projetos neste contexto comunicamos aos coordenadores de projetos e ações que para certificar pelo Cobalto (os certificados são disponibilizados de forma eletrônica para os [&hellip;]</p>
