{"id":2068,"date":"2017-10-02T08:39:50","date_gmt":"2017-10-02T11:39:50","guid":{"rendered":"https:\/\/wp.ufpel.edu.br\/ceng\/?page_id=2068"},"modified":"2018-09-05T16:49:35","modified_gmt":"2018-09-05T19:49:35","slug":"manual-formaturas","status":"publish","type":"page","link":"https:\/\/wp.ufpel.edu.br\/ceng\/manual-formaturas\/","title":{"rendered":"Manual de Formaturas"},"content":{"rendered":"<p><a href=\"https:\/\/drive.google.com\/file\/d\/0B9b7AE9F7KpsMDNvTmNCZFdxcDQ\/view?usp=sharing\">Manual de Formaturas &#8211; UFPel<\/a> &#8211; Orienta\u00e7\u00f5es a serem seguidas pelos formandos e Comiss\u00f5es de Formatura.<\/p>\n","protected":false},"excerpt":{"rendered":"<p>Manual de Formaturas &#8211; UFPel &#8211; Orienta\u00e7\u00f5es a serem seguidas pelos formandos e Comiss\u00f5es de Formatura.<\/p>\n","protected":false},"author":67,"featured_media":0,"parent":0,"menu_order":0,"comment_status":"closed","ping_status":"closed","template":"","meta":{"footnotes":""},"class_list":["post-2068","page","type-page","status-publish","hentry"],"publishpress_future_action":{"enabled":false,"date":"2026-04-17 12:16:07","action":"change-status","newStatus":"draft","terms":[],"taxonomy":"","extraData":[]},"publishpress_future_workflow_manual_trigger":{"enabledWorkflows":[]},"_links":{"self":[{"href":"https:\/\/wp.ufpel.edu.br\/ceng\/wp-json\/wp\/v2\/pages\/2068","targetHints":{"allow":["GET"]}}],"collection":[{"href":"https:\/\/wp.ufpel.edu.br\/ceng\/wp-json\/wp\/v2\/pages"}],"about":[{"href":"https:\/\/wp.ufpel.edu.br\/ceng\/wp-json\/wp\/v2\/types\/page"}],"author":[{"embeddable":true,"href":"https:\/\/wp.ufpel.edu.br\/ceng\/wp-json\/wp\/v2\/users\/67"}],"replies":[{"embeddable":true,"href":"https:\/\/wp.ufpel.edu.br\/ceng\/wp-json\/wp\/v2\/comments?post=2068"}],"version-history":[{"count":11,"href":"https:\/\/wp.ufpel.edu.br\/ceng\/wp-json\/wp\/v2\/pages\/2068\/revisions"}],"predecessor-version":[{"id":4173,"href":"https:\/\/wp.ufpel.edu.br\/ceng\/wp-json\/wp\/v2\/pages\/2068\/revisions\/4173"}],"wp:attachment":[{"href":"https:\/\/wp.ufpel.edu.br\/ceng\/wp-json\/wp\/v2\/media?parent=2068"}],"curies":[{"name":"wp","href":"https:\/\/api.w.org\/{rel}","templated":true}]}}