{"id":1606,"date":"2017-03-23T16:37:05","date_gmt":"2017-03-23T19:37:05","guid":{"rendered":"https:\/\/wp.ufpel.edu.br\/ceng\/?page_id=1606"},"modified":"2018-02-26T09:10:44","modified_gmt":"2018-02-26T12:10:44","slug":"documentos-extensao","status":"publish","type":"page","link":"https:\/\/wp.ufpel.edu.br\/ceng\/camaras\/extensao\/documentos-extensao\/","title":{"rendered":"Documentos"},"content":{"rendered":"<p>Documentos da C\u00e2mara de Extens\u00e3o:<\/p>\n<p><a href=\"https:\/\/drive.google.com\/file\/d\/1_86_2AYNrpQM0kdqKbK39L_lVMt6oxqm\/view?usp=sharing\">Portaria 061\/2017<\/a>\u00a0do Centro de Engenharias da UFPEL, que define os integrantes da C\u00e2mara de Extens\u00e3o.<\/p>\n<p><a href=\"https:\/\/drive.google.com\/file\/d\/1iK8Fz7aiGJJwBH5NqohBzTl7uciLMW2i\/view?usp=sharing\">Portaria 062\/2017<\/a>\u00a0do Centro de Engenharias da UFPEL, que nomeia a Coordenadora e Coordenador Adjunto da C\u00e2mara de Extens\u00e3o.<\/p>\n<p><a href=\"https:\/\/wp.ufpel.edu.br\/ceng\/camaras\/extensao\/orientacoes-para-cadastro-de-projetos-de-extensao\/\">Orienta\u00e7\u00e3o para Cadastro de Projetos de Extens\u00e3o<\/a><\/p>\n<p><a href=\"https:\/\/drive.google.com\/file\/d\/0B9b7AE9F7KpseU1DcTg0elFaLUk\/view?usp=sharing\">Modelo de Parecer &#8211; Projetos de Extens\u00e3o<\/a><\/p>\n","protected":false},"excerpt":{"rendered":"<p>Documentos da C\u00e2mara de Extens\u00e3o: Portaria 061\/2017\u00a0do Centro de Engenharias da UFPEL, que define os integrantes da C\u00e2mara de Extens\u00e3o. Portaria 062\/2017\u00a0do Centro de Engenharias da UFPEL, que nomeia a Coordenadora e Coordenador Adjunto da C\u00e2mara de Extens\u00e3o. Orienta\u00e7\u00e3o para Cadastro de Projetos de Extens\u00e3o Modelo de Parecer &#8211; Projetos de Extens\u00e3o<\/p>\n","protected":false},"author":67,"featured_media":0,"parent":413,"menu_order":0,"comment_status":"closed","ping_status":"closed","template":"","meta":{"footnotes":""},"class_list":["post-1606","page","type-page","status-publish","hentry"],"publishpress_future_action":{"enabled":false,"date":"2026-05-05 21:07:48","action":"change-status","newStatus":"draft","terms":[],"taxonomy":"","extraData":[]},"publishpress_future_workflow_manual_trigger":{"enabledWorkflows":[]},"_links":{"self":[{"href":"https:\/\/wp.ufpel.edu.br\/ceng\/wp-json\/wp\/v2\/pages\/1606","targetHints":{"allow":["GET"]}}],"collection":[{"href":"https:\/\/wp.ufpel.edu.br\/ceng\/wp-json\/wp\/v2\/pages"}],"about":[{"href":"https:\/\/wp.ufpel.edu.br\/ceng\/wp-json\/wp\/v2\/types\/page"}],"author":[{"embeddable":true,"href":"https:\/\/wp.ufpel.edu.br\/ceng\/wp-json\/wp\/v2\/users\/67"}],"replies":[{"embeddable":true,"href":"https:\/\/wp.ufpel.edu.br\/ceng\/wp-json\/wp\/v2\/comments?post=1606"}],"version-history":[{"count":3,"href":"https:\/\/wp.ufpel.edu.br\/ceng\/wp-json\/wp\/v2\/pages\/1606\/revisions"}],"predecessor-version":[{"id":2828,"href":"https:\/\/wp.ufpel.edu.br\/ceng\/wp-json\/wp\/v2\/pages\/1606\/revisions\/2828"}],"up":[{"embeddable":true,"href":"https:\/\/wp.ufpel.edu.br\/ceng\/wp-json\/wp\/v2\/pages\/413"}],"wp:attachment":[{"href":"https:\/\/wp.ufpel.edu.br\/ceng\/wp-json\/wp\/v2\/media?parent=1606"}],"curies":[{"name":"wp","href":"https:\/\/api.w.org\/{rel}","templated":true}]}}

<p>Documentos da Câmara de Extensão:</p>
<p><a href="https://drive.google.com/file/d/1_86_2AYNrpQM0kdqKbK39L_lVMt6oxqm/view?usp=sharing">Portaria 061/2017</a> do Centro de Engenharias da UFPEL, que define os integrantes da Câmara de Extensão.</p>
<p><a href="https://drive.google.com/file/d/1iK8Fz7aiGJJwBH5NqohBzTl7uciLMW2i/view?usp=sharing">Portaria 062/2017</a> do Centro de Engenharias da UFPEL, que nomeia a Coordenadora e Coordenador Adjunto da Câmara de Extensão.</p>
<p><a href="https://wp.ufpel.edu.br/ceng/camaras/extensao/orientacoes-para-cadastro-de-projetos-de-extensao/">Orientação para Cadastro de Projetos de Extensão</a></p>
<p><a href="https://drive.google.com/file/d/0B9b7AE9F7KpseU1DcTg0elFaLUk/view?usp=sharing">Modelo de Parecer &#8211; Projetos de Extensão</a></p>

<p>Documentos da Câmara de Extensão: Portaria 061/2017 do Centro de Engenharias da UFPEL, que define os integrantes da Câmara de Extensão. Portaria 062/2017 do Centro de Engenharias da UFPEL, que nomeia a Coordenadora e Coordenador Adjunto da Câmara de Extensão. Orientação para Cadastro de Projetos de Extensão Modelo de Parecer &#8211; Projetos de Extensão</p>
