{"id":10336,"date":"2022-08-23T16:09:08","date_gmt":"2022-08-23T19:09:08","guid":{"rendered":"https:\/\/wp.ufpel.edu.br\/ceng\/?page_id=10336"},"modified":"2023-04-17T15:28:27","modified_gmt":"2023-04-17T18:28:27","slug":"portaria-nde","status":"publish","type":"page","link":"https:\/\/wp.ufpel.edu.br\/ceng\/portaria-nde\/","title":{"rendered":"Portaria NDE"},"content":{"rendered":"<p>Portaria NDE &#8211; Engenharia de Produ\u00e7\u00e3o &#8211; <a href=\"https:\/\/wp.ufpel.edu.br\/ceng\/files\/2022\/08\/Portaria-Interna-8-1.pdf\">Portaria 8 NDE<\/a><\/p>\n<p>Portaria NDE &#8211; Engenharia Eletr\u00f4nica &#8211; <a href=\"https:\/\/wp.ufpel.edu.br\/ceng\/files\/2022\/08\/Portaria-34-NDE-1.pdf\">Portaria 34 NDE<\/a><\/p>\n<p>Portaria NDE &#8211; Engenharia de Petr\u00f3leo &#8211; <a href=\"https:\/\/wp.ufpel.edu.br\/ceng\/files\/2023\/04\/SEI_UFPel-2094053-NDE-Petroleo.pdf\">SEI_UFPel &#8211; 2094053 &#8211; NDE Petr\u00f3leo<\/a><\/p>\n<p>Portaria NDE &#8211; Engenharia Geol\u00f3gica &#8211; <a href=\"https:\/\/wp.ufpel.edu.br\/ceng\/files\/2023\/04\/SEI_UFPel-2082735-NDE-Geologica.pdf\">SEI_UFPel &#8211; 2082735 &#8211; NDE Geol\u00f3gica<\/a><\/p>\n<p>Portaria NDE &#8211; Engenharia Ambiental e Sanit\u00e1ria &#8211; <a href=\"https:\/\/wp.ufpel.edu.br\/ceng\/files\/2023\/04\/SEI_UFPel-1426902-NDE-Ambiental.pdf\">SEI_UFPel &#8211; 1426902 &#8211; NDE Ambiental<\/a><\/p>\n<p>Portaria NDE &#8211; Engenharia de Controle e Automa\u00e7\u00e3o &#8211; <a href=\"https:\/\/wp.ufpel.edu.br\/ceng\/files\/2023\/04\/SEI_UFPel-1944097-NDE-ECA.pdf\">SEI_UFPel &#8211; 1944097 &#8211; NDE ECA<\/a><\/p>\n<p>Portaria NDE &#8211; Engenharia Agr\u00edcola &#8211;<\/p>\n<p>Portaria NDE &#8211; Engenharia Industrial Madeireira &#8211;<\/p>\n<p>Portaria NDE &#8211; Engenharia Civil &#8211;<\/p>\n<p>Portaria NDE &#8211; Geoprocessamento &#8211;<\/p>\n","protected":false},"excerpt":{"rendered":"<p>Portaria NDE &#8211; Engenharia de Produ\u00e7\u00e3o &#8211; Portaria 8 NDE Portaria NDE &#8211; Engenharia Eletr\u00f4nica &#8211; Portaria 34 NDE Portaria NDE &#8211; Engenharia de Petr\u00f3leo &#8211; SEI_UFPel &#8211; 2094053 &#8211; NDE Petr\u00f3leo Portaria NDE &#8211; Engenharia Geol\u00f3gica &#8211; SEI_UFPel &#8211; 2082735 &#8211; NDE Geol\u00f3gica Portaria NDE &#8211; Engenharia Ambiental e Sanit\u00e1ria &#8211; SEI_UFPel &#8211; 1426902 [&hellip;]<\/p>\n","protected":false},"author":67,"featured_media":0,"parent":0,"menu_order":0,"comment_status":"closed","ping_status":"closed","template":"","meta":{"footnotes":""},"class_list":["post-10336","page","type-page","status-publish","hentry"],"publishpress_future_action":{"enabled":false,"date":"2026-04-19 21:35:47","action":"change-status","newStatus":"draft","terms":[],"taxonomy":"","extraData":[]},"publishpress_future_workflow_manual_trigger":{"enabledWorkflows":[]},"_links":{"self":[{"href":"https:\/\/wp.ufpel.edu.br\/ceng\/wp-json\/wp\/v2\/pages\/10336","targetHints":{"allow":["GET"]}}],"collection":[{"href":"https:\/\/wp.ufpel.edu.br\/ceng\/wp-json\/wp\/v2\/pages"}],"about":[{"href":"https:\/\/wp.ufpel.edu.br\/ceng\/wp-json\/wp\/v2\/types\/page"}],"author":[{"embeddable":true,"href":"https:\/\/wp.ufpel.edu.br\/ceng\/wp-json\/wp\/v2\/users\/67"}],"replies":[{"embeddable":true,"href":"https:\/\/wp.ufpel.edu.br\/ceng\/wp-json\/wp\/v2\/comments?post=10336"}],"version-history":[{"count":6,"href":"https:\/\/wp.ufpel.edu.br\/ceng\/wp-json\/wp\/v2\/pages\/10336\/revisions"}],"predecessor-version":[{"id":11082,"href":"https:\/\/wp.ufpel.edu.br\/ceng\/wp-json\/wp\/v2\/pages\/10336\/revisions\/11082"}],"wp:attachment":[{"href":"https:\/\/wp.ufpel.edu.br\/ceng\/wp-json\/wp\/v2\/media?parent=10336"}],"curies":[{"name":"wp","href":"https:\/\/api.w.org\/{rel}","templated":true}]}}