{"id":5187,"date":"2021-03-31T21:46:18","date_gmt":"2021-04-01T00:46:18","guid":{"rendered":"https:\/\/wp.ufpel.edu.br\/ceimad\/?page_id=5187"},"modified":"2021-03-31T21:46:18","modified_gmt":"2021-04-01T00:46:18","slug":"nucleo-docente-estruturante","status":"publish","type":"page","link":"https:\/\/wp.ufpel.edu.br\/ceimad\/?page_id=5187","title":{"rendered":"N\u00facleo Docente Estruturante"},"content":{"rendered":"<p style=\"text-align: justify\"><span style=\"font-weight: 400\">O N\u00facleo Docente Estruturante do Curso de Gradua\u00e7\u00e3o em Engenharia Industrial Madeireira, conforme Resolu\u00e7\u00e3o N\u00ba 01, de 17 de Junho de 2010, da Comiss\u00e3o\u00a0 Nacional de Avalia\u00e7\u00e3o da Educa\u00e7\u00e3o Superior (CONAES) e a Resolu\u00e7\u00e3o N\u00ba 22, de 19 de Julho de 2018, do COCEPE, constitui-se de um grupo de docentes, com atribui\u00e7\u00f5es acad\u00eamicas de acompanhamento, atuante no processo de concep\u00e7\u00e3o, consolida\u00e7\u00e3o e cont\u00ednua atualiza\u00e7\u00e3o do Projeto Pedag\u00f3gico do Curso.<\/span><\/p>\n","protected":false},"excerpt":{"rendered":"<p>O N\u00facleo Docente Estruturante do Curso de Gradua\u00e7\u00e3o em Engenharia Industrial Madeireira, conforme Resolu\u00e7\u00e3o N\u00ba 01, de 17 de Junho de 2010, da Comiss\u00e3o\u00a0 Nacional de Avalia\u00e7\u00e3o da Educa\u00e7\u00e3o Superior (CONAES) e a Resolu\u00e7\u00e3o N\u00ba 22, de 19 de Julho de 2018, do COCEPE, constitui-se de um grupo de docentes, com atribui\u00e7\u00f5es acad\u00eamicas de acompanhamento, [&hellip;]<\/p>\n","protected":false},"author":51,"featured_media":0,"parent":0,"menu_order":0,"comment_status":"closed","ping_status":"closed","template":"","meta":{"_crdt_document":"","footnotes":""},"class_list":["post-5187","page","type-page","status-publish","hentry"],"publishpress_future_action":{"enabled":false,"date":"2026-05-23 12:56:15","action":"change-status","newStatus":"draft","terms":[],"taxonomy":"","extraData":[]},"publishpress_future_workflow_manual_trigger":{"enabledWorkflows":[]},"_links":{"self":[{"href":"https:\/\/wp.ufpel.edu.br\/ceimad\/index.php?rest_route=\/wp\/v2\/pages\/5187","targetHints":{"allow":["GET"]}}],"collection":[{"href":"https:\/\/wp.ufpel.edu.br\/ceimad\/index.php?rest_route=\/wp\/v2\/pages"}],"about":[{"href":"https:\/\/wp.ufpel.edu.br\/ceimad\/index.php?rest_route=\/wp\/v2\/types\/page"}],"author":[{"embeddable":true,"href":"https:\/\/wp.ufpel.edu.br\/ceimad\/index.php?rest_route=\/wp\/v2\/users\/51"}],"replies":[{"embeddable":true,"href":"https:\/\/wp.ufpel.edu.br\/ceimad\/index.php?rest_route=%2Fwp%2Fv2%2Fcomments&post=5187"}],"version-history":[{"count":1,"href":"https:\/\/wp.ufpel.edu.br\/ceimad\/index.php?rest_route=\/wp\/v2\/pages\/5187\/revisions"}],"predecessor-version":[{"id":5189,"href":"https:\/\/wp.ufpel.edu.br\/ceimad\/index.php?rest_route=\/wp\/v2\/pages\/5187\/revisions\/5189"}],"wp:attachment":[{"href":"https:\/\/wp.ufpel.edu.br\/ceimad\/index.php?rest_route=%2Fwp%2Fv2%2Fmedia&parent=5187"}],"curies":[{"name":"wp","href":"https:\/\/api.w.org\/{rel}","templated":true}]}}