{"id":2,"date":"2010-03-31T09:32:07","date_gmt":"2010-03-31T12:32:07","guid":{"rendered":""},"modified":"2021-03-31T20:15:10","modified_gmt":"2021-03-31T23:15:10","slug":"sobre","status":"publish","type":"page","link":"https:\/\/wp.ufpel.edu.br\/ceimad\/?page_id=2","title":{"rendered":"Sobre o Curso"},"content":{"rendered":"<p><strong>Objetivos<\/strong><\/p>\n<p style=\"text-align: justify\">Formar um profissional qualificado apto a aplicar os conhecimentos de engenharia e, gerenciar ind\u00fastrias manufaturadoras de produtos a partir da madeira, para tal os profissionais devem possuir o conhecimento da qualidade da madeira como mat\u00e9ria prima, dos processos de transforma\u00e7\u00e3o mec\u00e2nica e produ\u00e7\u00e3o, desenvolvimento de projetos e produtos, conhecimentos nas \u00e1reas de administra\u00e7\u00e3o, economia, marketing, com\u00e9rcio exterior, inform\u00e1tica, e possu\u00edrem conhecimentos na \u00e1rea da engenharia relacionada, devendo estar consciente e atuante na sociedade da qual participa.<\/p>\n<p><strong>Dura\u00e7\u00e3o do curso<\/strong>: 5 (cinco) anos<\/p>\n<p><strong>Egresso do curso:\u00a0<\/strong>Engenheiro Industrial Madeireiro<\/p>\n<p><strong>Perfil do Profissional Egresso<\/strong><\/p>\n<p style=\"text-align: justify\">O Curso de Engenharia Industrial Madeireira da Universidade Federal de Pelotas visa formar profissionais com uma percep\u00e7\u00e3o global e multidisciplinar, e com o seguinte perfil:<br \/>\nConsistente forma\u00e7\u00e3o em conte\u00fados b\u00e1sicos (Express\u00e3o Gr\u00e1fica, F\u00edsica, Inform\u00e1tica, Matem\u00e1tica, Qu\u00edmica, entre outras) e profissionalizantes das Engenharias (Ger\u00eancia de Produ\u00e7\u00e3o, Gest\u00e3o Ambiental, Mec\u00e2nica Aplicada, Processos de Fabrica\u00e7\u00e3o, Qualidade, Transporte e Log\u00edstica, entre outras);<br \/>\nConsolidado conhecimento t\u00e9cnico-cient\u00edfico da mat\u00e9ria-prima madeira e dos processos de sua transforma\u00e7\u00e3o, obtidos pelos conte\u00fados das disciplinas espec\u00edficas (Anatomia da Madeira, Propriedades F\u00edsicas Mec\u00e2nicas e Qu\u00edmicas da Madeira, Serrarias, Secagem e Preserva\u00e7\u00e3o da Madeira, Pain\u00e9is de Madeira, Celulose e Papel, entre outras);<br \/>\nAl\u00e9m dos conhecimentos t\u00e9cnico-cient\u00edficos o egresso do curso conta com a forma\u00e7\u00e3o human\u00edstica balizada pela \u00e9tica e comprometida com o pleno exerc\u00edcio da cidadania.<\/p>\n<p><strong>\u00c1reas de atua\u00e7\u00e3o<\/strong><\/p>\n<p>Setores Industriais Madeireiros:<\/p>\n<ul>\n<li>Processamento mec\u00e2nico da madeira: obten\u00e7\u00e3o de madeira serrada e secagem da madeira;<\/li>\n<li>Usinagem da madeira: produ\u00e7\u00e3o de molduras, portas, esquadrias para uso na constru\u00e7\u00e3o civil, embalagens e m\u00f3veis;<\/li>\n<li>Produ\u00e7\u00e3o de produtos de Maior Valor Agregado \u2013 PMVA, tais como: pisos de madeira s\u00f3lida e engenheirada, al\u00e9m de pain\u00e9is colados lateralmente \u2013 EGP (<em>Edge Glued Panel<\/em>);<\/li>\n<li>Pain\u00e9is de Madeira Reconstitu\u00edda: compensados multilaminados e sarrafeados, pain\u00e9is de part\u00edculas \u2013 MDP (<em>Medium Density Particleboard<\/em>), pain\u00e9is de fibras \u2013 MDF (<em>Medium Density Fiberboard<\/em>), chapas duras e pain\u00e9is isolantes;<\/li>\n<li>Ind\u00fastria de celulose e papel;<\/li>\n<li>Gera\u00e7\u00e3o de energia por meio da biomassa florestal (produtos e processos de gera\u00e7\u00e3o);<\/li>\n<li>Produtos estruturais em Madeira (elementos estruturais em madeira maci\u00e7a e reconstitu\u00edda);<\/li>\n<li>Ind\u00fastria qu\u00edmica de tratamento de madeira, etc;<\/li>\n<li>Ind\u00fastria qu\u00edmica de adesivos e para acabamentos em madeira;<\/li>\n<li>Ind\u00fastria de transforma\u00e7\u00e3o qu\u00edmica da madeira;<\/li>\n<li>Assessoria t\u00e9cnica e gerenciamento de projetos no setor madeireiro.<\/li>\n<\/ul>\n<p><span style=\"color: #0000ff\"><a style=\"color: #0000ff\" href=\"https:\/\/institucional.ufpel.edu.br\/cursos\/cod\/5200#curriculo\" target=\"_blank\" rel=\"noopener noreferrer\"><strong>Matriz Curricular <\/strong><\/a><\/span><\/p>\n","protected":false},"excerpt":{"rendered":"<p>Objetivos Formar um profissional qualificado apto a aplicar os conhecimentos de engenharia e, gerenciar ind\u00fastrias manufaturadoras de produtos a partir da madeira, para tal os profissionais devem possuir o conhecimento da qualidade da madeira como mat\u00e9ria prima, dos processos de transforma\u00e7\u00e3o mec\u00e2nica e produ\u00e7\u00e3o, desenvolvimento de projetos e produtos, conhecimentos nas \u00e1reas de administra\u00e7\u00e3o, economia, [&hellip;]<\/p>\n","protected":false},"author":51,"featured_media":0,"parent":372,"menu_order":1,"comment_status":"closed","ping_status":"closed","template":"","meta":{"footnotes":""},"class_list":["post-2","page","type-page","status-publish","hentry"],"publishpress_future_action":{"enabled":false,"date":"2026-05-22 02:42:55","action":"change-status","newStatus":"draft","terms":[],"taxonomy":"","extraData":[]},"publishpress_future_workflow_manual_trigger":{"enabledWorkflows":[]},"_links":{"self":[{"href":"https:\/\/wp.ufpel.edu.br\/ceimad\/index.php?rest_route=\/wp\/v2\/pages\/2","targetHints":{"allow":["GET"]}}],"collection":[{"href":"https:\/\/wp.ufpel.edu.br\/ceimad\/index.php?rest_route=\/wp\/v2\/pages"}],"about":[{"href":"https:\/\/wp.ufpel.edu.br\/ceimad\/index.php?rest_route=\/wp\/v2\/types\/page"}],"author":[{"embeddable":true,"href":"https:\/\/wp.ufpel.edu.br\/ceimad\/index.php?rest_route=\/wp\/v2\/users\/51"}],"replies":[{"embeddable":true,"href":"https:\/\/wp.ufpel.edu.br\/ceimad\/index.php?rest_route=%2Fwp%2Fv2%2Fcomments&post=2"}],"version-history":[{"count":16,"href":"https:\/\/wp.ufpel.edu.br\/ceimad\/index.php?rest_route=\/wp\/v2\/pages\/2\/revisions"}],"predecessor-version":[{"id":5155,"href":"https:\/\/wp.ufpel.edu.br\/ceimad\/index.php?rest_route=\/wp\/v2\/pages\/2\/revisions\/5155"}],"up":[{"embeddable":true,"href":"https:\/\/wp.ufpel.edu.br\/ceimad\/index.php?rest_route=\/wp\/v2\/pages\/372"}],"wp:attachment":[{"href":"https:\/\/wp.ufpel.edu.br\/ceimad\/index.php?rest_route=%2Fwp%2Fv2%2Fmedia&parent=2"}],"curies":[{"name":"wp","href":"https:\/\/api.w.org\/{rel}","templated":true}]}}