{"id":958,"date":"2017-11-28T09:02:02","date_gmt":"2017-11-28T11:02:02","guid":{"rendered":"https:\/\/wp.ufpel.edu.br\/ceihe\/?page_id=958"},"modified":"2017-12-17T09:56:24","modified_gmt":"2017-12-17T11:56:24","slug":"lajeado","status":"publish","type":"page","link":"https:\/\/wp.ufpel.edu.br\/ceihe\/lajeado\/","title":{"rendered":"Lajeado"},"content":{"rendered":"<table border=\"0\" width=\"513\">\n<tbody>\n<tr>\n<td style=\"width: 200px\"><a href=\"https:\/\/wp.ufpel.edu.br\/ceihe\/files\/2017\/11\/1-1-FILEminimizer-6.jpg\"><img class=\"alignleft size-thumbnail wp-image-977\" src=\"https:\/\/wp.ufpel.edu.br\/ceihe\/files\/2017\/11\/1-1-FILEminimizer-6-200x200.jpg\" alt=\"\" width=\"200\" height=\"200\" \/><\/a><\/td>\n<td style=\"vertical-align: top\">\n<p>&nbsp;<\/p>\n<p><span style=\"font-family: tahoma, arial, helvetica, sans-serif\">MUNIC\u00cdPIO DE LAJEADO \u2013 Lei de or\u00e7amento da receita e despesa do Munic\u00edpio de Lajeado para o exerc\u00edcio de 1905. Typografpia de W. Rotermund, S\u00e3o Leopoldo, 1905.<\/span><\/p>\n<p><span style=\"font-family: tahoma, arial, helvetica, sans-serif\">\u00a0<\/span><\/td>\n<\/tr>\n<\/tbody>\n<\/table>\n<p>&nbsp;<\/p>\n<table border=\"0\" width=\"513\">\n<tbody>\n<tr>\n<td style=\"width: 200px\"><a href=\"https:\/\/wp.ufpel.edu.br\/ceihe\/files\/2017\/11\/1-2-FILEminimizer-6.jpg\"><img class=\"alignleft size-thumbnail wp-image-979\" src=\"https:\/\/wp.ufpel.edu.br\/ceihe\/files\/2017\/11\/1-2-FILEminimizer-6-200x200.jpg\" alt=\"\" width=\"200\" height=\"200\" \/><\/a><\/td>\n<td style=\"vertical-align: top\">\n<p>&nbsp;<\/p>\n<p><span style=\"font-family: tahoma, arial, helvetica, sans-serif\">INTEND\u00caNCIA MUNICIPIAL DE LAJEADO \u2013 Ato n\u00ba 641 \u2013 Lei de or\u00e7amento da receita e despesa do Munic\u00edpio de Lajeado para o ano de 1917, Typ. A. Closs &amp; CIA. Lajeado, 1916.<\/span><\/p>\n<p><span style=\"font-family: tahoma, arial, helvetica, sans-serif\">\u00a0<\/span><\/td>\n<\/tr>\n<\/tbody>\n<\/table>\n<p>&nbsp;<\/p>\n<table border=\"0\" width=\"513\">\n<tbody>\n<tr>\n<td style=\"width: 200px\"><a href=\"https:\/\/wp.ufpel.edu.br\/ceihe\/files\/2017\/11\/1-3-FILEminimizer-5.jpg\"><img class=\"alignleft size-thumbnail wp-image-980\" src=\"https:\/\/wp.ufpel.edu.br\/ceihe\/files\/2017\/11\/1-3-FILEminimizer-5-200x200.jpg\" alt=\"\" width=\"200\" height=\"200\" \/><\/a><\/td>\n<td style=\"vertical-align: top\">\n<p><span style=\"font-family: tahoma, arial, helvetica, sans-serif\">\u00a0<\/span><\/p>\n<p><span style=\"font-family: tahoma, arial, helvetica, sans-serif\">INTEND\u00caNCIA MUNICIPIAL DE LAJEADO \u2013 Ato n\u00ba 712 \u2013 Lei de or\u00e7amento da receita e despesa do Munic\u00edpio de Lajeado para o ano de 1918. Typ. Bernhardt &amp; Ztek, Lajeado,1917.<\/span><\/p>\n<p><span style=\"font-family: tahoma, arial, helvetica, sans-serif\">\u00a0<\/span><\/td>\n<\/tr>\n<\/tbody>\n<\/table>\n<p>&nbsp;<\/p>\n","protected":false},"excerpt":{"rendered":"<p>&nbsp; MUNIC\u00cdPIO DE LAJEADO \u2013 Lei de or\u00e7amento da receita e despesa do Munic\u00edpio de Lajeado para o exerc\u00edcio de 1905. Typografpia de W. Rotermund, S\u00e3o Leopoldo, 1905. \u00a0 &nbsp; &nbsp; INTEND\u00caNCIA MUNICIPIAL DE LAJEADO \u2013 Ato n\u00ba 641 \u2013 Lei de or\u00e7amento da receita e despesa do Munic\u00edpio de Lajeado para o ano de [&hellip;]<\/p>\n","protected":false},"author":777,"featured_media":0,"parent":0,"menu_order":0,"comment_status":"closed","ping_status":"closed","template":"","meta":{"footnotes":""},"class_list":["post-958","page","type-page","status-publish","hentry"],"_links":{"self":[{"href":"https:\/\/wp.ufpel.edu.br\/ceihe\/wp-json\/wp\/v2\/pages\/958","targetHints":{"allow":["GET"]}}],"collection":[{"href":"https:\/\/wp.ufpel.edu.br\/ceihe\/wp-json\/wp\/v2\/pages"}],"about":[{"href":"https:\/\/wp.ufpel.edu.br\/ceihe\/wp-json\/wp\/v2\/types\/page"}],"author":[{"embeddable":true,"href":"https:\/\/wp.ufpel.edu.br\/ceihe\/wp-json\/wp\/v2\/users\/777"}],"replies":[{"embeddable":true,"href":"https:\/\/wp.ufpel.edu.br\/ceihe\/wp-json\/wp\/v2\/comments?post=958"}],"version-history":[{"count":4,"href":"https:\/\/wp.ufpel.edu.br\/ceihe\/wp-json\/wp\/v2\/pages\/958\/revisions"}],"predecessor-version":[{"id":1352,"href":"https:\/\/wp.ufpel.edu.br\/ceihe\/wp-json\/wp\/v2\/pages\/958\/revisions\/1352"}],"wp:attachment":[{"href":"https:\/\/wp.ufpel.edu.br\/ceihe\/wp-json\/wp\/v2\/media?parent=958"}],"curies":[{"name":"wp","href":"https:\/\/api.w.org\/{rel}","templated":true}]}}