{"id":907,"date":"2017-11-28T08:33:40","date_gmt":"2017-11-28T10:33:40","guid":{"rendered":"https:\/\/wp.ufpel.edu.br\/ceihe\/?page_id=907"},"modified":"2017-12-12T11:26:18","modified_gmt":"2017-12-12T13:26:18","slug":"gravatahy","status":"publish","type":"page","link":"https:\/\/wp.ufpel.edu.br\/ceihe\/gravatahy\/","title":{"rendered":"Gravatahy"},"content":{"rendered":"<table border=\"0\" width=\"513\">\n<tbody>\n<tr>\n<td style=\"width: 200px\"><a href=\"https:\/\/wp.ufpel.edu.br\/ceihe\/files\/2017\/11\/1-1-FILEminimizer-3.jpg\"><img class=\"alignleft size-thumbnail wp-image-924\" src=\"https:\/\/wp.ufpel.edu.br\/ceihe\/files\/2017\/11\/1-1-FILEminimizer-3-200x200.jpg\" alt=\"\" width=\"200\" height=\"200\" \/><\/a><\/td>\n<td style=\"vertical-align: top\">\n<p>&nbsp;<\/p>\n<p><span style=\"font-family: tahoma, arial, helvetica, sans-serif\">MUNIC\u00cdPIO DE GRAVATAHY. Relat\u00f3rio e Lei do or\u00e7amento da receita e despeza para o exerc\u00edcio de 1903, Typographia do Centro, Porto Alegre, 1903.<\/span><\/p>\n<p><span style=\"font-family: tahoma, arial, helvetica, sans-serif\">\u00a0<\/span><\/td>\n<\/tr>\n<\/tbody>\n<\/table>\n<p>&nbsp;<\/p>\n<table border=\"0\" width=\"513\">\n<tbody>\n<tr>\n<td style=\"width: 200px\"><a href=\"https:\/\/wp.ufpel.edu.br\/ceihe\/files\/2017\/11\/1-2-FILEminimizer-3.jpg\"><img class=\"alignleft size-thumbnail wp-image-926\" src=\"https:\/\/wp.ufpel.edu.br\/ceihe\/files\/2017\/11\/1-2-FILEminimizer-3-200x200.jpg\" alt=\"\" width=\"200\" height=\"200\" \/><\/a><\/td>\n<td style=\"vertical-align: top\">\n<p>&nbsp;<\/p>\n<p><span style=\"font-family: tahoma, arial, helvetica, sans-serif\">MUNIC\u00cdPIO DE GRAVATAHY. Relat\u00f3rio e Lei do or\u00e7amento da receita e despesa para o exerc\u00edcio de 1904, Officinas Typographicas d\u2019A Federa\u00e7\u00e3o, Porto Alegre, 1904.<\/span><\/p>\n<p><span style=\"font-family: tahoma, arial, helvetica, sans-serif\">\u00a0<\/span><\/td>\n<\/tr>\n<\/tbody>\n<\/table>\n<p>&nbsp;<\/p>\n<table border=\"0\" width=\"513\">\n<tbody>\n<tr>\n<td style=\"width: 200px\"><a href=\"https:\/\/wp.ufpel.edu.br\/ceihe\/files\/2017\/11\/1-3-FILEminimizer-3.jpg\"><img class=\"alignleft size-thumbnail wp-image-927\" src=\"https:\/\/wp.ufpel.edu.br\/ceihe\/files\/2017\/11\/1-3-FILEminimizer-3-200x200.jpg\" alt=\"\" width=\"200\" height=\"200\" \/><\/a><\/td>\n<td style=\"vertical-align: top\"><span style=\"font-family: tahoma, arial, helvetica, sans-serif\">MUNIC\u00cdPIO DE GRAVATAHY. Relat\u00f3rio e Lei do or\u00e7amento da receita e despesa para o exerc\u00edcio de 1905, Officinas Typographicas d\u2019A Federa\u00e7\u00e3o, Porto Alegre, 1905.<\/span><\/td>\n<\/tr>\n<\/tbody>\n<\/table>\n<p>&nbsp;<\/p>\n<table border=\"0\" width=\"513\">\n<tbody>\n<tr>\n<td style=\"width: 200px\"><a href=\"https:\/\/wp.ufpel.edu.br\/ceihe\/files\/2017\/11\/1-4-FILEminimizer-4.jpg\"><img class=\"alignleft size-thumbnail wp-image-928\" src=\"https:\/\/wp.ufpel.edu.br\/ceihe\/files\/2017\/11\/1-4-FILEminimizer-4-200x200.jpg\" alt=\"\" width=\"200\" height=\"200\" \/><\/a><\/td>\n<td style=\"vertical-align: top\"><span style=\"font-family: tahoma, arial, helvetica, sans-serif\">MUNIC\u00cdPIO DE GRAVATAHY. Relat\u00f3rio e Lei do or\u00e7amento da receita e despesa para o exerc\u00edcio de 1906, Officinas Typographicas d\u2019A Federa\u00e7\u00e3o, Porto Alegre, 1905.<\/span><\/td>\n<\/tr>\n<\/tbody>\n<\/table>\n<p>&nbsp;<\/p>\n<table border=\"0\" width=\"513\">\n<tbody>\n<tr>\n<td style=\"width: 200px\"><a href=\"https:\/\/wp.ufpel.edu.br\/ceihe\/files\/2017\/11\/1-5-FILEminimizer-2.jpg\"><img class=\"alignleft size-thumbnail wp-image-929\" src=\"https:\/\/wp.ufpel.edu.br\/ceihe\/files\/2017\/11\/1-5-FILEminimizer-2-200x200.jpg\" alt=\"\" width=\"200\" height=\"200\" \/><\/a><\/td>\n<td style=\"vertical-align: top\">\n<p><span style=\"font-family: tahoma, arial, helvetica, sans-serif\">MUNIC\u00cdPIO DE GRAVATAHY. Relat\u00f3rio apresentado ao Conselho Municipal pelo Intendente Tenente Coronel Ant\u00f4nio Afonso De Jesus, em 20 de setembro de 1907, Lei do or\u00e7amento para o exerc\u00edcio de 1908, Officinas Typographicas d\u2019A Federa\u00e7\u00e3o, Porto Alegre, 1908.<\/span><\/p>\n<p><span style=\"font-family: tahoma, arial, helvetica, sans-serif\">.<\/span><\/td>\n<\/tr>\n<\/tbody>\n<\/table>\n<p>&nbsp;<\/p>\n<table border=\"0\" width=\"513\">\n<tbody>\n<tr>\n<td style=\"width: 200px\"><a href=\"https:\/\/wp.ufpel.edu.br\/ceihe\/files\/2017\/11\/1-6-FILEminimizer-2.jpg\"><img class=\"alignleft size-thumbnail wp-image-930\" src=\"https:\/\/wp.ufpel.edu.br\/ceihe\/files\/2017\/11\/1-6-FILEminimizer-2-200x200.jpg\" alt=\"\" width=\"200\" height=\"200\" \/><\/a><\/td>\n<td style=\"vertical-align: top\"><span style=\"font-family: tahoma, arial, helvetica, sans-serif\">MUNIC\u00cdPIO DE GRAVATAHY. Relat\u00f3rio 1910. Apresentado ao Conselho Municipal pelo Intendente Tenente Coronel Ernesto Ant\u00f4nio Gomes, Lei do or\u00e7amento para 1910, Officinas Graphicas da Livraria do Globo de L.P. Barcelos &amp;Cia, Porto Alegre, 1910.<\/span><\/td>\n<\/tr>\n<\/tbody>\n<\/table>\n<p>&nbsp;<\/p>\n<table border=\"0\" width=\"513\">\n<tbody>\n<tr>\n<td style=\"width: 200px\"><a href=\"https:\/\/wp.ufpel.edu.br\/ceihe\/files\/2017\/11\/1-7-FILEminimizer-2.jpg\"><img class=\"alignleft size-thumbnail wp-image-931\" src=\"https:\/\/wp.ufpel.edu.br\/ceihe\/files\/2017\/11\/1-7-FILEminimizer-2-200x200.jpg\" alt=\"\" width=\"200\" height=\"200\" \/><\/a><\/td>\n<td style=\"vertical-align: top\"><span style=\"font-family: tahoma, arial, helvetica, sans-serif\">MUNIC\u00cdPIO DE GRAVATAHY. Relat\u00f3rio apresentado ao Conselho Municipal pelo Intendente Tenente Coronel Ernesto Ant\u00f4nio Gomes, Lei do or\u00e7amento para 1911, Officinas Typographicas d\u2019A Federa\u00e7\u00e3o, Porto Alegre, 1911.<\/span><\/td>\n<\/tr>\n<\/tbody>\n<\/table>\n<p>&nbsp;<\/p>\n<table border=\"0\" width=\"513\">\n<tbody>\n<tr>\n<td style=\"width: 200px\"><a href=\"https:\/\/wp.ufpel.edu.br\/ceihe\/files\/2017\/11\/1-8-FILEminimizer-1.jpg\"><img class=\"alignleft size-thumbnail wp-image-932\" src=\"https:\/\/wp.ufpel.edu.br\/ceihe\/files\/2017\/11\/1-8-FILEminimizer-1-200x200.jpg\" alt=\"\" width=\"200\" height=\"200\" \/><\/a><\/td>\n<td style=\"vertical-align: top\"><span style=\"font-family: tahoma, arial, helvetica, sans-serif\">MUNIC\u00cdPIO DE GRAVATAHY. Relat\u00f3rio apresentado ao Conselho Municipal pelo Vice- Intendente Capit\u00e3o Jos\u00e9 Alves Pereira, em sess\u00e3o de 20 de setembro de 1911,\u00a0 Lei do or\u00e7amento para 1912 Officinas Graphicas da Livraria do Globo de L.P. Barcelos &amp;Cia, Porto Alegre, 1912.<\/span><\/td>\n<\/tr>\n<\/tbody>\n<\/table>\n<p>&nbsp;<\/p>\n<table border=\"0\" width=\"513\">\n<tbody>\n<tr>\n<td style=\"width: 200px\"><a href=\"https:\/\/wp.ufpel.edu.br\/ceihe\/files\/2017\/11\/1-9-FILEminimizer-1.jpg\"><img class=\"alignleft size-thumbnail wp-image-933\" src=\"https:\/\/wp.ufpel.edu.br\/ceihe\/files\/2017\/11\/1-9-FILEminimizer-1-200x200.jpg\" alt=\"\" width=\"200\" height=\"200\" \/><\/a><\/td>\n<td style=\"vertical-align: top\"><span style=\"font-family: tahoma, arial, helvetica, sans-serif\">MUNIC\u00cdPIO DE GRAVATAHY. Relat\u00f3rio apresentado ao Conselho Municipal pelo Vice- Intendente Capit\u00e3o Jos\u00e9 Alves Pereira, em sess\u00e3o Ordin\u00e1ria de 20 de setembro de 1912, Lei do or\u00e7amento da receita e despesa para exerc\u00edcio de 1913, Officinas Graphicas da Livraria do Globo, Porto Alegre, 1912.<\/span><\/td>\n<\/tr>\n<\/tbody>\n<\/table>\n<p>&nbsp;<\/p>\n<table border=\"0\" width=\"513\">\n<tbody>\n<tr>\n<td style=\"width: 200px\"><a href=\"https:\/\/wp.ufpel.edu.br\/ceihe\/files\/2017\/11\/1-10-FILEminimizer-1.jpg\"><img class=\"alignleft size-thumbnail wp-image-934\" src=\"https:\/\/wp.ufpel.edu.br\/ceihe\/files\/2017\/11\/1-10-FILEminimizer-1-200x200.jpg\" alt=\"\" width=\"200\" height=\"200\" \/><\/a><\/td>\n<td style=\"vertical-align: top\"><span style=\"font-family: tahoma, arial, helvetica, sans-serif\">PREFEITURA MUNICIPAL DE GRAVATAHY. Relat\u00f3rios de 1929 e 1930. Apresentado pelo Prefeito municipal Tenente Coronel Jo\u00e3o Candido Machado, Lei do or\u00e7amento para o exerc\u00edcio de 1931 Officinas Graphicas da Livraria do Globo, Porto Alegre, 1931.<\/span><\/td>\n<\/tr>\n<\/tbody>\n<\/table>\n<p>&nbsp;<\/p>\n<table border=\"0\" width=\"513\">\n<tbody>\n<tr>\n<td style=\"width: 200px\"><a href=\"https:\/\/wp.ufpel.edu.br\/ceihe\/files\/2017\/12\/1-11-FILEminimizer.jpg\"><img class=\"alignleft size-thumbnail wp-image-1178\" src=\"https:\/\/wp.ufpel.edu.br\/ceihe\/files\/2017\/12\/1-11-FILEminimizer-200x200.jpg\" alt=\"\" width=\"200\" height=\"200\" \/><\/a><\/td>\n<td>\u00a0<span style=\"font-family: tahoma, arial, helvetica, sans-serif\">MUNIC\u00cdPIO DE GRAVATAHY. Relat\u00f3rio apresentado ao Conselho Municipal pelo Intendente Major Dem\u00e9trio Alves Da Silva, em 20 de setembro de 1927, projeto de or\u00e7amento para 1928, Lei do or\u00e7amento e despesa para o exerc\u00edcio de 1928, Officinas Graphicas d\u2019A Federa\u00e7\u00e3o, Porto Alegre, 1928.<\/span><\/td>\n<\/tr>\n<\/tbody>\n<\/table>\n<table border=\"0\" width=\"513\">\n<tbody>\n<tr>\n<td style=\"width: 200px\"><a href=\"https:\/\/wp.ufpel.edu.br\/ceihe\/files\/2017\/11\/1-12-FILEminimizer-1.jpg\"><img class=\"alignleft size-thumbnail wp-image-935\" src=\"https:\/\/wp.ufpel.edu.br\/ceihe\/files\/2017\/11\/1-12-FILEminimizer-1-200x200.jpg\" alt=\"\" width=\"200\" height=\"200\" \/><\/a><\/td>\n<td style=\"vertical-align: top\">\u00a0<span style=\"font-family: tahoma, arial, helvetica, sans-serif\">PREFEITURA MUNICIPAL DE GRAVATAHY. Lei N\u00ba 88 de 31 de dezembro de 1935. Or\u00e7a a receita e despesa para o exerc\u00edcio de 1936. Officinas Graphicas da Livraria do Globo, Porto Alegre.<\/span><\/td>\n<\/tr>\n<\/tbody>\n<\/table>\n<p>&nbsp;<\/p>\n","protected":false},"excerpt":{"rendered":"<p>&nbsp; MUNIC\u00cdPIO DE GRAVATAHY. Relat\u00f3rio e Lei do or\u00e7amento da receita e despeza para o exerc\u00edcio de 1903, Typographia do Centro, Porto Alegre, 1903. \u00a0 &nbsp; &nbsp; MUNIC\u00cdPIO DE GRAVATAHY. Relat\u00f3rio e Lei do or\u00e7amento da receita e despesa para o exerc\u00edcio de 1904, Officinas Typographicas d\u2019A Federa\u00e7\u00e3o, Porto Alegre, 1904. \u00a0 &nbsp; MUNIC\u00cdPIO DE [&hellip;]<\/p>\n","protected":false},"author":777,"featured_media":0,"parent":0,"menu_order":0,"comment_status":"closed","ping_status":"closed","template":"","meta":{"footnotes":""},"class_list":["post-907","page","type-page","status-publish","hentry"],"_links":{"self":[{"href":"https:\/\/wp.ufpel.edu.br\/ceihe\/wp-json\/wp\/v2\/pages\/907","targetHints":{"allow":["GET"]}}],"collection":[{"href":"https:\/\/wp.ufpel.edu.br\/ceihe\/wp-json\/wp\/v2\/pages"}],"about":[{"href":"https:\/\/wp.ufpel.edu.br\/ceihe\/wp-json\/wp\/v2\/types\/page"}],"author":[{"embeddable":true,"href":"https:\/\/wp.ufpel.edu.br\/ceihe\/wp-json\/wp\/v2\/users\/777"}],"replies":[{"embeddable":true,"href":"https:\/\/wp.ufpel.edu.br\/ceihe\/wp-json\/wp\/v2\/comments?post=907"}],"version-history":[{"count":4,"href":"https:\/\/wp.ufpel.edu.br\/ceihe\/wp-json\/wp\/v2\/pages\/907\/revisions"}],"predecessor-version":[{"id":1179,"href":"https:\/\/wp.ufpel.edu.br\/ceihe\/wp-json\/wp\/v2\/pages\/907\/revisions\/1179"}],"wp:attachment":[{"href":"https:\/\/wp.ufpel.edu.br\/ceihe\/wp-json\/wp\/v2\/media?parent=907"}],"curies":[{"name":"wp","href":"https:\/\/api.w.org\/{rel}","templated":true}]}}