{"id":872,"date":"2017-11-28T08:10:39","date_gmt":"2017-11-28T10:10:39","guid":{"rendered":"https:\/\/wp.ufpel.edu.br\/ceihe\/?page_id=872"},"modified":"2017-12-03T19:08:30","modified_gmt":"2017-12-03T21:08:30","slug":"dom-pedrito","status":"publish","type":"page","link":"https:\/\/wp.ufpel.edu.br\/ceihe\/dom-pedrito\/","title":{"rendered":"Dom Pedrito"},"content":{"rendered":"<table border=\"0\" width=\"513\">\n<tbody>\n<tr>\n<td style=\"width: 200px\"><a href=\"https:\/\/wp.ufpel.edu.br\/ceihe\/files\/2017\/11\/1-2-FILEminimizer-1.jpg\"><img class=\"alignleft size-thumbnail wp-image-880\" src=\"https:\/\/wp.ufpel.edu.br\/ceihe\/files\/2017\/11\/1-2-FILEminimizer-1-200x200.jpg\" alt=\"\" width=\"200\" height=\"200\" \/><\/a><\/td>\n<td style=\"vertical-align: top\">\n<p>&nbsp;<\/p>\n<p><span style=\"font-family: tahoma, arial, helvetica, sans-serif\">MUNIC\u00cdPIO DE DOM PEDRITO. Relat\u00f3rio 1904. Relat\u00f3rio do Intendente apresentada em 12 de outubro de 1904 e Lei n\u00ba. 36 do or\u00e7amento para 1905 apresentada 12 de novembro de 1904, off. Imprensa a vapor da livraria Echenique Irm\u00e3os &amp; C. Pelotas, Dom Pedrito, 1904.<\/span><\/p>\n<p>&nbsp;<\/td>\n<\/tr>\n<\/tbody>\n<\/table>\n<p>&nbsp;<\/p>\n<table border=\"0\" width=\"513\">\n<tbody>\n<tr>\n<td style=\"width: 200px\"><a href=\"https:\/\/wp.ufpel.edu.br\/ceihe\/files\/2017\/11\/1-3-FILEminimizer-1.jpg\"><img class=\"alignleft size-thumbnail wp-image-881\" src=\"https:\/\/wp.ufpel.edu.br\/ceihe\/files\/2017\/11\/1-3-FILEminimizer-1-200x200.jpg\" alt=\"\" width=\"200\" height=\"200\" \/><\/a><\/td>\n<td style=\"vertical-align: top\">\n<p>&nbsp;<\/p>\n<p><span style=\"font-family: tahoma, arial, helvetica, sans-serif\">MUNIC\u00cdPIO DE DOM PEDRITO. Relat\u00f3rio do Intendente\u00a0 em 12 de outubro de 1907 e Lei n\u00ba. 43 do or\u00e7amento para 1908 apresentada 22 de novembro de 1907, off. Livraria Universal de Echenique Irm\u00e3os &amp; C. Pelotas, Dom Pedrito, 1907.<\/span><\/p>\n<p>&nbsp;<\/td>\n<\/tr>\n<\/tbody>\n<\/table>\n<p>&nbsp;<\/p>\n<table border=\"0\" width=\"513\">\n<tbody>\n<tr>\n<td style=\"width: 200px\"><a href=\"https:\/\/wp.ufpel.edu.br\/ceihe\/files\/2017\/11\/1-4-FILEminimizer-2.jpg\"><img class=\"alignleft size-thumbnail wp-image-882\" src=\"https:\/\/wp.ufpel.edu.br\/ceihe\/files\/2017\/11\/1-4-FILEminimizer-2-200x200.jpg\" alt=\"\" width=\"200\" height=\"200\" \/><\/a><\/td>\n<td style=\"vertical-align: top\">\n<p>&nbsp;<\/p>\n<p><span style=\"font-family: tahoma, arial, helvetica, sans-serif\">MUNIC\u00cdPIO DE DOM PEDRITO. Relat\u00f3rio 1913. Apresentado ao conselho municipal em 12 de outubro de 1913 pelo Intendente Dr. Arthur Trilha de Lemos, off. Livraria Universal de Echenique Irm\u00e3os &amp; C. Pelotas, Dom Pedrito, 1913.<\/span><\/p>\n<p>&nbsp;<\/td>\n<\/tr>\n<\/tbody>\n<\/table>\n<p><\/p>\n","protected":false},"excerpt":{"rendered":"<p>&nbsp; MUNIC\u00cdPIO DE DOM PEDRITO. Relat\u00f3rio 1904. Relat\u00f3rio do Intendente apresentada em 12 de outubro de 1904 e Lei n\u00ba. 36 do or\u00e7amento para 1905 apresentada 12 de novembro de 1904, off. Imprensa a vapor da livraria Echenique Irm\u00e3os &amp; C. Pelotas, Dom Pedrito, 1904. &nbsp; &nbsp; &nbsp; MUNIC\u00cdPIO DE DOM PEDRITO. Relat\u00f3rio do Intendente\u00a0 [&hellip;]<\/p>\n","protected":false},"author":777,"featured_media":0,"parent":0,"menu_order":0,"comment_status":"closed","ping_status":"closed","template":"","meta":{"footnotes":""},"class_list":["post-872","page","type-page","status-publish","hentry"],"_links":{"self":[{"href":"https:\/\/wp.ufpel.edu.br\/ceihe\/wp-json\/wp\/v2\/pages\/872","targetHints":{"allow":["GET"]}}],"collection":[{"href":"https:\/\/wp.ufpel.edu.br\/ceihe\/wp-json\/wp\/v2\/pages"}],"about":[{"href":"https:\/\/wp.ufpel.edu.br\/ceihe\/wp-json\/wp\/v2\/types\/page"}],"author":[{"embeddable":true,"href":"https:\/\/wp.ufpel.edu.br\/ceihe\/wp-json\/wp\/v2\/users\/777"}],"replies":[{"embeddable":true,"href":"https:\/\/wp.ufpel.edu.br\/ceihe\/wp-json\/wp\/v2\/comments?post=872"}],"version-history":[{"count":5,"href":"https:\/\/wp.ufpel.edu.br\/ceihe\/wp-json\/wp\/v2\/pages\/872\/revisions"}],"predecessor-version":[{"id":1157,"href":"https:\/\/wp.ufpel.edu.br\/ceihe\/wp-json\/wp\/v2\/pages\/872\/revisions\/1157"}],"wp:attachment":[{"href":"https:\/\/wp.ufpel.edu.br\/ceihe\/wp-json\/wp\/v2\/media?parent=872"}],"curies":[{"name":"wp","href":"https:\/\/api.w.org\/{rel}","templated":true}]}}

<table border="0" width="513">
<tbody>
<tr>
<td style="width: 200px"><a href="https://wp.ufpel.edu.br/ceihe/files/2017/11/1-2-FILEminimizer-1.jpg"><img class="alignleft size-thumbnail wp-image-880" src="https://wp.ufpel.edu.br/ceihe/files/2017/11/1-2-FILEminimizer-1-200x200.jpg" alt="" width="200" height="200" /></a></td>
<td style="vertical-align: top">
<p>&nbsp;</p>
<p><span style="font-family: tahoma, arial, helvetica, sans-serif">MUNICÍPIO DE DOM PEDRITO. Relatório 1904. Relatório do Intendente apresentada em 12 de outubro de 1904 e Lei nº. 36 do orçamento para 1905 apresentada 12 de novembro de 1904, off. Imprensa a vapor da livraria Echenique Irmãos &amp; C. Pelotas, Dom Pedrito, 1904.</span></p>
<p>&nbsp;</td>
</tr>
</tbody>
</table>
<p>&nbsp;</p>
<table border="0" width="513">
<tbody>
<tr>
<td style="width: 200px"><a href="https://wp.ufpel.edu.br/ceihe/files/2017/11/1-3-FILEminimizer-1.jpg"><img class="alignleft size-thumbnail wp-image-881" src="https://wp.ufpel.edu.br/ceihe/files/2017/11/1-3-FILEminimizer-1-200x200.jpg" alt="" width="200" height="200" /></a></td>
<td style="vertical-align: top">
<p>&nbsp;</p>
<p><span style="font-family: tahoma, arial, helvetica, sans-serif">MUNICÍPIO DE DOM PEDRITO. Relatório do Intendente  em 12 de outubro de 1907 e Lei nº. 43 do orçamento para 1908 apresentada 22 de novembro de 1907, off. Livraria Universal de Echenique Irmãos &amp; C. Pelotas, Dom Pedrito, 1907.</span></p>
<p>&nbsp;</td>
</tr>
</tbody>
</table>
<p>&nbsp;</p>
<table border="0" width="513">
<tbody>
<tr>
<td style="width: 200px"><a href="https://wp.ufpel.edu.br/ceihe/files/2017/11/1-4-FILEminimizer-2.jpg"><img class="alignleft size-thumbnail wp-image-882" src="https://wp.ufpel.edu.br/ceihe/files/2017/11/1-4-FILEminimizer-2-200x200.jpg" alt="" width="200" height="200" /></a></td>
<td style="vertical-align: top">
<p>&nbsp;</p>
<p><span style="font-family: tahoma, arial, helvetica, sans-serif">MUNICÍPIO DE DOM PEDRITO. Relatório 1913. Apresentado ao conselho municipal em 12 de outubro de 1913 pelo Intendente Dr. Arthur Trilha de Lemos, off. Livraria Universal de Echenique Irmãos &amp; C. Pelotas, Dom Pedrito, 1913.</span></p>
<p>&nbsp;</td>
</tr>
</tbody>
</table>
<p></p>

<p>&nbsp; MUNICÍPIO DE DOM PEDRITO. Relatório 1904. Relatório do Intendente apresentada em 12 de outubro de 1904 e Lei nº. 36 do orçamento para 1905 apresentada 12 de novembro de 1904, off. Imprensa a vapor da livraria Echenique Irmãos &amp; C. Pelotas, Dom Pedrito, 1904. &nbsp; &nbsp; &nbsp; MUNICÍPIO DE DOM PEDRITO. Relatório do Intendente  [&hellip;]</p>
