{"id":564,"date":"2017-09-13T17:55:31","date_gmt":"2017-09-13T20:55:31","guid":{"rendered":"https:\/\/wp.ufpel.edu.br\/ceihe\/?page_id=564"},"modified":"2017-12-03T13:19:42","modified_gmt":"2017-12-03T15:19:42","slug":"bom-jesus","status":"publish","type":"page","link":"https:\/\/wp.ufpel.edu.br\/ceihe\/bom-jesus\/","title":{"rendered":"Bom Jesus"},"content":{"rendered":"<table border=\"0\" width=\"513\">\n<tbody>\n<tr>\n<td style=\"width: 200px\"><a href=\"https:\/\/wp.ufpel.edu.br\/ceihe\/files\/2017\/09\/1-1-12.jpg\"><img class=\"alignleft size-thumbnail wp-image-719\" src=\"https:\/\/wp.ufpel.edu.br\/ceihe\/files\/2017\/09\/1-1-12-200x200.jpg\" alt=\"\" width=\"200\" height=\"200\" \/><\/a><\/td>\n<td style=\"vertical-align: top\">&nbsp;<\/p>\n<p style=\"text-align: justify\"><span style=\"font-family: tahoma,arial,helvetica,sans-serif\">MUNIC\u00cdPIO DE BOM JESUS. Relat\u00f3rio e Or\u00e7amento para o exerc\u00edcio de 1916 apresentado ao Conselho Municipal na Sess\u00e3o ordin\u00e1ria de 11 de janeiro de 1916, pelo intendente Arthur da Silva Ferreira \u2013 Officinas typographicas d\u2019 O Momento, Bom Jesus, 1916.<\/span><\/p>\n<\/td>\n<\/tr>\n<\/tbody>\n<\/table>\n<p>&nbsp;<\/p>\n<table border=\"0\" width=\"513\">\n<tbody>\n<tr>\n<td style=\"width: 200px\"><a href=\"https:\/\/wp.ufpel.edu.br\/ceihe\/files\/2017\/09\/1-3-8.jpg\"><img class=\"alignleft size-thumbnail wp-image-720\" src=\"https:\/\/wp.ufpel.edu.br\/ceihe\/files\/2017\/09\/1-3-8-200x200.jpg\" alt=\"\" width=\"200\" height=\"200\" \/><\/a><\/td>\n<td style=\"vertical-align: top\">&nbsp;<\/p>\n<p style=\"text-align: justify\"><span style=\"font-family: tahoma,arial,helvetica,sans-serif\">MUNIC\u00cdPIO DE BOM JESUS. Relat\u00f3rio e Or\u00e7amento para o exerc\u00edcio de 1917 apresentado ao Conselho Municipal na Sess\u00e3o ordin\u00e1ria de 15 de janeiro de 1917 pelo intendente Arthur da Silva Ferreira.<\/span><\/p>\n<\/td>\n<\/tr>\n<\/tbody>\n<\/table>\n<p>&nbsp;<\/p>\n<table border=\"0\" width=\"513\">\n<tbody>\n<tr>\n<td style=\"width: 200px\"><a href=\"https:\/\/wp.ufpel.edu.br\/ceihe\/files\/2017\/09\/1-4-12.jpg\"><img class=\"alignleft size-thumbnail wp-image-721\" src=\"https:\/\/wp.ufpel.edu.br\/ceihe\/files\/2017\/09\/1-4-12-200x200.jpg\" alt=\"\" width=\"200\" height=\"200\" \/><\/a><\/td>\n<td style=\"vertical-align: top\">&nbsp;<\/p>\n<p style=\"text-align: justify\"><span style=\"font-family: tahoma,arial,helvetica,sans-serif\">MUNIC\u00cdPIO DE BOM JESUS. Relat\u00f3rio apresentado ao Conselho Municipal em 1\u00ba de janeiro de 1918 pelo intendente Arthur da Silva Ferreira \u2013 Or\u00e7amento para o exerc\u00edcio de 1918 \u2013 Officinas graphicas d\u2019 A Federa\u00e7\u00e3o, Porto Alegre, 1918.<\/span><\/p>\n<\/td>\n<\/tr>\n<\/tbody>\n<\/table>\n<p>&nbsp;<\/p>\n<table border=\"0\" width=\"513\">\n<tbody>\n<tr>\n<td style=\"width: 200px\"><a href=\"https:\/\/wp.ufpel.edu.br\/ceihe\/files\/2017\/09\/1-5-12.jpg\"><img class=\"alignleft size-thumbnail wp-image-722\" src=\"https:\/\/wp.ufpel.edu.br\/ceihe\/files\/2017\/09\/1-5-12-200x200.jpg\" alt=\"\" width=\"200\" height=\"200\" \/><\/a><\/td>\n<td style=\"vertical-align: top\">&nbsp;<\/p>\n<p style=\"text-align: justify\"><span style=\"font-family: tahoma,arial,helvetica,sans-serif\">MUNIC\u00cdPIO DE BOM JESUS. Relat\u00f3rio apresentado ao Conselho Municipal em sess\u00e3o de 15 de janeiro de 1919 pelo intendente Engenheiro Arthur da Silva Ferreira \u2013 Or\u00e7amento para o exerc\u00edcio de 1919 \u2013 Officinas graphicas d\u2019 A Federa\u00e7\u00e3o, Porto Alegre, 1919.<\/span><\/p>\n<\/td>\n<\/tr>\n<\/tbody>\n<\/table>\n<p>&nbsp;<\/p>\n<table border=\"0\" width=\"513\">\n<tbody>\n<tr>\n<td style=\"width: 200px\"><a href=\"https:\/\/wp.ufpel.edu.br\/ceihe\/files\/2017\/09\/1-6-9.jpg\"><img class=\"alignleft size-thumbnail wp-image-723\" src=\"https:\/\/wp.ufpel.edu.br\/ceihe\/files\/2017\/09\/1-6-9-200x200.jpg\" alt=\"\" width=\"200\" height=\"200\" \/><\/a><\/td>\n<td style=\"vertical-align: top\">\n<p style=\"text-align: justify\"><span style=\"font-family: tahoma,arial,helvetica,sans-serif\">MUNIC\u00cdPIO DE BOM JESUS. Relat\u00f3rio apresentado ao Conselho Municipal em sess\u00e3o de 15 de janeiro de 1920 pelo intendente Ant\u00f4nio Ignacio Velho \u2013 Or\u00e7amento para o exerc\u00edcio de 1920 \u2013 Officinas gr\u00e1ficas d\u2019 O Luctador, Bom Jesus, 1920.<\/span><\/p>\n<\/td>\n<\/tr>\n<\/tbody>\n<\/table>\n<p>&nbsp;<\/p>\n<table border=\"0\" width=\"513\">\n<tbody>\n<tr>\n<td style=\"width: 200px\"><a href=\"https:\/\/wp.ufpel.edu.br\/ceihe\/files\/2017\/09\/1-7-10.jpg\"><img class=\"alignleft size-thumbnail wp-image-724\" src=\"https:\/\/wp.ufpel.edu.br\/ceihe\/files\/2017\/09\/1-7-10-200x200.jpg\" alt=\"\" width=\"200\" height=\"200\" \/><\/a><\/td>\n<td style=\"vertical-align: top\">&nbsp;<\/p>\n<p style=\"text-align: justify\"><span style=\"font-family: tahoma,arial,helvetica,sans-serif\">INTENDENCIA MUNICIPAL DE BOM JESUS. Relat\u00f3rio apresentado pelo vice- intendente municipal Sr. Leovigildo Mello Fonseca ao Conselho Municipal na sess\u00e3o de 20 de janeiro de 1922 do intendente municipal Ant\u00f4nio Ignacio Velho \u2013 Or\u00e7amento da receita e despesa do munic\u00edpio no exerc\u00edcio de 1922 \u2013 Officinas graphicas d\u2019 A Federa\u00e7\u00e3o, Porto Alegre, 1922.<\/span><\/p>\n<\/td>\n<\/tr>\n<\/tbody>\n<\/table>\n<p>&nbsp;<\/p>\n<table border=\"0\" width=\"513\">\n<tbody>\n<tr>\n<td style=\"width: 200px\"><a href=\"https:\/\/wp.ufpel.edu.br\/ceihe\/files\/2017\/09\/1-8-11.jpg\"><img class=\"alignleft size-thumbnail wp-image-725\" src=\"https:\/\/wp.ufpel.edu.br\/ceihe\/files\/2017\/09\/1-8-11-200x200.jpg\" alt=\"\" width=\"200\" height=\"200\" \/><\/a><\/td>\n<td style=\"vertical-align: top\">&nbsp;<\/p>\n<p style=\"text-align: justify\"><span style=\"font-family: tahoma,arial,helvetica,sans-serif\">MUNIC\u00cdPIO DE BOM JESUS. Relat\u00f3rio correspondente ao exerc\u00edcio de 1923, apresentado ao conselho municipal em sess\u00e3o de 16 de janeiro de 1924 pelo vice-intendente Sr. Alfredo Boeira \u2013 Lei Or\u00e7amentaria n. 11 de 16 de janeiro de 1924 e Acto n. 5 de 26 de janeiro de 1924 dando instru\u00e7\u00f5es para a execu\u00e7\u00e3o da Lei Or\u00e7amentaria. \u2013 Officinas graphicas Libraria do Commercio, Porto Alegre, 1924.<\/span><\/p>\n<\/td>\n<\/tr>\n<\/tbody>\n<\/table>\n<p>&nbsp;<\/p>\n<table border=\"0\" width=\"513\">\n<tbody>\n<tr>\n<td style=\"width: 200px\"><a href=\"https:\/\/wp.ufpel.edu.br\/ceihe\/files\/2017\/09\/1-9-8.jpg\"><img class=\"alignleft size-thumbnail wp-image-726\" src=\"https:\/\/wp.ufpel.edu.br\/ceihe\/files\/2017\/09\/1-9-8-200x200.jpg\" alt=\"\" width=\"200\" height=\"200\" \/><\/a><\/td>\n<td style=\"vertical-align: top\">&nbsp;<\/p>\n<p style=\"text-align: justify\"><span style=\"font-family: tahoma,arial,helvetica,sans-serif\">INTENDENCIA MUNICIPAL DE BOM JESUS. Relat\u00f3rio apresentado ao Conselho Municipal em reuni\u00e3o extraordin\u00e1ria de 18 de mar\u00e7o de 1925 pelo vice-intendente Snr. Alfredo Boeira \u2013 Lei do or\u00e7amento para o exerc\u00edcio de 1925 \u2013 Livraria do Globo \u2013 Barcellos, Bertaso &amp; Cia. Filiaes, Santa Maria e Pelotas, 1925.<\/span><\/p>\n<\/td>\n<\/tr>\n<\/tbody>\n<\/table>\n<p>&nbsp;<\/p>\n<table border=\"0\" width=\"513\">\n<tbody>\n<tr>\n<td style=\"width: 200px\"><a href=\"https:\/\/wp.ufpel.edu.br\/ceihe\/files\/2017\/09\/1-10-9.jpg\"><img class=\"alignleft size-thumbnail wp-image-727\" src=\"https:\/\/wp.ufpel.edu.br\/ceihe\/files\/2017\/09\/1-10-9-200x200.jpg\" alt=\"\" width=\"200\" height=\"200\" \/><\/a><\/td>\n<td style=\"vertical-align: top\">&nbsp;<\/p>\n<p style=\"text-align: justify\"><span style=\"font-family: tahoma,arial,helvetica,sans-serif\">INTENDENCIA MUNICIPAL DE BOM JESUS. Relat\u00f3rio apresentado ao vice intendente Alfredo Boeira ao Conselho Municipal na sess\u00e3o extraordin\u00e1ria de 25 de mar\u00e7o de 1926 \u2013 Lei do or\u00e7amento para o exerc\u00edcio de 1925. Typ. J. R. Da Fonseca &amp; Cia.<\/span><\/p>\n<\/td>\n<\/tr>\n<\/tbody>\n<\/table>\n<p>&nbsp;<\/p>\n","protected":false},"excerpt":{"rendered":"<p>&nbsp; MUNIC\u00cdPIO DE BOM JESUS. Relat\u00f3rio e Or\u00e7amento para o exerc\u00edcio de 1916 apresentado ao Conselho Municipal na Sess\u00e3o ordin\u00e1ria de 11 de janeiro de 1916, pelo intendente Arthur da Silva Ferreira \u2013 Officinas typographicas d\u2019 O Momento, Bom Jesus, 1916. &nbsp; &nbsp; MUNIC\u00cdPIO DE BOM JESUS. Relat\u00f3rio e Or\u00e7amento para o exerc\u00edcio de 1917 [&hellip;]<\/p>\n","protected":false},"author":777,"featured_media":0,"parent":0,"menu_order":0,"comment_status":"closed","ping_status":"closed","template":"","meta":{"footnotes":""},"class_list":["post-564","page","type-page","status-publish","hentry"],"_links":{"self":[{"href":"https:\/\/wp.ufpel.edu.br\/ceihe\/wp-json\/wp\/v2\/pages\/564","targetHints":{"allow":["GET"]}}],"collection":[{"href":"https:\/\/wp.ufpel.edu.br\/ceihe\/wp-json\/wp\/v2\/pages"}],"about":[{"href":"https:\/\/wp.ufpel.edu.br\/ceihe\/wp-json\/wp\/v2\/types\/page"}],"author":[{"embeddable":true,"href":"https:\/\/wp.ufpel.edu.br\/ceihe\/wp-json\/wp\/v2\/users\/777"}],"replies":[{"embeddable":true,"href":"https:\/\/wp.ufpel.edu.br\/ceihe\/wp-json\/wp\/v2\/comments?post=564"}],"version-history":[{"count":6,"href":"https:\/\/wp.ufpel.edu.br\/ceihe\/wp-json\/wp\/v2\/pages\/564\/revisions"}],"predecessor-version":[{"id":1143,"href":"https:\/\/wp.ufpel.edu.br\/ceihe\/wp-json\/wp\/v2\/pages\/564\/revisions\/1143"}],"wp:attachment":[{"href":"https:\/\/wp.ufpel.edu.br\/ceihe\/wp-json\/wp\/v2\/media?parent=564"}],"curies":[{"name":"wp","href":"https:\/\/api.w.org\/{rel}","templated":true}]}}

<table border="0" width="513">
<tbody>
<tr>
<td style="width: 200px"><a href="https://wp.ufpel.edu.br/ceihe/files/2017/09/1-1-12.jpg"><img class="alignleft size-thumbnail wp-image-719" src="https://wp.ufpel.edu.br/ceihe/files/2017/09/1-1-12-200x200.jpg" alt="" width="200" height="200" /></a></td>
<td style="vertical-align: top">&nbsp;</p>
<p style="text-align: justify"><span style="font-family: tahoma,arial,helvetica,sans-serif">MUNICÍPIO DE BOM JESUS. Relatório e Orçamento para o exercício de 1916 apresentado ao Conselho Municipal na Sessão ordinária de 11 de janeiro de 1916, pelo intendente Arthur da Silva Ferreira – Officinas typographicas d’ O Momento, Bom Jesus, 1916.</span></p>
</td>
</tr>
</tbody>
</table>
<p>&nbsp;</p>
<table border="0" width="513">
<tbody>
<tr>
<td style="width: 200px"><a href="https://wp.ufpel.edu.br/ceihe/files/2017/09/1-3-8.jpg"><img class="alignleft size-thumbnail wp-image-720" src="https://wp.ufpel.edu.br/ceihe/files/2017/09/1-3-8-200x200.jpg" alt="" width="200" height="200" /></a></td>
<td style="vertical-align: top">&nbsp;</p>
<p style="text-align: justify"><span style="font-family: tahoma,arial,helvetica,sans-serif">MUNICÍPIO DE BOM JESUS. Relatório e Orçamento para o exercício de 1917 apresentado ao Conselho Municipal na Sessão ordinária de 15 de janeiro de 1917 pelo intendente Arthur da Silva Ferreira.</span></p>
</td>
</tr>
</tbody>
</table>
<p>&nbsp;</p>
<table border="0" width="513">
<tbody>
<tr>
<td style="width: 200px"><a href="https://wp.ufpel.edu.br/ceihe/files/2017/09/1-4-12.jpg"><img class="alignleft size-thumbnail wp-image-721" src="https://wp.ufpel.edu.br/ceihe/files/2017/09/1-4-12-200x200.jpg" alt="" width="200" height="200" /></a></td>
<td style="vertical-align: top">&nbsp;</p>
<p style="text-align: justify"><span style="font-family: tahoma,arial,helvetica,sans-serif">MUNICÍPIO DE BOM JESUS. Relatório apresentado ao Conselho Municipal em 1º de janeiro de 1918 pelo intendente Arthur da Silva Ferreira – Orçamento para o exercício de 1918 – Officinas graphicas d’ A Federação, Porto Alegre, 1918.</span></p>
</td>
</tr>
</tbody>
</table>
<p>&nbsp;</p>
<table border="0" width="513">
<tbody>
<tr>
<td style="width: 200px"><a href="https://wp.ufpel.edu.br/ceihe/files/2017/09/1-5-12.jpg"><img class="alignleft size-thumbnail wp-image-722" src="https://wp.ufpel.edu.br/ceihe/files/2017/09/1-5-12-200x200.jpg" alt="" width="200" height="200" /></a></td>
<td style="vertical-align: top">&nbsp;</p>
<p style="text-align: justify"><span style="font-family: tahoma,arial,helvetica,sans-serif">MUNICÍPIO DE BOM JESUS. Relatório apresentado ao Conselho Municipal em sessão de 15 de janeiro de 1919 pelo intendente Engenheiro Arthur da Silva Ferreira – Orçamento para o exercício de 1919 – Officinas graphicas d’ A Federação, Porto Alegre, 1919.</span></p>
</td>
</tr>
</tbody>
</table>
<p>&nbsp;</p>
<table border="0" width="513">
<tbody>
<tr>
<td style="width: 200px"><a href="https://wp.ufpel.edu.br/ceihe/files/2017/09/1-6-9.jpg"><img class="alignleft size-thumbnail wp-image-723" src="https://wp.ufpel.edu.br/ceihe/files/2017/09/1-6-9-200x200.jpg" alt="" width="200" height="200" /></a></td>
<td style="vertical-align: top">
<p style="text-align: justify"><span style="font-family: tahoma,arial,helvetica,sans-serif">MUNICÍPIO DE BOM JESUS. Relatório apresentado ao Conselho Municipal em sessão de 15 de janeiro de 1920 pelo intendente Antônio Ignacio Velho – Orçamento para o exercício de 1920 – Officinas gráficas d’ O Luctador, Bom Jesus, 1920.</span></p>
</td>
</tr>
</tbody>
</table>
<p>&nbsp;</p>
<table border="0" width="513">
<tbody>
<tr>
<td style="width: 200px"><a href="https://wp.ufpel.edu.br/ceihe/files/2017/09/1-7-10.jpg"><img class="alignleft size-thumbnail wp-image-724" src="https://wp.ufpel.edu.br/ceihe/files/2017/09/1-7-10-200x200.jpg" alt="" width="200" height="200" /></a></td>
<td style="vertical-align: top">&nbsp;</p>
<p style="text-align: justify"><span style="font-family: tahoma,arial,helvetica,sans-serif">INTENDENCIA MUNICIPAL DE BOM JESUS. Relatório apresentado pelo vice- intendente municipal Sr. Leovigildo Mello Fonseca ao Conselho Municipal na sessão de 20 de janeiro de 1922 do intendente municipal Antônio Ignacio Velho – Orçamento da receita e despesa do município no exercício de 1922 – Officinas graphicas d’ A Federação, Porto Alegre, 1922.</span></p>
</td>
</tr>
</tbody>
</table>
<p>&nbsp;</p>
<table border="0" width="513">
<tbody>
<tr>
<td style="width: 200px"><a href="https://wp.ufpel.edu.br/ceihe/files/2017/09/1-8-11.jpg"><img class="alignleft size-thumbnail wp-image-725" src="https://wp.ufpel.edu.br/ceihe/files/2017/09/1-8-11-200x200.jpg" alt="" width="200" height="200" /></a></td>
<td style="vertical-align: top">&nbsp;</p>
<p style="text-align: justify"><span style="font-family: tahoma,arial,helvetica,sans-serif">MUNICÍPIO DE BOM JESUS. Relatório correspondente ao exercício de 1923, apresentado ao conselho municipal em sessão de 16 de janeiro de 1924 pelo vice-intendente Sr. Alfredo Boeira – Lei Orçamentaria n. 11 de 16 de janeiro de 1924 e Acto n. 5 de 26 de janeiro de 1924 dando instruções para a execução da Lei Orçamentaria. – Officinas graphicas Libraria do Commercio, Porto Alegre, 1924.</span></p>
</td>
</tr>
</tbody>
</table>
<p>&nbsp;</p>
<table border="0" width="513">
<tbody>
<tr>
<td style="width: 200px"><a href="https://wp.ufpel.edu.br/ceihe/files/2017/09/1-9-8.jpg"><img class="alignleft size-thumbnail wp-image-726" src="https://wp.ufpel.edu.br/ceihe/files/2017/09/1-9-8-200x200.jpg" alt="" width="200" height="200" /></a></td>
<td style="vertical-align: top">&nbsp;</p>
<p style="text-align: justify"><span style="font-family: tahoma,arial,helvetica,sans-serif">INTENDENCIA MUNICIPAL DE BOM JESUS. Relatório apresentado ao Conselho Municipal em reunião extraordinária de 18 de março de 1925 pelo vice-intendente Snr. Alfredo Boeira – Lei do orçamento para o exercício de 1925 – Livraria do Globo – Barcellos, Bertaso &amp; Cia. Filiaes, Santa Maria e Pelotas, 1925.</span></p>
</td>
</tr>
</tbody>
</table>
<p>&nbsp;</p>
<table border="0" width="513">
<tbody>
<tr>
<td style="width: 200px"><a href="https://wp.ufpel.edu.br/ceihe/files/2017/09/1-10-9.jpg"><img class="alignleft size-thumbnail wp-image-727" src="https://wp.ufpel.edu.br/ceihe/files/2017/09/1-10-9-200x200.jpg" alt="" width="200" height="200" /></a></td>
<td style="vertical-align: top">&nbsp;</p>
<p style="text-align: justify"><span style="font-family: tahoma,arial,helvetica,sans-serif">INTENDENCIA MUNICIPAL DE BOM JESUS. Relatório apresentado ao vice intendente Alfredo Boeira ao Conselho Municipal na sessão extraordinária de 25 de março de 1926 – Lei do orçamento para o exercício de 1925. Typ. J. R. Da Fonseca &amp; Cia.</span></p>
</td>
</tr>
</tbody>
</table>
<p>&nbsp;</p>

<p>&nbsp; MUNICÍPIO DE BOM JESUS. Relatório e Orçamento para o exercício de 1916 apresentado ao Conselho Municipal na Sessão ordinária de 11 de janeiro de 1916, pelo intendente Arthur da Silva Ferreira – Officinas typographicas d’ O Momento, Bom Jesus, 1916. &nbsp; &nbsp; MUNICÍPIO DE BOM JESUS. Relatório e Orçamento para o exercício de 1917 [&hellip;]</p>
