{"id":487,"date":"2017-09-11T21:06:34","date_gmt":"2017-09-12T00:06:34","guid":{"rendered":"https:\/\/wp.ufpel.edu.br\/ceihe\/?page_id=487"},"modified":"2017-12-03T13:37:43","modified_gmt":"2017-12-03T15:37:43","slug":"jaguarao","status":"publish","type":"page","link":"https:\/\/wp.ufpel.edu.br\/ceihe\/jaguarao\/","title":{"rendered":"Jaguar\u00e3o"},"content":{"rendered":"<table border=\"0\" width=\"513\">\n<tbody>\n<tr>\n<td style=\"width: 200px\"><a href=\"https:\/\/wp.ufpel.edu.br\/ceihe\/files\/2017\/09\/1-1-15.jpg\"><img class=\"alignleft size-thumbnail wp-image-759\" src=\"https:\/\/wp.ufpel.edu.br\/ceihe\/files\/2017\/09\/1-1-15-200x200.jpg\" alt=\"\" width=\"200\" height=\"200\" \/><\/a><\/td>\n<td style=\"vertical-align: top\">&nbsp;<\/p>\n<p style=\"text-align: justify\"><span style=\"font-family: tahoma,arial,helvetica,sans-serif\">JAGUAR\u00c3O. Relat\u00f3rio apresentado ao Conselho Municipal em 20 de setembro de 1909 pelo Dr. Faustino J. Corr\u00eaa, Intendente Municipal. Officinas de Obras d\u2019A Situa\u00e7\u00e3o, Jaguar\u00e3o, 1909.<\/span><\/p>\n<\/td>\n<\/tr>\n<\/tbody>\n<\/table>\n<p>&nbsp;<\/p>\n<table border=\"0\" width=\"513\">\n<tbody>\n<tr>\n<td style=\"width: 200px\"><a href=\"https:\/\/wp.ufpel.edu.br\/ceihe\/files\/2017\/09\/1-2-11.jpg\"><img class=\"alignleft size-thumbnail wp-image-760\" src=\"https:\/\/wp.ufpel.edu.br\/ceihe\/files\/2017\/09\/1-2-11-200x200.jpg\" alt=\"\" width=\"200\" height=\"200\" \/><\/a><\/td>\n<td style=\"vertical-align: top\">&nbsp;<\/p>\n<p style=\"text-align: justify\"><span style=\"font-family: tahoma,arial,helvetica,sans-serif\">JAGUAR\u00c3O. Relat\u00f3rio apresentado ao Conselho Municipal em 20 de setembro de 1910. Or\u00e7amento para o exerc\u00edcio de 1911, Lei n.44 de 19 de novembro de 1910. Officinas de Obras d\u2019A Situa\u00e7\u00e3o, Jaguar\u00e3o, 1910.<\/span><\/p>\n<\/td>\n<\/tr>\n<\/tbody>\n<\/table>\n<p>&nbsp;<\/p>\n<table border=\"0\" width=\"513\">\n<tbody>\n<tr>\n<td style=\"width: 200px\"><a href=\"https:\/\/wp.ufpel.edu.br\/ceihe\/files\/2017\/09\/1-3-11.jpg\"><img class=\"alignleft size-thumbnail wp-image-761\" src=\"https:\/\/wp.ufpel.edu.br\/ceihe\/files\/2017\/09\/1-3-11-200x200.jpg\" alt=\"\" width=\"200\" height=\"200\" \/><\/a><\/td>\n<td style=\"vertical-align: top\">&nbsp;<\/p>\n<p style=\"text-align: justify\"><span style=\"font-family: tahoma,arial,helvetica,sans-serif\">MUNIC\u00cdPIO DE JAGUAR\u00c3O. Relat\u00f3rio apresentado em 20 de setembro de 1924 pelo Sr. Major Bazilio Augusto Wildt e Lei or\u00e7ament\u00e1ria n. 97 para o exerc\u00edcio de 1925, promulgada pelo Intendente Major Domingos Soriano Rodrigues em 24 de dezembro de 1924. Liv. e Typ. De Cantalicio Resem, Jaguar\u00e3o.<\/span><\/p>\n<\/td>\n<\/tr>\n<\/tbody>\n<\/table>\n<p>&nbsp;<\/p>\n<table border=\"0\" width=\"513\">\n<tbody>\n<tr>\n<td style=\"width: 200px\"><a href=\"https:\/\/wp.ufpel.edu.br\/ceihe\/files\/2017\/09\/1-4-15.jpg\"><img class=\"alignleft size-thumbnail wp-image-762\" src=\"https:\/\/wp.ufpel.edu.br\/ceihe\/files\/2017\/09\/1-4-15-200x200.jpg\" alt=\"\" width=\"200\" height=\"200\" \/><\/a><\/td>\n<td style=\"vertical-align: top\">&nbsp;<\/p>\n<p style=\"text-align: justify\"><span style=\"font-family: tahoma,arial,helvetica,sans-serif\">MUNIC\u00cdPIO DE JAGUAR\u00c3O. Relat\u00f3rio de 1929 apresentado ao Conselho Municipal de Jaguar\u00e3o pelo Intendente Dr. Alcides Marques em 20 de setembro de 1930.<\/span><\/p>\n<\/td>\n<\/tr>\n<\/tbody>\n<\/table>\n<p>&nbsp;<\/p>\n<table border=\"0\" width=\"513\">\n<tbody>\n<tr>\n<td style=\"width: 200px\"><a href=\"https:\/\/wp.ufpel.edu.br\/ceihe\/files\/2017\/09\/1-5-15.jpg\"><img class=\"alignleft size-thumbnail wp-image-763\" src=\"https:\/\/wp.ufpel.edu.br\/ceihe\/files\/2017\/09\/1-5-15-200x200.jpg\" alt=\"\" width=\"200\" height=\"200\" \/><\/a><\/td>\n<td style=\"vertical-align: top\">&nbsp;<\/p>\n<p style=\"text-align: justify\"><span style=\"font-family: tahoma,arial,helvetica,sans-serif\">MUNIC\u00cdPIO DE JAGUAR\u00c3O. Relat\u00f3rio apresentado \u00e0 C\u00e2mara Municipal pelo Dr. Hermes Pintos Affonso, Prefeito Municipal. Jaguar\u00e3o, 15 de maio de 1937.<\/span><\/p>\n<p>&nbsp;<\/td>\n<\/tr>\n<\/tbody>\n<\/table>\n<p><\/p>\n","protected":false},"excerpt":{"rendered":"<p>&nbsp; JAGUAR\u00c3O. Relat\u00f3rio apresentado ao Conselho Municipal em 20 de setembro de 1909 pelo Dr. Faustino J. Corr\u00eaa, Intendente Municipal. Officinas de Obras d\u2019A Situa\u00e7\u00e3o, Jaguar\u00e3o, 1909. &nbsp; &nbsp; JAGUAR\u00c3O. Relat\u00f3rio apresentado ao Conselho Municipal em 20 de setembro de 1910. Or\u00e7amento para o exerc\u00edcio de 1911, Lei n.44 de 19 de novembro de 1910. [&hellip;]<\/p>\n","protected":false},"author":777,"featured_media":0,"parent":0,"menu_order":0,"comment_status":"closed","ping_status":"closed","template":"","meta":{"footnotes":""},"class_list":["post-487","page","type-page","status-publish","hentry"],"_links":{"self":[{"href":"https:\/\/wp.ufpel.edu.br\/ceihe\/wp-json\/wp\/v2\/pages\/487","targetHints":{"allow":["GET"]}}],"collection":[{"href":"https:\/\/wp.ufpel.edu.br\/ceihe\/wp-json\/wp\/v2\/pages"}],"about":[{"href":"https:\/\/wp.ufpel.edu.br\/ceihe\/wp-json\/wp\/v2\/types\/page"}],"author":[{"embeddable":true,"href":"https:\/\/wp.ufpel.edu.br\/ceihe\/wp-json\/wp\/v2\/users\/777"}],"replies":[{"embeddable":true,"href":"https:\/\/wp.ufpel.edu.br\/ceihe\/wp-json\/wp\/v2\/comments?post=487"}],"version-history":[{"count":5,"href":"https:\/\/wp.ufpel.edu.br\/ceihe\/wp-json\/wp\/v2\/pages\/487\/revisions"}],"predecessor-version":[{"id":1146,"href":"https:\/\/wp.ufpel.edu.br\/ceihe\/wp-json\/wp\/v2\/pages\/487\/revisions\/1146"}],"wp:attachment":[{"href":"https:\/\/wp.ufpel.edu.br\/ceihe\/wp-json\/wp\/v2\/media?parent=487"}],"curies":[{"name":"wp","href":"https:\/\/api.w.org\/{rel}","templated":true}]}}