{"id":320,"date":"2017-09-02T21:15:57","date_gmt":"2017-09-03T00:15:57","guid":{"rendered":"https:\/\/wp.ufpel.edu.br\/ceihe\/?page_id=320"},"modified":"2017-12-03T12:59:57","modified_gmt":"2017-12-03T14:59:57","slug":"alfredochaves","status":"publish","type":"page","link":"https:\/\/wp.ufpel.edu.br\/ceihe\/alfredochaves\/","title":{"rendered":"Alfredo Chaves"},"content":{"rendered":"<table border=\"0\" width=\"513\">\n<tbody>\n<tr>\n<td style=\"width: 200px\"><a href=\"https:\/\/wp.ufpel.edu.br\/ceihe\/files\/2017\/09\/1-23-3.jpg\"><img class=\"alignleft size-thumbnail wp-image-683\" src=\"https:\/\/wp.ufpel.edu.br\/ceihe\/files\/2017\/09\/1-23-3-200x200.jpg\" alt=\"\" width=\"200\" height=\"200\" \/><\/a><\/td>\n<td style=\"vertical-align: top\">&nbsp;<\/p>\n<p style=\"text-align: justify\"><span style=\"font-family: tahoma,arial,helvetica,sans-serif\">MUNIC\u00cdPIO DE ALFREDO CHAVES. Relat\u00f3rio apresentado ao Conselho Municipal pelo vice-intendente Dr. Jo\u00e3o Leivas de Carvalho na Sess\u00e3o ordin\u00e1ria de 15 de outubro de 1904 \u2013 Lei do or\u00e7amento para o exerc\u00edcio de 1903 e instruc\u00e7\u00f5es para sua execu\u00e7\u00e3o &#8211; Officinas typographicas d\u2019A Federa\u00e7\u00e3o, Porto Alegre, 1904.<\/span><\/p>\n<\/td>\n<\/tr>\n<\/tbody>\n<\/table>\n<p>&nbsp;<\/p>\n<table border=\"0\" width=\"513\">\n<tbody>\n<tr>\n<td style=\"width: 200px\"><a href=\"https:\/\/wp.ufpel.edu.br\/ceihe\/files\/2017\/09\/1-25-3.jpg\"><img class=\"alignleft size-thumbnail wp-image-687\" src=\"https:\/\/wp.ufpel.edu.br\/ceihe\/files\/2017\/09\/1-25-3-200x200.jpg\" alt=\"\" width=\"200\" height=\"200\" \/><\/a><\/td>\n<td style=\"vertical-align: top\">&nbsp;<\/p>\n<p style=\"text-align: justify\"><span style=\"font-family: tahoma,arial,helvetica,sans-serif\">MUNIC\u00cdPIO DE ALFREDO CHAVES. Relat\u00f3rio apresentado ao Conselho Municipal pelo vice-intendente Dr Jo\u00e3o Leivas de Carvalho em 15 de outubro de 1903 \u2013 Lei do or\u00e7amento para o exerc\u00edcio de 1906 &#8211; Officinas typographicas d\u2019A Federa\u00e7\u00e3o, Porto Alegre, 1906.<\/span><\/p>\n<\/td>\n<\/tr>\n<\/tbody>\n<\/table>\n<p>&nbsp;<\/p>\n<table border=\"0\" width=\"513\">\n<tbody>\n<tr>\n<td style=\"width: 200px\"><a href=\"https:\/\/wp.ufpel.edu.br\/ceihe\/files\/2017\/09\/1-26-2.jpg\"><img class=\"alignleft size-thumbnail wp-image-688\" src=\"https:\/\/wp.ufpel.edu.br\/ceihe\/files\/2017\/09\/1-26-2-200x200.jpg\" alt=\"\" width=\"200\" height=\"200\" \/><\/a><\/td>\n<td style=\"vertical-align: top\">&nbsp;<\/p>\n<p style=\"text-align: justify\"><span style=\"font-family: tahoma,arial,helvetica,sans-serif\">INTEND\u00caNCIA MUNICIPAL DE ALFREDO CHAVES. Relat\u00f3rio apresentado ao Conselho Municipal em 15 de outubro de 1909 pelo vice-intendente em exerc\u00edcio Major Achylles Taurino de Rezende \u2013 Lei do or\u00e7amento para o exerc\u00edcio de 1910 &#8211;\u00a0 Officinas typographicas da Livraria do Commercio, Porto Alegre, 1909.<\/span><\/p>\n<\/td>\n<\/tr>\n<\/tbody>\n<\/table>\n<p>&nbsp;<\/p>\n<table border=\"0\" width=\"513\">\n<tbody>\n<tr>\n<td style=\"width: 200px\"><a href=\"https:\/\/wp.ufpel.edu.br\/ceihe\/files\/2017\/09\/1-27-3.jpg\"><img class=\"alignleft size-thumbnail wp-image-689\" src=\"https:\/\/wp.ufpel.edu.br\/ceihe\/files\/2017\/09\/1-27-3-200x200.jpg\" alt=\"\" width=\"200\" height=\"200\" \/><\/a><\/td>\n<td style=\"vertical-align: top\">&nbsp;<\/p>\n<p style=\"text-align: justify\"><span style=\"font-family: tahoma,arial,helvetica,sans-serif\">INTEND\u00caNCIA MUNICIPAL DE ALFREDO CHAVES. Relat\u00f3rio apresentado ao conselho municipal em 15 de outubro de 1911 pelo vice-intendente em exerc\u00edcio Major Achylles Taurino de Rezende \u2013 Lei do or\u00e7amento para o exerc\u00edcio de 1912 &#8211;\u00a0 Officinas typographicas da Livraria Americana, Porto Alegre, 1911.<\/span><\/p>\n<\/td>\n<\/tr>\n<\/tbody>\n<\/table>\n<p>&nbsp;<\/p>\n<table border=\"0\" width=\"513\">\n<tbody>\n<tr>\n<td style=\"width: 200px\"><a href=\"https:\/\/wp.ufpel.edu.br\/ceihe\/files\/2017\/09\/1-28-2.jpg\"><img class=\"alignleft size-thumbnail wp-image-690\" src=\"https:\/\/wp.ufpel.edu.br\/ceihe\/files\/2017\/09\/1-28-2-200x200.jpg\" alt=\"\" width=\"200\" height=\"200\" \/><\/a><\/td>\n<td style=\"vertical-align: top\">&nbsp;<\/p>\n<p style=\"text-align: justify\"><span style=\"font-family: tahoma,arial,helvetica,sans-serif\">INTEND\u00caNCIA MUNICIPAL DE ALFREDO CHAVES. Relat\u00f3rio apresentado ao Conselho Municipal em 15 de outubro de 1912 pelo intendente Coronel Achylles Taurino de Rezende \u2013 Lei do or\u00e7amento para 1913 &#8211; Officinas Graphicas do \u201cAlfredo Chaves\u201d, 1912.<\/span><\/p>\n<\/td>\n<\/tr>\n<\/tbody>\n<\/table>\n<p>&nbsp;<\/p>\n<table border=\"0\" width=\"513\">\n<tbody>\n<tr>\n<td style=\"width: 200px\"><a href=\"https:\/\/wp.ufpel.edu.br\/ceihe\/files\/2017\/09\/1-29-2.jpg\"><img class=\"alignleft size-thumbnail wp-image-691\" src=\"https:\/\/wp.ufpel.edu.br\/ceihe\/files\/2017\/09\/1-29-2-200x200.jpg\" alt=\"\" width=\"200\" height=\"200\" \/><\/a><\/td>\n<td style=\"vertical-align: top\">&nbsp;<\/p>\n<p style=\"text-align: justify\"><span style=\"font-family: tahoma,arial,helvetica,sans-serif\">INTEND\u00caNCIA MUNICIPAL DE ALFREDO CHAVES. Relat\u00f3rio apresentado ao Conselho Municipal em 15 de outubro de 1914 pelo intendente Coronel Achylles Taurino de Rezende \u2013 Lei do or\u00e7amento para 1915 &#8211;\u00a0 Officinas Graphicas d\u2019 A Federa\u00e7\u00e3o, Porto Alegre, 1914.<\/span><\/p>\n<\/td>\n<\/tr>\n<\/tbody>\n<\/table>\n<p>&nbsp;<\/p>\n<table border=\"0\" width=\"513\">\n<tbody>\n<tr>\n<td style=\"width: 200px\"><a href=\"https:\/\/wp.ufpel.edu.br\/ceihe\/files\/2017\/09\/1-30-3.jpg\"><img class=\"alignleft size-thumbnail wp-image-692\" src=\"https:\/\/wp.ufpel.edu.br\/ceihe\/files\/2017\/09\/1-30-3-200x200.jpg\" alt=\"\" width=\"200\" height=\"200\" \/><\/a><\/td>\n<td style=\"vertical-align: top\">&nbsp;<\/p>\n<p style=\"text-align: justify\"><span style=\"font-family: tahoma,arial,helvetica,sans-serif\">INTEND\u00caNCIA MUNICIPAL DE ALFREDO CHAVES. Relat\u00f3rio apresentado ao Conselho Municipal pelo Coronel Sigismundo Reschke \u2013 vice-intendente em exerc\u00edcio. Lei do or\u00e7amento para 1925.\u00a0 Tys. V. Pessato, Alfredo Chaves, 1925.<\/span><\/p>\n<\/td>\n<\/tr>\n<\/tbody>\n<\/table>\n<p><\/p>\n","protected":false},"excerpt":{"rendered":"<p>&nbsp; MUNIC\u00cdPIO DE ALFREDO CHAVES. Relat\u00f3rio apresentado ao Conselho Municipal pelo vice-intendente Dr. Jo\u00e3o Leivas de Carvalho na Sess\u00e3o ordin\u00e1ria de 15 de outubro de 1904 \u2013 Lei do or\u00e7amento para o exerc\u00edcio de 1903 e instruc\u00e7\u00f5es para sua execu\u00e7\u00e3o &#8211; Officinas typographicas d\u2019A Federa\u00e7\u00e3o, Porto Alegre, 1904. &nbsp; &nbsp; MUNIC\u00cdPIO DE ALFREDO CHAVES. Relat\u00f3rio [&hellip;]<\/p>\n","protected":false},"author":777,"featured_media":0,"parent":0,"menu_order":0,"comment_status":"closed","ping_status":"closed","template":"","meta":{"footnotes":""},"class_list":["post-320","page","type-page","status-publish","hentry"],"_links":{"self":[{"href":"https:\/\/wp.ufpel.edu.br\/ceihe\/wp-json\/wp\/v2\/pages\/320","targetHints":{"allow":["GET"]}}],"collection":[{"href":"https:\/\/wp.ufpel.edu.br\/ceihe\/wp-json\/wp\/v2\/pages"}],"about":[{"href":"https:\/\/wp.ufpel.edu.br\/ceihe\/wp-json\/wp\/v2\/types\/page"}],"author":[{"embeddable":true,"href":"https:\/\/wp.ufpel.edu.br\/ceihe\/wp-json\/wp\/v2\/users\/777"}],"replies":[{"embeddable":true,"href":"https:\/\/wp.ufpel.edu.br\/ceihe\/wp-json\/wp\/v2\/comments?post=320"}],"version-history":[{"count":7,"href":"https:\/\/wp.ufpel.edu.br\/ceihe\/wp-json\/wp\/v2\/pages\/320\/revisions"}],"predecessor-version":[{"id":1141,"href":"https:\/\/wp.ufpel.edu.br\/ceihe\/wp-json\/wp\/v2\/pages\/320\/revisions\/1141"}],"wp:attachment":[{"href":"https:\/\/wp.ufpel.edu.br\/ceihe\/wp-json\/wp\/v2\/media?parent=320"}],"curies":[{"name":"wp","href":"https:\/\/api.w.org\/{rel}","templated":true}]}}

<table border="0" width="513">
<tbody>
<tr>
<td style="width: 200px"><a href="https://wp.ufpel.edu.br/ceihe/files/2017/09/1-23-3.jpg"><img class="alignleft size-thumbnail wp-image-683" src="https://wp.ufpel.edu.br/ceihe/files/2017/09/1-23-3-200x200.jpg" alt="" width="200" height="200" /></a></td>
<td style="vertical-align: top">&nbsp;</p>
<p style="text-align: justify"><span style="font-family: tahoma,arial,helvetica,sans-serif">MUNICÍPIO DE ALFREDO CHAVES. Relatório apresentado ao Conselho Municipal pelo vice-intendente Dr. João Leivas de Carvalho na Sessão ordinária de 15 de outubro de 1904 – Lei do orçamento para o exercício de 1903 e instrucções para sua execução &#8211; Officinas typographicas d’A Federação, Porto Alegre, 1904.</span></p>
</td>
</tr>
</tbody>
</table>
<p>&nbsp;</p>
<table border="0" width="513">
<tbody>
<tr>
<td style="width: 200px"><a href="https://wp.ufpel.edu.br/ceihe/files/2017/09/1-25-3.jpg"><img class="alignleft size-thumbnail wp-image-687" src="https://wp.ufpel.edu.br/ceihe/files/2017/09/1-25-3-200x200.jpg" alt="" width="200" height="200" /></a></td>
<td style="vertical-align: top">&nbsp;</p>
<p style="text-align: justify"><span style="font-family: tahoma,arial,helvetica,sans-serif">MUNICÍPIO DE ALFREDO CHAVES. Relatório apresentado ao Conselho Municipal pelo vice-intendente Dr João Leivas de Carvalho em 15 de outubro de 1903 – Lei do orçamento para o exercício de 1906 &#8211; Officinas typographicas d’A Federação, Porto Alegre, 1906.</span></p>
</td>
</tr>
</tbody>
</table>
<p>&nbsp;</p>
<table border="0" width="513">
<tbody>
<tr>
<td style="width: 200px"><a href="https://wp.ufpel.edu.br/ceihe/files/2017/09/1-26-2.jpg"><img class="alignleft size-thumbnail wp-image-688" src="https://wp.ufpel.edu.br/ceihe/files/2017/09/1-26-2-200x200.jpg" alt="" width="200" height="200" /></a></td>
<td style="vertical-align: top">&nbsp;</p>
<p style="text-align: justify"><span style="font-family: tahoma,arial,helvetica,sans-serif">INTENDÊNCIA MUNICIPAL DE ALFREDO CHAVES. Relatório apresentado ao Conselho Municipal em 15 de outubro de 1909 pelo vice-intendente em exercício Major Achylles Taurino de Rezende – Lei do orçamento para o exercício de 1910 &#8211;  Officinas typographicas da Livraria do Commercio, Porto Alegre, 1909.</span></p>
</td>
</tr>
</tbody>
</table>
<p>&nbsp;</p>
<table border="0" width="513">
<tbody>
<tr>
<td style="width: 200px"><a href="https://wp.ufpel.edu.br/ceihe/files/2017/09/1-27-3.jpg"><img class="alignleft size-thumbnail wp-image-689" src="https://wp.ufpel.edu.br/ceihe/files/2017/09/1-27-3-200x200.jpg" alt="" width="200" height="200" /></a></td>
<td style="vertical-align: top">&nbsp;</p>
<p style="text-align: justify"><span style="font-family: tahoma,arial,helvetica,sans-serif">INTENDÊNCIA MUNICIPAL DE ALFREDO CHAVES. Relatório apresentado ao conselho municipal em 15 de outubro de 1911 pelo vice-intendente em exercício Major Achylles Taurino de Rezende – Lei do orçamento para o exercício de 1912 &#8211;  Officinas typographicas da Livraria Americana, Porto Alegre, 1911.</span></p>
</td>
</tr>
</tbody>
</table>
<p>&nbsp;</p>
<table border="0" width="513">
<tbody>
<tr>
<td style="width: 200px"><a href="https://wp.ufpel.edu.br/ceihe/files/2017/09/1-28-2.jpg"><img class="alignleft size-thumbnail wp-image-690" src="https://wp.ufpel.edu.br/ceihe/files/2017/09/1-28-2-200x200.jpg" alt="" width="200" height="200" /></a></td>
<td style="vertical-align: top">&nbsp;</p>
<p style="text-align: justify"><span style="font-family: tahoma,arial,helvetica,sans-serif">INTENDÊNCIA MUNICIPAL DE ALFREDO CHAVES. Relatório apresentado ao Conselho Municipal em 15 de outubro de 1912 pelo intendente Coronel Achylles Taurino de Rezende – Lei do orçamento para 1913 &#8211; Officinas Graphicas do “Alfredo Chaves”, 1912.</span></p>
</td>
</tr>
</tbody>
</table>
<p>&nbsp;</p>
<table border="0" width="513">
<tbody>
<tr>
<td style="width: 200px"><a href="https://wp.ufpel.edu.br/ceihe/files/2017/09/1-29-2.jpg"><img class="alignleft size-thumbnail wp-image-691" src="https://wp.ufpel.edu.br/ceihe/files/2017/09/1-29-2-200x200.jpg" alt="" width="200" height="200" /></a></td>
<td style="vertical-align: top">&nbsp;</p>
<p style="text-align: justify"><span style="font-family: tahoma,arial,helvetica,sans-serif">INTENDÊNCIA MUNICIPAL DE ALFREDO CHAVES. Relatório apresentado ao Conselho Municipal em 15 de outubro de 1914 pelo intendente Coronel Achylles Taurino de Rezende – Lei do orçamento para 1915 &#8211;  Officinas Graphicas d’ A Federação, Porto Alegre, 1914.</span></p>
</td>
</tr>
</tbody>
</table>
<p>&nbsp;</p>
<table border="0" width="513">
<tbody>
<tr>
<td style="width: 200px"><a href="https://wp.ufpel.edu.br/ceihe/files/2017/09/1-30-3.jpg"><img class="alignleft size-thumbnail wp-image-692" src="https://wp.ufpel.edu.br/ceihe/files/2017/09/1-30-3-200x200.jpg" alt="" width="200" height="200" /></a></td>
<td style="vertical-align: top">&nbsp;</p>
<p style="text-align: justify"><span style="font-family: tahoma,arial,helvetica,sans-serif">INTENDÊNCIA MUNICIPAL DE ALFREDO CHAVES. Relatório apresentado ao Conselho Municipal pelo Coronel Sigismundo Reschke – vice-intendente em exercício. Lei do orçamento para 1925.  Tys. V. Pessato, Alfredo Chaves, 1925.</span></p>
</td>
</tr>
</tbody>
</table>
<p></p>

<p>&nbsp; MUNICÍPIO DE ALFREDO CHAVES. Relatório apresentado ao Conselho Municipal pelo vice-intendente Dr. João Leivas de Carvalho na Sessão ordinária de 15 de outubro de 1904 – Lei do orçamento para o exercício de 1903 e instrucções para sua execução &#8211; Officinas typographicas d’A Federação, Porto Alegre, 1904. &nbsp; &nbsp; MUNICÍPIO DE ALFREDO CHAVES. Relatório [&hellip;]</p>
