{"id":171,"date":"2017-08-09T17:34:45","date_gmt":"2017-08-09T20:34:45","guid":{"rendered":"https:\/\/wp.ufpel.edu.br\/ceihe\/?page_id=171"},"modified":"2017-09-12T14:42:29","modified_gmt":"2017-09-12T17:42:29","slug":"coloquio","status":"publish","type":"page","link":"https:\/\/wp.ufpel.edu.br\/ceihe\/coloquio\/","title":{"rendered":"Col\u00f3quio"},"content":{"rendered":"<p><a href=\"https:\/\/wp.ufpel.edu.br\/ceihe\/files\/2017\/08\/col\u00f3quio.jpg\"><img class=\"alignleft wp-image-529\" src=\"https:\/\/wp.ufpel.edu.br\/ceihe\/files\/2017\/08\/col\u00f3quio.jpg\" alt=\"\" width=\"409\" height=\"549\" srcset=\"https:\/\/wp.ufpel.edu.br\/ceihe\/files\/2017\/08\/col\u00f3quio.jpg 451w, https:\/\/wp.ufpel.edu.br\/ceihe\/files\/2017\/08\/col\u00f3quio-298x400.jpg 298w\" sizes=\"(max-width: 409px) 100vw, 409px\" \/><\/a><\/p>\n<p>&nbsp;<\/p>\n<p>&nbsp;<\/p>\n<p style=\"text-align: justify\"><span style=\"font-family: tahoma, arial, helvetica, sans-serif\">O foco tem\u00e1tico do <em>I Col\u00f3quio do Centro de Estudos e Investiga\u00e7\u00f5es em Hist\u00f3ria da Educa\u00e7\u00e3o <\/em>(CEIHE-UFPel) ser\u00e1 as pesquisas locais que t\u00eam como mote as distintas problem\u00e1ticas do campo da Hist\u00f3ria da Educa\u00e7\u00e3o. Procuramos, nesse sentido, possibilitar um espa\u00e7o de socializa\u00e7\u00e3o das pesquisas, permitindo, assim, uma dinamiza\u00e7\u00e3o da produ\u00e7\u00e3o historiogr\u00e1fica e de debates no campo de investiga\u00e7\u00e3o hist\u00f3rica.<\/span><\/p>\n","protected":false},"excerpt":{"rendered":"<p>&nbsp; &nbsp; O foco tem\u00e1tico do I Col\u00f3quio do Centro de Estudos e Investiga\u00e7\u00f5es em Hist\u00f3ria da Educa\u00e7\u00e3o (CEIHE-UFPel) ser\u00e1 as pesquisas locais que t\u00eam como mote as distintas problem\u00e1ticas do campo da Hist\u00f3ria da Educa\u00e7\u00e3o. Procuramos, nesse sentido, possibilitar um espa\u00e7o de socializa\u00e7\u00e3o das pesquisas, permitindo, assim, uma dinamiza\u00e7\u00e3o da produ\u00e7\u00e3o historiogr\u00e1fica e de [&hellip;]<\/p>\n","protected":false},"author":777,"featured_media":0,"parent":0,"menu_order":0,"comment_status":"closed","ping_status":"closed","template":"","meta":{"footnotes":""},"class_list":["post-171","page","type-page","status-publish","hentry"],"_links":{"self":[{"href":"https:\/\/wp.ufpel.edu.br\/ceihe\/wp-json\/wp\/v2\/pages\/171","targetHints":{"allow":["GET"]}}],"collection":[{"href":"https:\/\/wp.ufpel.edu.br\/ceihe\/wp-json\/wp\/v2\/pages"}],"about":[{"href":"https:\/\/wp.ufpel.edu.br\/ceihe\/wp-json\/wp\/v2\/types\/page"}],"author":[{"embeddable":true,"href":"https:\/\/wp.ufpel.edu.br\/ceihe\/wp-json\/wp\/v2\/users\/777"}],"replies":[{"embeddable":true,"href":"https:\/\/wp.ufpel.edu.br\/ceihe\/wp-json\/wp\/v2\/comments?post=171"}],"version-history":[{"count":3,"href":"https:\/\/wp.ufpel.edu.br\/ceihe\/wp-json\/wp\/v2\/pages\/171\/revisions"}],"predecessor-version":[{"id":530,"href":"https:\/\/wp.ufpel.edu.br\/ceihe\/wp-json\/wp\/v2\/pages\/171\/revisions\/530"}],"wp:attachment":[{"href":"https:\/\/wp.ufpel.edu.br\/ceihe\/wp-json\/wp\/v2\/media?parent=171"}],"curies":[{"name":"wp","href":"https:\/\/api.w.org\/{rel}","templated":true}]}}