{"id":1541,"date":"2018-06-04T09:35:14","date_gmt":"2018-06-04T12:35:14","guid":{"rendered":"https:\/\/wp.ufpel.edu.br\/ceihe\/?page_id=1541"},"modified":"2018-06-04T09:43:12","modified_gmt":"2018-06-04T12:43:12","slug":"livros","status":"publish","type":"page","link":"https:\/\/wp.ufpel.edu.br\/ceihe\/livros\/","title":{"rendered":"Livros"},"content":{"rendered":"<p>COMPAGNONI, Ivo Carlos. <strong>Hist\u00f3ria dos Irm\u00e3os Lassalistas no Brasil: <\/strong>no tricenten\u00e1rio de funda\u00e7\u00e3o do instituto dos irm\u00e3os das escolas crist\u00e3s (lassalistas) 1650-1980. Canoas: La Salle, 560 p.<\/p>\n<p>COMPAGNONI, Ivo Carlos. <strong>Hist\u00f3ria dos Irm\u00e3os Lassalistas no Brasil: <\/strong>no tricenten\u00e1rio de funda\u00e7\u00e3o do instituto dos irm\u00e3os das escolas crist\u00e3s (lassalistas) 1650-1980. Canoas: La Salle, 1988. 560 p.<\/p>\n","protected":false},"excerpt":{"rendered":"<p>COMPAGNONI, Ivo Carlos. Hist\u00f3ria dos Irm\u00e3os Lassalistas no Brasil: no tricenten\u00e1rio de funda\u00e7\u00e3o do instituto dos irm\u00e3os das escolas crist\u00e3s (lassalistas) 1650-1980. Canoas: La Salle, 560 p. COMPAGNONI, Ivo Carlos. Hist\u00f3ria dos Irm\u00e3os Lassalistas no Brasil: no tricenten\u00e1rio de funda\u00e7\u00e3o do instituto dos irm\u00e3os das escolas crist\u00e3s (lassalistas) 1650-1980. Canoas: La Salle, 1988. 560 p.<\/p>\n","protected":false},"author":838,"featured_media":0,"parent":0,"menu_order":0,"comment_status":"closed","ping_status":"closed","template":"","meta":{"footnotes":""},"class_list":["post-1541","page","type-page","status-publish","hentry"],"_links":{"self":[{"href":"https:\/\/wp.ufpel.edu.br\/ceihe\/wp-json\/wp\/v2\/pages\/1541","targetHints":{"allow":["GET"]}}],"collection":[{"href":"https:\/\/wp.ufpel.edu.br\/ceihe\/wp-json\/wp\/v2\/pages"}],"about":[{"href":"https:\/\/wp.ufpel.edu.br\/ceihe\/wp-json\/wp\/v2\/types\/page"}],"author":[{"embeddable":true,"href":"https:\/\/wp.ufpel.edu.br\/ceihe\/wp-json\/wp\/v2\/users\/838"}],"replies":[{"embeddable":true,"href":"https:\/\/wp.ufpel.edu.br\/ceihe\/wp-json\/wp\/v2\/comments?post=1541"}],"version-history":[{"count":4,"href":"https:\/\/wp.ufpel.edu.br\/ceihe\/wp-json\/wp\/v2\/pages\/1541\/revisions"}],"predecessor-version":[{"id":1547,"href":"https:\/\/wp.ufpel.edu.br\/ceihe\/wp-json\/wp\/v2\/pages\/1541\/revisions\/1547"}],"wp:attachment":[{"href":"https:\/\/wp.ufpel.edu.br\/ceihe\/wp-json\/wp\/v2\/media?parent=1541"}],"curies":[{"name":"wp","href":"https:\/\/api.w.org\/{rel}","templated":true}]}}