{"id":1418,"date":"2018-02-14T17:45:02","date_gmt":"2018-02-14T19:45:02","guid":{"rendered":"https:\/\/wp.ufpel.edu.br\/ceihe\/?page_id=1418"},"modified":"2018-02-14T18:10:56","modified_gmt":"2018-02-14T20:10:56","slug":"sao-jeronymo-2","status":"publish","type":"page","link":"https:\/\/wp.ufpel.edu.br\/ceihe\/sao-jeronymo-2\/","title":{"rendered":"S\u00e3o Jeronymo"},"content":{"rendered":"<table border=\"0\" width=\"513\">\n<tbody>\n<tr>\n<td style=\"width: 200px\"><a href=\"https:\/\/wp.ufpel.edu.br\/ceihe\/files\/2018\/02\/1-1-2.jpg\"><img class=\"alignleft size-thumbnail wp-image-1420\" src=\"https:\/\/wp.ufpel.edu.br\/ceihe\/files\/2018\/02\/1-1-2-200x200.jpg\" alt=\"\" width=\"200\" height=\"200\" \/><\/a><\/td>\n<td style=\"vertical-align: top\"><span style=\"font-family: tahoma, arial, helvetica, sans-serif\">LEI OR\u00c7AMENT\u00c1RIA. Munic\u00edpio de S\u00e3o Jeronymo. Do \u201cTypographia a vapor da Livraria do Globo\u201d, Porto Alegre, 1898.<\/span><\/td>\n<\/tr>\n<\/tbody>\n<\/table>\n<p>&nbsp;<\/p>\n<table border=\"0\" width=\"513\">\n<tbody>\n<tr>\n<td style=\"width: 200px\"><a href=\"https:\/\/wp.ufpel.edu.br\/ceihe\/files\/2018\/02\/1-2-2.jpg\"><img class=\"alignleft size-thumbnail wp-image-1422\" src=\"https:\/\/wp.ufpel.edu.br\/ceihe\/files\/2018\/02\/1-2-2-200x200.jpg\" alt=\"\" width=\"200\" height=\"200\" \/><\/a><\/td>\n<td style=\"vertical-align: top\"><span style=\"font-family: tahoma, arial, helvetica, sans-serif\">INTEND\u00caNCIA MUNICIPAL DE S\u00c3O JERONYMO. Relat\u00f3rio de 1900. Apresentado pelo vice intendente Major Francisco Antonio de Souza Neto, off. Do \u201cTyp. De. E. Wiedmann &amp; Filhos\u201d, Porto Alegre, 1900.<\/span><\/td>\n<\/tr>\n<\/tbody>\n<\/table>\n<p>&nbsp;<\/p>\n<table border=\"0\" width=\"513\">\n<tbody>\n<tr>\n<td style=\"width: 200px\"><a href=\"https:\/\/wp.ufpel.edu.br\/ceihe\/files\/2018\/02\/1-3-2.jpg\"><img class=\"alignleft size-thumbnail wp-image-1423\" src=\"https:\/\/wp.ufpel.edu.br\/ceihe\/files\/2018\/02\/1-3-2-200x200.jpg\" alt=\"\" width=\"200\" height=\"200\" \/><\/a><\/td>\n<td><span style=\"font-family: tahoma, arial, helvetica, sans-serif\">INTEND\u00caNCIA MUNICIPAL DE S\u00c3O JERONYMO. Relat\u00f3rio de 1902. Apresentado pelo intendente Major Francisco Antonio de Souza Neto, off. Do \u201cTypographia da Livraria do Com\u00e9rcio\u201d, Porto Alegre, 1902.<\/span><\/td>\n<\/tr>\n<\/tbody>\n<\/table>\n<p>&nbsp;<\/p>\n<table border=\"0\" width=\"513\">\n<tbody>\n<tr>\n<td style=\"width: 200px\"><a href=\"https:\/\/wp.ufpel.edu.br\/ceihe\/files\/2018\/02\/1-4-1.jpg\"><img class=\"alignleft size-thumbnail wp-image-1424\" src=\"https:\/\/wp.ufpel.edu.br\/ceihe\/files\/2018\/02\/1-4-1-200x200.jpg\" alt=\"\" width=\"200\" height=\"200\" \/><\/a><\/td>\n<td style=\"vertical-align: top\"><span style=\"font-family: tahoma, arial, helvetica, sans-serif\">INTEND\u00caNCIA MUNICIPAL DE S\u00c3O JERONYMO. Relat\u00f3rio de 1905. Apresentado pelo intendente Coronel Antonio Soares Carvalho, off. Do \u201cOfficinas Typographicas d\u2019 A Federa\u00e7\u00e3o\u201d, Porto Alegre, 1905.<\/span><\/td>\n<\/tr>\n<\/tbody>\n<\/table>\n<p>&nbsp;<\/p>\n<table border=\"0\" width=\"513\">\n<tbody>\n<tr>\n<td style=\"width: 200px\"><a href=\"https:\/\/wp.ufpel.edu.br\/ceihe\/files\/2018\/02\/1-5-1.jpg\"><img class=\"alignleft size-thumbnail wp-image-1425\" src=\"https:\/\/wp.ufpel.edu.br\/ceihe\/files\/2018\/02\/1-5-1-200x200.jpg\" alt=\"\" width=\"200\" height=\"200\" \/><\/a><\/td>\n<td style=\"vertical-align: top\"><span style=\"font-family: tahoma, arial, helvetica, sans-serif\">INTEND\u00caNCIA MUNICIPAL DE S\u00c3O JERONYMO. Relat\u00f3rio de 1906. Apresentado pelo intendente Coronel Antonio Soares Carvalho, off. Do \u201cOfficinas Typographicas d\u2019 A Federa\u00e7\u00e3o\u201d, Porto Alegre, 1906.<\/span><\/td>\n<\/tr>\n<\/tbody>\n<\/table>\n<p>&nbsp;<\/p>\n<table border=\"0\" width=\"513\">\n<tbody>\n<tr>\n<td style=\"width: 200px\"><a href=\"https:\/\/wp.ufpel.edu.br\/ceihe\/files\/2018\/02\/1-6-1.jpg\"><img class=\"alignleft size-thumbnail wp-image-1427\" src=\"https:\/\/wp.ufpel.edu.br\/ceihe\/files\/2018\/02\/1-6-1-200x200.jpg\" alt=\"\" width=\"200\" height=\"200\" \/><\/a><\/td>\n<td><span style=\"font-family: tahoma, arial, helvetica, sans-serif\">INTEND\u00caNCIA MUNICIPAL DE S\u00c3O JERONYMO. Relat\u00f3rio de 1908. Apresentado pelo intendente Coronel Jo\u00e3o Rodrigues de Carvalho, off. Do \u201cOfficinas Typographicas d\u2019 A Federa\u00e7\u00e3o\u201d, Porto Alegre, 1908.\u00a0<\/span><\/td>\n<\/tr>\n<\/tbody>\n<\/table>\n<p>&nbsp;<\/p>\n<table border=\"0\" width=\"513\">\n<tbody>\n<tr>\n<td style=\"width: 200px\"><a href=\"https:\/\/wp.ufpel.edu.br\/ceihe\/files\/2018\/02\/1-7-1.jpg\"><img class=\"alignleft size-thumbnail wp-image-1428\" src=\"https:\/\/wp.ufpel.edu.br\/ceihe\/files\/2018\/02\/1-7-1-200x200.jpg\" alt=\"\" width=\"200\" height=\"200\" \/><\/a><\/td>\n<td style=\"vertical-align: top\"><span style=\"font-family: tahoma, arial, helvetica, sans-serif\">INTEND\u00caNCIA MUNICIPAL DE S\u00c3O JERONYMO. Relat\u00f3rio de 1907. Apresentado pelo intendente Coronel Antonio Soares Carvalho, off. Do \u201cOfficinas Typographicas d\u2019 A Federa\u00e7\u00e3o\u201d, Porto Alegre, 1907.<\/span><\/td>\n<\/tr>\n<\/tbody>\n<\/table>\n<p>&nbsp;<\/p>\n<table border=\"0\" width=\"513\">\n<tbody>\n<tr>\n<td style=\"width: 200px\"><a href=\"https:\/\/wp.ufpel.edu.br\/ceihe\/files\/2018\/02\/1-8-1.jpg\"><img class=\"alignleft size-thumbnail wp-image-1429\" src=\"https:\/\/wp.ufpel.edu.br\/ceihe\/files\/2018\/02\/1-8-1-200x200.jpg\" alt=\"\" width=\"200\" height=\"200\" \/><\/a><\/td>\n<td style=\"vertical-align: top\"><span style=\"font-family: tahoma, arial, helvetica, sans-serif\">INTEND\u00caNCIA MUNICIPAL DE S\u00c3O JERONYMO. Relat\u00f3rio de 1901. Apresentado pelo vice intendente Major Francisco Antonio de Souza Neto, off. Do \u201cTyp. De. E. Wiedmann &amp; Filhos\u201d Porto Alegre, 1901.<\/span><\/td>\n<\/tr>\n<\/tbody>\n<\/table>\n<p>&nbsp;<\/p>\n<table border=\"0\" width=\"513\">\n<tbody>\n<tr>\n<td style=\"width: 200px\"><a href=\"https:\/\/wp.ufpel.edu.br\/ceihe\/files\/2018\/02\/1-9.jpg\"><img class=\"alignleft size-thumbnail wp-image-1430\" src=\"https:\/\/wp.ufpel.edu.br\/ceihe\/files\/2018\/02\/1-9-200x200.jpg\" alt=\"\" width=\"200\" height=\"200\" \/><\/a><\/td>\n<td style=\"vertical-align: top\"><span style=\"font-family: tahoma, arial, helvetica, sans-serif\">INTEND\u00caNCIA MUNICIPAL DE S\u00c3O JERONYMO. Relat\u00f3rio de 1909. Apresentado pelo intendente Coronel Jo\u00e3o Rodrigues de Carvalho, off. Do \u201cOfficinas Typographicas d\u2019 A Federa\u00e7\u00e3o\u201d, Porto Alegre, 1909.\u00a0<\/span><\/td>\n<\/tr>\n<\/tbody>\n<\/table>\n<p>&nbsp;<\/p>\n<table border=\"0\" width=\"513\">\n<tbody>\n<tr>\n<td style=\"width: 200px\"><a href=\"https:\/\/wp.ufpel.edu.br\/ceihe\/files\/2018\/02\/1-10-1.jpg\"><img class=\"alignleft size-thumbnail wp-image-1431\" src=\"https:\/\/wp.ufpel.edu.br\/ceihe\/files\/2018\/02\/1-10-1-200x200.jpg\" alt=\"\" width=\"200\" height=\"200\" \/><\/a><\/td>\n<td style=\"vertical-align: top\"><span style=\"font-family: tahoma, arial, helvetica, sans-serif\">INTEND\u00caNCIA MUNICIPAL DE S\u00c3O JERONYMO. Relat\u00f3rio de 1910. Apresentado pelo intendente Coronel Jo\u00e3o Rodrigues de Carvalho, off. Do \u201cOfficinas Typographicas d\u2019 A Federa\u00e7\u00e3o\u201d, Porto Alegre, 1910. \u00a0\u00a0<\/span><\/td>\n<\/tr>\n<\/tbody>\n<\/table>\n<p>&nbsp;<\/p>\n<table border=\"0\" width=\"513\">\n<tbody>\n<tr>\n<td style=\"width: 200px\"><a href=\"https:\/\/wp.ufpel.edu.br\/ceihe\/files\/2018\/02\/1-11-1.jpg\"><img class=\"alignleft size-thumbnail wp-image-1432\" src=\"https:\/\/wp.ufpel.edu.br\/ceihe\/files\/2018\/02\/1-11-1-200x200.jpg\" alt=\"\" width=\"200\" height=\"200\" \/><\/a><\/td>\n<td style=\"vertical-align: top\"><span style=\"font-family: tahoma, arial, helvetica, sans-serif\">INTEND\u00caNCIA MUNICIPAL DE S\u00c3O JERONYMO. Relat\u00f3rio de 1914. Apresentado pelo intendente Coronel Jo\u00e3o Rodrigues de Carvalho, off. Do \u201cOfficinas Typographicas d\u2019 A Federa\u00e7\u00e3o\u201d, Porto Alegre, 1914.\u00a0<\/span><\/td>\n<\/tr>\n<\/tbody>\n<\/table>\n<p>&nbsp;<\/p>\n<table border=\"0\" width=\"513\">\n<tbody>\n<tr>\n<td style=\"width: 200px\"><a href=\"https:\/\/wp.ufpel.edu.br\/ceihe\/files\/2018\/02\/1-12-1.jpg\"><img class=\"alignleft size-thumbnail wp-image-1434\" src=\"https:\/\/wp.ufpel.edu.br\/ceihe\/files\/2018\/02\/1-12-1-200x200.jpg\" alt=\"\" width=\"200\" height=\"200\" \/><\/a><\/td>\n<td style=\"vertical-align: top\"><span style=\"font-family: tahoma, arial, helvetica, sans-serif\">INTEND\u00caNCIA MUNICIPAL DE S\u00c3O JERONYMO. Relat\u00f3rio de 1917. Apresentado em 15 de outubro de 1917 pelo intendente Coronel Jo\u00e3o Rodrigues de Carvalho, off. Do \u201cOfficinas Typographicas d\u2019 A Federa\u00e7\u00e3o\u201d, Porto Alegre, 1918.<\/span><\/td>\n<\/tr>\n<\/tbody>\n<\/table>\n<p>&nbsp;<\/p>\n<table border=\"0\" width=\"513\">\n<tbody>\n<tr>\n<td style=\"width: 200px\"><a href=\"https:\/\/wp.ufpel.edu.br\/ceihe\/files\/2018\/02\/1-13-1.jpg\"><img class=\"alignleft size-thumbnail wp-image-1435\" src=\"https:\/\/wp.ufpel.edu.br\/ceihe\/files\/2018\/02\/1-13-1-200x200.jpg\" alt=\"\" width=\"200\" height=\"200\" \/><\/a><\/td>\n<td style=\"vertical-align: top\"><span style=\"font-family: tahoma, arial, helvetica, sans-serif\">INTEND\u00caNCIA MUNICIPAL DE S\u00c3O JERONYMO. Relat\u00f3rio de 1914. Apresentado em 15 de outubro de 1914 pelo intendente Coronel Jo\u00e3o Rodrigues de Carvalho, off. Do \u201cOfficinas Typographicas d\u2019 A Federa\u00e7\u00e3o\u201d, Porto Alegre, 1915.\u00a0<\/span><\/td>\n<\/tr>\n<\/tbody>\n<\/table>\n<p>&nbsp;<\/p>\n<table border=\"0\" width=\"513\">\n<tbody>\n<tr>\n<td style=\"width: 200px\"><a href=\"https:\/\/wp.ufpel.edu.br\/ceihe\/files\/2018\/02\/1-14-1.jpg\"><img class=\"alignleft size-thumbnail wp-image-1436\" src=\"https:\/\/wp.ufpel.edu.br\/ceihe\/files\/2018\/02\/1-14-1-200x200.jpg\" alt=\"\" width=\"200\" height=\"200\" \/><\/a><\/td>\n<td style=\"vertical-align: top\"><span style=\"font-family: tahoma, arial, helvetica, sans-serif\">INTEND\u00caNCIA MUNICIPAL DE S\u00c3O JERONYMO. Relat\u00f3rio de 1915. Apresentado em 15 de outubro de 1915 pelo intendente Coronel Jo\u00e3o Rodrigues de Carvalho, off. Do \u201cOfficinas Typographicas d\u2019 A Federa\u00e7\u00e3o\u201d, Porto Alegre, 1916.<\/span><\/td>\n<\/tr>\n<\/tbody>\n<\/table>\n<p>&nbsp;<\/p>\n<table border=\"0\" width=\"513\">\n<tbody>\n<tr>\n<td style=\"width: 200px\"><a href=\"https:\/\/wp.ufpel.edu.br\/ceihe\/files\/2018\/02\/1-15-1.jpg\"><img class=\"alignleft size-thumbnail wp-image-1437\" src=\"https:\/\/wp.ufpel.edu.br\/ceihe\/files\/2018\/02\/1-15-1-200x200.jpg\" alt=\"\" width=\"200\" height=\"200\" \/><\/a><\/td>\n<td style=\"vertical-align: top\">\n<p><span style=\"font-family: tahoma, arial, helvetica, sans-serif\">INTEND\u00caNCIA MUNICIPAL DE S\u00c3O JERONYMO. Relat\u00f3rio de 1918. Apresentado em 15 de outubro de 1918 pelo intendente Coronel Jo\u00e3o Rodrigues de Carvalho, off. Do \u201cOfficinas Typographicas d\u2019 A Federa\u00e7\u00e3o\u201d, Porto Alegre, 1919.\u00a0<\/span><\/p>\n<p>&nbsp;<\/td>\n<\/tr>\n<\/tbody>\n<\/table>\n<p>&nbsp;<\/p>\n<table border=\"0\" width=\"513\">\n<tbody>\n<tr>\n<td style=\"width: 200px\"><a href=\"https:\/\/wp.ufpel.edu.br\/ceihe\/files\/2018\/02\/1-16.jpg\"><img class=\"alignleft size-thumbnail wp-image-1438\" src=\"https:\/\/wp.ufpel.edu.br\/ceihe\/files\/2018\/02\/1-16-200x200.jpg\" alt=\"\" width=\"200\" height=\"200\" \/><\/a><\/td>\n<td style=\"vertical-align: top\">\n<p><span style=\"font-family: tahoma, arial, helvetica, sans-serif\">INTEND\u00caNCIA MUNICIPAL DE S\u00c3O JERONYMO. Relat\u00f3rio de 1919. Apresentado em 15 de outubro de 1919 pelo intendente Coronel Jo\u00e3o Rodrigues de Carvalho, off. Do \u201cOfficinas Typographicas d\u2019 A Federa\u00e7\u00e3o\u201d, Porto Alegre, 1920.<\/span><\/p>\n<p>&nbsp;<\/td>\n<\/tr>\n<\/tbody>\n<\/table>\n<p>&nbsp;<\/p>\n<table border=\"0\" width=\"513\">\n<tbody>\n<tr>\n<td style=\"width: 200px\"><a href=\"https:\/\/wp.ufpel.edu.br\/ceihe\/files\/2018\/02\/1-17.jpg\"><img class=\"alignleft size-thumbnail wp-image-1439\" src=\"https:\/\/wp.ufpel.edu.br\/ceihe\/files\/2018\/02\/1-17-200x200.jpg\" alt=\"\" width=\"200\" height=\"200\" \/><\/a><\/td>\n<td style=\"vertical-align: top\">\n<p><span style=\"font-family: tahoma, arial, helvetica, sans-serif\">INTEND\u00caNCIA MUNICIPAL DE S\u00c3O JERONYMO. Relat\u00f3rio de 1920. Apresentado em 15 de outubro de 1920 pelo intendente Coronel Jo\u00e3o Rodrigues de Carvalho, off.<\/span><\/p>\n<p>&nbsp;<\/td>\n<\/tr>\n<\/tbody>\n<\/table>\n<p>&nbsp;<\/p>\n<table border=\"0\" width=\"513\">\n<tbody>\n<tr>\n<td style=\"width: 200px\"><a href=\"https:\/\/wp.ufpel.edu.br\/ceihe\/files\/2018\/02\/1-18.jpg\"><img class=\"alignleft size-thumbnail wp-image-1440\" src=\"https:\/\/wp.ufpel.edu.br\/ceihe\/files\/2018\/02\/1-18-200x200.jpg\" alt=\"\" width=\"200\" height=\"200\" \/><\/a><\/td>\n<td style=\"vertical-align: top\">\n<p><span style=\"font-family: tahoma, arial, helvetica, sans-serif\">INTEND\u00caNCIA MUNICIPAL DE S\u00c3O JERONYMO. Relat\u00f3rio de 1922. Apresentado em 14 de outubro de 1922 pelo intendente Coronel Jo\u00e3o Rodrigues de Carvalho, off. Do \u201cOfficinas Typographicas d\u2019 A Federa\u00e7\u00e3o\u201d, Porto Alegre, 1923.<\/span><\/p>\n<p>&nbsp;<\/td>\n<\/tr>\n<\/tbody>\n<\/table>\n<p>&nbsp;<\/p>\n<table border=\"0\" width=\"513\">\n<tbody>\n<tr>\n<td style=\"width: 200px\"><a href=\"https:\/\/wp.ufpel.edu.br\/ceihe\/files\/2018\/02\/1-19.jpg\"><img class=\"alignleft size-thumbnail wp-image-1441\" src=\"https:\/\/wp.ufpel.edu.br\/ceihe\/files\/2018\/02\/1-19-200x200.jpg\" alt=\"\" width=\"200\" height=\"200\" \/><\/a><\/td>\n<td style=\"vertical-align: top\">\n<p><span style=\"font-family: tahoma, arial, helvetica, sans-serif\">INTEND\u00caNCIA MUNICIPAL DE S\u00c3O JERONYMO. Relat\u00f3rio de 1923. Apresentado em 27 de novembro de 1923 pelo intendente Coronel Jo\u00e3o Rodrigues de Carvalho, off. Do \u201cOfficinas Typographicas d\u2019 A Federa\u00e7\u00e3o\u201d, Porto Alegre, 1924.<\/span><\/p>\n<p>&nbsp;<\/td>\n<\/tr>\n<\/tbody>\n<\/table>\n<p>&nbsp;<\/p>\n<table border=\"0\" width=\"513\">\n<tbody>\n<tr>\n<td style=\"width: 200px\"><a href=\"https:\/\/wp.ufpel.edu.br\/ceihe\/files\/2018\/02\/1-20.jpg\"><img class=\"alignleft size-thumbnail wp-image-1442\" src=\"https:\/\/wp.ufpel.edu.br\/ceihe\/files\/2018\/02\/1-20-200x200.jpg\" alt=\"\" width=\"200\" height=\"200\" \/><\/a><\/td>\n<td style=\"vertical-align: top\">\n<p><span style=\"font-family: tahoma, arial, helvetica, sans-serif\">INTEND\u00caNCIA MUNICIPAL DE S\u00c3O JERONYMO. Relat\u00f3rio de 1925. Apresentado em 15 de outubro de 1925 pelo intendente engenheiro civil Jos\u00e9 Maria de Carvalho, off. Do \u201cTypographia da Livraria do Com\u00e9rcio\u201d, Porto Alegre, 1925.<\/span><\/p>\n<p>&nbsp;<\/td>\n<\/tr>\n<\/tbody>\n<\/table>\n<p>&nbsp;<\/p>\n<table border=\"0\" width=\"513\">\n<tbody>\n<tr>\n<td style=\"width: 200px\"><a href=\"https:\/\/wp.ufpel.edu.br\/ceihe\/files\/2018\/02\/1-21.jpg\"><img class=\"alignleft size-thumbnail wp-image-1443\" src=\"https:\/\/wp.ufpel.edu.br\/ceihe\/files\/2018\/02\/1-21-200x200.jpg\" alt=\"\" width=\"200\" height=\"200\" \/><\/a><\/td>\n<td style=\"vertical-align: top\">\n<p><span style=\"font-family: tahoma, arial, helvetica, sans-serif\">INTEND\u00caNCIA MUNICIPAL DE S\u00c3O JERONYMO. Relat\u00f3rio de 1925. Apresentado em 15 de outubro de 1925 pelo intendente engenheiro civil Jos\u00e9 Maria de Carvalho, off. Do \u201cTypographia da Livraria do Com\u00e9rcio\u201d, Porto Alegre, 1925.<\/span><\/p>\n<p>&nbsp;<\/td>\n<\/tr>\n<\/tbody>\n<\/table>\n<p>&nbsp;<\/p>\n<table border=\"0\" width=\"513\">\n<tbody>\n<tr>\n<td style=\"width: 200px\"><a href=\"https:\/\/wp.ufpel.edu.br\/ceihe\/files\/2018\/02\/1-22.jpg\"><img class=\"alignleft size-thumbnail wp-image-1444\" src=\"https:\/\/wp.ufpel.edu.br\/ceihe\/files\/2018\/02\/1-22-200x200.jpg\" alt=\"\" width=\"200\" height=\"200\" \/><\/a><\/td>\n<td style=\"vertical-align: top\">\n<p><span style=\"font-family: tahoma, arial, helvetica, sans-serif\">INTEND\u00caNCIA MUNICIPAL DE S\u00c3O JERONYMO. Relat\u00f3rio de 1901. Apresentado pelo intendente Major Francisco Antonio de Souza Neto, off. Do \u201cOfficinas a Vapor da Livraria do Com\u00e9rcio\u201d, Porto Alegre, 1901.<\/span><\/p>\n<p><span style=\"font-family: tahoma, arial, helvetica, sans-serif\">\u00a0<\/span><\/td>\n<\/tr>\n<\/tbody>\n<\/table>\n<p><\/p>\n","protected":false},"excerpt":{"rendered":"<p>LEI OR\u00c7AMENT\u00c1RIA. Munic\u00edpio de S\u00e3o Jeronymo. Do \u201cTypographia a vapor da Livraria do Globo\u201d, Porto Alegre, 1898. &nbsp; INTEND\u00caNCIA MUNICIPAL DE S\u00c3O JERONYMO. Relat\u00f3rio de 1900. Apresentado pelo vice intendente Major Francisco Antonio de Souza Neto, off. Do \u201cTyp. De. E. Wiedmann &amp; Filhos\u201d, Porto Alegre, 1900. &nbsp; INTEND\u00caNCIA MUNICIPAL DE S\u00c3O JERONYMO. Relat\u00f3rio de [&hellip;]<\/p>\n","protected":false},"author":777,"featured_media":0,"parent":0,"menu_order":0,"comment_status":"closed","ping_status":"closed","template":"","meta":{"footnotes":""},"class_list":["post-1418","page","type-page","status-publish","hentry"],"_links":{"self":[{"href":"https:\/\/wp.ufpel.edu.br\/ceihe\/wp-json\/wp\/v2\/pages\/1418","targetHints":{"allow":["GET"]}}],"collection":[{"href":"https:\/\/wp.ufpel.edu.br\/ceihe\/wp-json\/wp\/v2\/pages"}],"about":[{"href":"https:\/\/wp.ufpel.edu.br\/ceihe\/wp-json\/wp\/v2\/types\/page"}],"author":[{"embeddable":true,"href":"https:\/\/wp.ufpel.edu.br\/ceihe\/wp-json\/wp\/v2\/users\/777"}],"replies":[{"embeddable":true,"href":"https:\/\/wp.ufpel.edu.br\/ceihe\/wp-json\/wp\/v2\/comments?post=1418"}],"version-history":[{"count":3,"href":"https:\/\/wp.ufpel.edu.br\/ceihe\/wp-json\/wp\/v2\/pages\/1418\/revisions"}],"predecessor-version":[{"id":1445,"href":"https:\/\/wp.ufpel.edu.br\/ceihe\/wp-json\/wp\/v2\/pages\/1418\/revisions\/1445"}],"wp:attachment":[{"href":"https:\/\/wp.ufpel.edu.br\/ceihe\/wp-json\/wp\/v2\/media?parent=1418"}],"curies":[{"name":"wp","href":"https:\/\/api.w.org\/{rel}","templated":true}]}}