{"id":1267,"date":"2017-12-13T17:06:14","date_gmt":"2017-12-13T19:06:14","guid":{"rendered":"https:\/\/wp.ufpel.edu.br\/ceihe\/?page_id=1267"},"modified":"2017-12-13T17:16:33","modified_gmt":"2017-12-13T19:16:33","slug":"taquary","status":"publish","type":"page","link":"https:\/\/wp.ufpel.edu.br\/ceihe\/taquary\/","title":{"rendered":"Taquary"},"content":{"rendered":"<table border=\"0\" width=\"513\">\n<tbody>\n<tr>\n<td style=\"width: 200px\"><a href=\"https:\/\/wp.ufpel.edu.br\/ceihe\/files\/2017\/12\/1-1-8.jpg\"><img class=\"alignleft size-thumbnail wp-image-1270\" src=\"https:\/\/wp.ufpel.edu.br\/ceihe\/files\/2017\/12\/1-1-8-200x200.jpg\" alt=\"\" width=\"200\" height=\"200\" \/><\/a><\/td>\n<td style=\"vertical-align: top\">\n<p>&nbsp;<\/p>\n<p><span style=\"font-family: tahoma, arial, helvetica, sans-serif\">INTEND\u00caNCIA MUNICIPAL DE TAQUARY. Relat\u00f3rio apresentado ao Conselho Municipal pelo intendente Franklin Praia Filho em 4 de novembro de 1918, Oficinas gr\u00e1ficas d\u2019A Federa\u00e7\u00e3o, Porto Alegre, 1919.<\/span><\/p>\n<p>&nbsp;<\/td>\n<\/tr>\n<\/tbody>\n<\/table>\n<p>&nbsp;<\/p>\n<table border=\"0\" width=\"513\">\n<tbody>\n<tr>\n<td style=\"width: 200px\"><a href=\"https:\/\/wp.ufpel.edu.br\/ceihe\/files\/2017\/12\/1-4-4.jpg\"><img class=\"alignleft size-thumbnail wp-image-1272\" src=\"https:\/\/wp.ufpel.edu.br\/ceihe\/files\/2017\/12\/1-4-4-200x200.jpg\" alt=\"\" width=\"200\" height=\"200\" \/><\/a><\/td>\n<td style=\"vertical-align: top\">\n<p>&nbsp;<\/p>\n<p><span style=\"font-family: tahoma, arial, helvetica, sans-serif\">INTEND\u00caNCIA MUNICIPAL DE TAQUARY. Relat\u00f3rio apresentado ao Conselho Municipal pelo Intendente Franklin Praia Filho em 4 de novembro de 1919, Livraria Americanas, Porto Alegre, 1920.<\/span><\/p>\n<p>&nbsp;<\/td>\n<\/tr>\n<\/tbody>\n<\/table>\n<p>&nbsp;<\/p>\n<table border=\"0\" width=\"513\">\n<tbody>\n<tr>\n<td style=\"width: 200px\"><a href=\"https:\/\/wp.ufpel.edu.br\/ceihe\/files\/2017\/12\/1-7-3.jpg\"><img class=\"alignleft size-thumbnail wp-image-1273\" src=\"https:\/\/wp.ufpel.edu.br\/ceihe\/files\/2017\/12\/1-7-3-200x200.jpg\" alt=\"\" width=\"200\" height=\"200\" \/><\/a><\/td>\n<td style=\"vertical-align: top\">\n<p>&nbsp;<\/p>\n<p><span style=\"font-family: tahoma, arial, helvetica, sans-serif\">MUNIC\u00cdPIO DE TAQUARY. Relat\u00f3rio\u00a0apresentado ao Conselho Municipal de Taquary pelo Intendente Lauro Vianna em 4 de novembro de 1929, Oficinas gr\u00e1ficas d&#8217;A Federa\u00e7\u00e3o, Porto Alegre, 1930.<\/span><\/p>\n<p>&nbsp;<\/td>\n<\/tr>\n<\/tbody>\n<\/table>\n<p>&nbsp;<\/p>\n<table border=\"0\" width=\"513\">\n<tbody>\n<tr>\n<td style=\"width: 200px\"><a href=\"https:\/\/wp.ufpel.edu.br\/ceihe\/files\/2017\/12\/1-2-7.jpg\"><img class=\"alignleft size-thumbnail wp-image-1271\" src=\"https:\/\/wp.ufpel.edu.br\/ceihe\/files\/2017\/12\/1-2-7-200x200.jpg\" alt=\"\" width=\"200\" height=\"200\" \/><\/a><\/td>\n<td style=\"vertical-align: top\">\n<p>&nbsp;<\/p>\n<p><span style=\"font-family: tahoma, arial, helvetica, sans-serif\">MUNIC\u00cdPIO DE TAQUARY. Relat\u00f3rio correspondente ao ano de 1939, apresentado ao Exmo. Sr. Coronel Oswaldo Cordeiro de Farias D. D. interventor federal do estado do Rio Grande do Sul pelo Dr. Nestor Azambuja Guimar\u00e3es prefeito de Taquary, Of. Gr\u00e1f. Da Livraria do Globo, Porto Alegre, 1940.<\/span><\/p>\n<p>&nbsp;<\/td>\n<\/tr>\n<\/tbody>\n<\/table>\n<p><\/p>\n","protected":false},"excerpt":{"rendered":"<p>&nbsp; INTEND\u00caNCIA MUNICIPAL DE TAQUARY. Relat\u00f3rio apresentado ao Conselho Municipal pelo intendente Franklin Praia Filho em 4 de novembro de 1918, Oficinas gr\u00e1ficas d\u2019A Federa\u00e7\u00e3o, Porto Alegre, 1919. &nbsp; &nbsp; &nbsp; INTEND\u00caNCIA MUNICIPAL DE TAQUARY. Relat\u00f3rio apresentado ao Conselho Municipal pelo Intendente Franklin Praia Filho em 4 de novembro de 1919, Livraria Americanas, Porto Alegre, [&hellip;]<\/p>\n","protected":false},"author":777,"featured_media":0,"parent":0,"menu_order":0,"comment_status":"closed","ping_status":"closed","template":"","meta":{"footnotes":""},"class_list":["post-1267","page","type-page","status-publish","hentry"],"_links":{"self":[{"href":"https:\/\/wp.ufpel.edu.br\/ceihe\/wp-json\/wp\/v2\/pages\/1267","targetHints":{"allow":["GET"]}}],"collection":[{"href":"https:\/\/wp.ufpel.edu.br\/ceihe\/wp-json\/wp\/v2\/pages"}],"about":[{"href":"https:\/\/wp.ufpel.edu.br\/ceihe\/wp-json\/wp\/v2\/types\/page"}],"author":[{"embeddable":true,"href":"https:\/\/wp.ufpel.edu.br\/ceihe\/wp-json\/wp\/v2\/users\/777"}],"replies":[{"embeddable":true,"href":"https:\/\/wp.ufpel.edu.br\/ceihe\/wp-json\/wp\/v2\/comments?post=1267"}],"version-history":[{"count":4,"href":"https:\/\/wp.ufpel.edu.br\/ceihe\/wp-json\/wp\/v2\/pages\/1267\/revisions"}],"predecessor-version":[{"id":1275,"href":"https:\/\/wp.ufpel.edu.br\/ceihe\/wp-json\/wp\/v2\/pages\/1267\/revisions\/1275"}],"wp:attachment":[{"href":"https:\/\/wp.ufpel.edu.br\/ceihe\/wp-json\/wp\/v2\/media?parent=1267"}],"curies":[{"name":"wp","href":"https:\/\/api.w.org\/{rel}","templated":true}]}}