{"id":1228,"date":"2017-12-13T16:38:00","date_gmt":"2017-12-13T18:38:00","guid":{"rendered":"https:\/\/wp.ufpel.edu.br\/ceihe\/?page_id=1228"},"modified":"2017-12-13T16:45:56","modified_gmt":"2017-12-13T18:45:56","slug":"santa-cruz","status":"publish","type":"page","link":"https:\/\/wp.ufpel.edu.br\/ceihe\/santa-cruz\/","title":{"rendered":"Santa Cruz"},"content":{"rendered":"<table border=\"0\" width=\"513\">\n<tbody>\n<tr>\n<td style=\"width: 200px\"><a href=\"https:\/\/wp.ufpel.edu.br\/ceihe\/files\/2017\/12\/1-1-5.jpg\"><img class=\"alignleft size-thumbnail wp-image-1230\" src=\"https:\/\/wp.ufpel.edu.br\/ceihe\/files\/2017\/12\/1-1-5-200x200.jpg\" alt=\"\" width=\"200\" height=\"200\" \/><\/a><\/td>\n<td style=\"vertical-align: top\">\n<p>&nbsp;<\/p>\n<p><span style=\"font-family: tahoma, arial, helvetica, sans-serif\">MUNIC\u00cdPIO DE SANTA CRUZ \u2013 Lei org\u00e2nica promulgada em 7 de Dezembro de 1892, Officinas typographicas da Livraria Americana, Porto Alegre, 1903.<\/span><\/p>\n<p>&nbsp;<\/td>\n<\/tr>\n<\/tbody>\n<\/table>\n<p>&nbsp;<\/p>\n<table border=\"0\" width=\"513\">\n<tbody>\n<tr>\n<td style=\"width: 200px\"><a href=\"https:\/\/wp.ufpel.edu.br\/ceihe\/files\/2017\/12\/1-2-4.jpg\"><img class=\"alignleft size-thumbnail wp-image-1232\" src=\"https:\/\/wp.ufpel.edu.br\/ceihe\/files\/2017\/12\/1-2-4-200x200.jpg\" alt=\"\" width=\"200\" height=\"200\" \/><\/a><\/td>\n<td style=\"vertical-align: top\">&nbsp;<\/p>\n<p style=\"text-align: justify\"><span style=\"font-family: tahoma, arial, helvetica, sans-serif\">MUNIC\u00cdPIO DE SANTA CRUZ. Relat\u00f3rio apresentado ao Conselho Municipal de Santa Cruz em sess\u00e3o ordin\u00e1ria de 1902 pelo Intendente Dr. Adalberto Pitta Pinheiro.<\/span><\/p>\n<p>&nbsp;<\/td>\n<\/tr>\n<\/tbody>\n<\/table>\n<p>&nbsp;<\/p>\n<table border=\"0\" width=\"513\">\n<tbody>\n<tr>\n<td style=\"width: 200px\"><a href=\"https:\/\/wp.ufpel.edu.br\/ceihe\/files\/2017\/12\/1-3-1.jpg\"><img class=\"alignleft size-thumbnail wp-image-1233\" src=\"https:\/\/wp.ufpel.edu.br\/ceihe\/files\/2017\/12\/1-3-1-200x200.jpg\" alt=\"\" width=\"200\" height=\"200\" \/><\/a><\/td>\n<td style=\"vertical-align: top\">\n<p>&nbsp;<\/p>\n<p><span style=\"font-family: tahoma, arial, helvetica, sans-serif\">MUNIC\u00cdPIO DE SANTA CRUZ. Or\u00e7amento Municipal do munic\u00edpio de S\u00e3o Jo\u00e3o de Santa Cruz para exerc\u00edcio de 1904, Typographia de Guilherme Kuhn, Santa Cruz.<\/span><\/p>\n<p>&nbsp;<\/td>\n<\/tr>\n<\/tbody>\n<\/table>\n<p>&nbsp;<\/p>\n<table border=\"0\" width=\"513\">\n<tbody>\n<tr>\n<td style=\"width: 200px\"><a href=\"https:\/\/wp.ufpel.edu.br\/ceihe\/files\/2017\/12\/1-4-1.jpg\"><img class=\"alignleft size-thumbnail wp-image-1234\" src=\"https:\/\/wp.ufpel.edu.br\/ceihe\/files\/2017\/12\/1-4-1-200x200.jpg\" alt=\"\" width=\"200\" height=\"200\" \/><\/a><\/td>\n<td style=\"vertical-align: top\">&nbsp;<\/p>\n<p style=\"text-align: justify\"><span style=\"font-family: tahoma, arial, helvetica, sans-serif\">MUNIC\u00cdPIO DE SANTA CRUZ. Mensagem apresentada Conselho Municipal de Santa Cruz pelo Intendente Dr. Adalberto Pitta Pinheiro em 15 de outubro de 1903, Typographia de Guilherme Kuhn, Santa Cruz.<\/span><\/p>\n<p>&nbsp;<\/td>\n<\/tr>\n<\/tbody>\n<\/table>\n<p>&nbsp;<\/p>\n<table border=\"0\" width=\"513\">\n<tbody>\n<tr>\n<td style=\"width: 200px\"><a href=\"https:\/\/wp.ufpel.edu.br\/ceihe\/files\/2017\/12\/1-5-1.jpg\"><img class=\"alignleft size-thumbnail wp-image-1235\" src=\"https:\/\/wp.ufpel.edu.br\/ceihe\/files\/2017\/12\/1-5-1-200x200.jpg\" alt=\"\" width=\"200\" height=\"200\" \/><\/a><\/td>\n<td style=\"vertical-align: top\">&nbsp;<\/p>\n<p style=\"text-align: justify\"><span style=\"font-family: tahoma, arial, helvetica, sans-serif\">MUNIC\u00cdPIO DE SANTA CRUZ. Or\u00e7amento do Munic\u00edpio de Santa Cruz para o exerc\u00edcio de 1910 &#8211; Lei\u00a0n\u00famero 33 de 5 de Janeiro de 1910, Typ. do Kolonie.<\/span><\/p>\n<p>&nbsp;<\/td>\n<\/tr>\n<\/tbody>\n<\/table>\n<p>&nbsp;<\/p>\n<table border=\"0\" width=\"513\">\n<tbody>\n<tr>\n<td style=\"width: 200px\"><a href=\"https:\/\/wp.ufpel.edu.br\/ceihe\/files\/2017\/12\/1-6-1.jpg\"><img class=\"alignleft size-thumbnail wp-image-1236\" src=\"https:\/\/wp.ufpel.edu.br\/ceihe\/files\/2017\/12\/1-6-1-200x200.jpg\" alt=\"\" width=\"200\" height=\"200\" \/><\/a><\/td>\n<td style=\"vertical-align: top\">&nbsp;<\/p>\n<p style=\"text-align: justify\"><span style=\"font-family: tahoma, arial, helvetica, sans-serif\">MUNIC\u00cdPIO DE SANTA CRUZ. Mensagem apresentada ao Conselho Municipal em 15 de outubro de 1913 pelo Intendente Galv\u00e3o Costa.<\/span><\/p>\n<p>&nbsp;<\/td>\n<\/tr>\n<\/tbody>\n<\/table>\n<p>&nbsp;<\/p>\n<table border=\"0\" width=\"513\">\n<tbody>\n<tr>\n<td style=\"width: 200px\"><a href=\"https:\/\/wp.ufpel.edu.br\/ceihe\/files\/2017\/12\/1-7-1.jpg\"><img class=\"alignleft size-thumbnail wp-image-1237\" src=\"https:\/\/wp.ufpel.edu.br\/ceihe\/files\/2017\/12\/1-7-1-200x200.jpg\" alt=\"\" width=\"200\" height=\"200\" \/><\/a><\/td>\n<td style=\"vertical-align: top\">\n<p>&nbsp;<\/p>\n<p><span style=\"font-family: tahoma, arial, helvetica, sans-serif\">MUNIC\u00cdPIO DE SANTA CRUZ. Mensagem apresentada ao Conselho Municipal em 15 de outubro de 1914 pelo Intendente Galv\u00e3o Costa. Typodrapha Lamberts &amp; Riede, Santa Cruz.<\/span><\/p>\n<p>&nbsp;<\/td>\n<\/tr>\n<\/tbody>\n<\/table>\n<p>&nbsp;<\/p>\n<table border=\"0\" width=\"513\">\n<tbody>\n<tr>\n<td style=\"width: 200px\"><a href=\"https:\/\/wp.ufpel.edu.br\/ceihe\/files\/2017\/12\/1-8-1.jpg\"><img class=\"alignleft size-thumbnail wp-image-1238\" src=\"https:\/\/wp.ufpel.edu.br\/ceihe\/files\/2017\/12\/1-8-1-200x200.jpg\" alt=\"\" width=\"200\" height=\"200\" \/><\/a><\/td>\n<td style=\"vertical-align: top\">\n<p>&nbsp;<\/p>\n<p><span style=\"font-family: tahoma, arial, helvetica, sans-serif\">MUNIC\u00cdPIO DE SANTA CRUZ. Or\u00e7amento da Receita e despesa do Munic\u00edpio de Santa Cruz para o exerc\u00edcio de 1918.<\/span><\/p>\n<p>&nbsp;<\/td>\n<\/tr>\n<\/tbody>\n<\/table>\n<p>&nbsp;<\/p>\n<table border=\"0\" width=\"513\">\n<tbody>\n<tr>\n<td style=\"width: 200px\"><a href=\"https:\/\/wp.ufpel.edu.br\/ceihe\/files\/2017\/12\/1-9-1.jpg\"><img class=\"alignleft size-thumbnail wp-image-1239\" src=\"https:\/\/wp.ufpel.edu.br\/ceihe\/files\/2017\/12\/1-9-1-200x200.jpg\" alt=\"\" width=\"200\" height=\"200\" \/><\/a><\/td>\n<td style=\"vertical-align: top\">&nbsp;<\/p>\n<p style=\"text-align: justify\"><span style=\"font-family: tahoma, arial, helvetica, sans-serif\">MUNIC\u00cdPIO DE SANTA CRUZ. Relat\u00f3rio apresentado \u00e0 C\u00e2mara Municipal de Santa Cruz pelo prefeito Tte. Cel. Oscar R. Jost &#8211; Exerc\u00edcio de 1936.<\/span><\/p>\n<p>&nbsp;<\/td>\n<\/tr>\n<\/tbody>\n<\/table>\n<p><\/p>\n","protected":false},"excerpt":{"rendered":"<p>&nbsp; MUNIC\u00cdPIO DE SANTA CRUZ \u2013 Lei org\u00e2nica promulgada em 7 de Dezembro de 1892, Officinas typographicas da Livraria Americana, Porto Alegre, 1903. &nbsp; &nbsp; &nbsp; MUNIC\u00cdPIO DE SANTA CRUZ. Relat\u00f3rio apresentado ao Conselho Municipal de Santa Cruz em sess\u00e3o ordin\u00e1ria de 1902 pelo Intendente Dr. Adalberto Pitta Pinheiro. &nbsp; &nbsp; &nbsp; MUNIC\u00cdPIO DE SANTA [&hellip;]<\/p>\n","protected":false},"author":777,"featured_media":0,"parent":0,"menu_order":0,"comment_status":"closed","ping_status":"closed","template":"","meta":{"footnotes":""},"class_list":["post-1228","page","type-page","status-publish","hentry"],"_links":{"self":[{"href":"https:\/\/wp.ufpel.edu.br\/ceihe\/wp-json\/wp\/v2\/pages\/1228","targetHints":{"allow":["GET"]}}],"collection":[{"href":"https:\/\/wp.ufpel.edu.br\/ceihe\/wp-json\/wp\/v2\/pages"}],"about":[{"href":"https:\/\/wp.ufpel.edu.br\/ceihe\/wp-json\/wp\/v2\/types\/page"}],"author":[{"embeddable":true,"href":"https:\/\/wp.ufpel.edu.br\/ceihe\/wp-json\/wp\/v2\/users\/777"}],"replies":[{"embeddable":true,"href":"https:\/\/wp.ufpel.edu.br\/ceihe\/wp-json\/wp\/v2\/comments?post=1228"}],"version-history":[{"count":3,"href":"https:\/\/wp.ufpel.edu.br\/ceihe\/wp-json\/wp\/v2\/pages\/1228\/revisions"}],"predecessor-version":[{"id":1240,"href":"https:\/\/wp.ufpel.edu.br\/ceihe\/wp-json\/wp\/v2\/pages\/1228\/revisions\/1240"}],"wp:attachment":[{"href":"https:\/\/wp.ufpel.edu.br\/ceihe\/wp-json\/wp\/v2\/media?parent=1228"}],"curies":[{"name":"wp","href":"https:\/\/api.w.org\/{rel}","templated":true}]}}

<table border="0" width="513">
<tbody>
<tr>
<td style="width: 200px"><a href="https://wp.ufpel.edu.br/ceihe/files/2017/12/1-1-5.jpg"><img class="alignleft size-thumbnail wp-image-1230" src="https://wp.ufpel.edu.br/ceihe/files/2017/12/1-1-5-200x200.jpg" alt="" width="200" height="200" /></a></td>
<td style="vertical-align: top">
<p>&nbsp;</p>
<p><span style="font-family: tahoma, arial, helvetica, sans-serif">MUNICÍPIO DE SANTA CRUZ – Lei orgânica promulgada em 7 de Dezembro de 1892, Officinas typographicas da Livraria Americana, Porto Alegre, 1903.</span></p>
<p>&nbsp;</td>
</tr>
</tbody>
</table>
<p>&nbsp;</p>
<table border="0" width="513">
<tbody>
<tr>
<td style="width: 200px"><a href="https://wp.ufpel.edu.br/ceihe/files/2017/12/1-2-4.jpg"><img class="alignleft size-thumbnail wp-image-1232" src="https://wp.ufpel.edu.br/ceihe/files/2017/12/1-2-4-200x200.jpg" alt="" width="200" height="200" /></a></td>
<td style="vertical-align: top">&nbsp;</p>
<p style="text-align: justify"><span style="font-family: tahoma, arial, helvetica, sans-serif">MUNICÍPIO DE SANTA CRUZ. Relatório apresentado ao Conselho Municipal de Santa Cruz em sessão ordinária de 1902 pelo Intendente Dr. Adalberto Pitta Pinheiro.</span></p>
<p>&nbsp;</td>
</tr>
</tbody>
</table>
<p>&nbsp;</p>
<table border="0" width="513">
<tbody>
<tr>
<td style="width: 200px"><a href="https://wp.ufpel.edu.br/ceihe/files/2017/12/1-3-1.jpg"><img class="alignleft size-thumbnail wp-image-1233" src="https://wp.ufpel.edu.br/ceihe/files/2017/12/1-3-1-200x200.jpg" alt="" width="200" height="200" /></a></td>
<td style="vertical-align: top">
<p>&nbsp;</p>
<p><span style="font-family: tahoma, arial, helvetica, sans-serif">MUNICÍPIO DE SANTA CRUZ. Orçamento Municipal do município de São João de Santa Cruz para exercício de 1904, Typographia de Guilherme Kuhn, Santa Cruz.</span></p>
<p>&nbsp;</td>
</tr>
</tbody>
</table>
<p>&nbsp;</p>
<table border="0" width="513">
<tbody>
<tr>
<td style="width: 200px"><a href="https://wp.ufpel.edu.br/ceihe/files/2017/12/1-4-1.jpg"><img class="alignleft size-thumbnail wp-image-1234" src="https://wp.ufpel.edu.br/ceihe/files/2017/12/1-4-1-200x200.jpg" alt="" width="200" height="200" /></a></td>
<td style="vertical-align: top">&nbsp;</p>
<p style="text-align: justify"><span style="font-family: tahoma, arial, helvetica, sans-serif">MUNICÍPIO DE SANTA CRUZ. Mensagem apresentada Conselho Municipal de Santa Cruz pelo Intendente Dr. Adalberto Pitta Pinheiro em 15 de outubro de 1903, Typographia de Guilherme Kuhn, Santa Cruz.</span></p>
<p>&nbsp;</td>
</tr>
</tbody>
</table>
<p>&nbsp;</p>
<table border="0" width="513">
<tbody>
<tr>
<td style="width: 200px"><a href="https://wp.ufpel.edu.br/ceihe/files/2017/12/1-5-1.jpg"><img class="alignleft size-thumbnail wp-image-1235" src="https://wp.ufpel.edu.br/ceihe/files/2017/12/1-5-1-200x200.jpg" alt="" width="200" height="200" /></a></td>
<td style="vertical-align: top">&nbsp;</p>
<p style="text-align: justify"><span style="font-family: tahoma, arial, helvetica, sans-serif">MUNICÍPIO DE SANTA CRUZ. Orçamento do Município de Santa Cruz para o exercício de 1910 &#8211; Lei número 33 de 5 de Janeiro de 1910, Typ. do Kolonie.</span></p>
<p>&nbsp;</td>
</tr>
</tbody>
</table>
<p>&nbsp;</p>
<table border="0" width="513">
<tbody>
<tr>
<td style="width: 200px"><a href="https://wp.ufpel.edu.br/ceihe/files/2017/12/1-6-1.jpg"><img class="alignleft size-thumbnail wp-image-1236" src="https://wp.ufpel.edu.br/ceihe/files/2017/12/1-6-1-200x200.jpg" alt="" width="200" height="200" /></a></td>
<td style="vertical-align: top">&nbsp;</p>
<p style="text-align: justify"><span style="font-family: tahoma, arial, helvetica, sans-serif">MUNICÍPIO DE SANTA CRUZ. Mensagem apresentada ao Conselho Municipal em 15 de outubro de 1913 pelo Intendente Galvão Costa.</span></p>
<p>&nbsp;</td>
</tr>
</tbody>
</table>
<p>&nbsp;</p>
<table border="0" width="513">
<tbody>
<tr>
<td style="width: 200px"><a href="https://wp.ufpel.edu.br/ceihe/files/2017/12/1-7-1.jpg"><img class="alignleft size-thumbnail wp-image-1237" src="https://wp.ufpel.edu.br/ceihe/files/2017/12/1-7-1-200x200.jpg" alt="" width="200" height="200" /></a></td>
<td style="vertical-align: top">
<p>&nbsp;</p>
<p><span style="font-family: tahoma, arial, helvetica, sans-serif">MUNICÍPIO DE SANTA CRUZ. Mensagem apresentada ao Conselho Municipal em 15 de outubro de 1914 pelo Intendente Galvão Costa. Typodrapha Lamberts &amp; Riede, Santa Cruz.</span></p>
<p>&nbsp;</td>
</tr>
</tbody>
</table>
<p>&nbsp;</p>
<table border="0" width="513">
<tbody>
<tr>
<td style="width: 200px"><a href="https://wp.ufpel.edu.br/ceihe/files/2017/12/1-8-1.jpg"><img class="alignleft size-thumbnail wp-image-1238" src="https://wp.ufpel.edu.br/ceihe/files/2017/12/1-8-1-200x200.jpg" alt="" width="200" height="200" /></a></td>
<td style="vertical-align: top">
<p>&nbsp;</p>
<p><span style="font-family: tahoma, arial, helvetica, sans-serif">MUNICÍPIO DE SANTA CRUZ. Orçamento da Receita e despesa do Município de Santa Cruz para o exercício de 1918.</span></p>
<p>&nbsp;</td>
</tr>
</tbody>
</table>
<p>&nbsp;</p>
<table border="0" width="513">
<tbody>
<tr>
<td style="width: 200px"><a href="https://wp.ufpel.edu.br/ceihe/files/2017/12/1-9-1.jpg"><img class="alignleft size-thumbnail wp-image-1239" src="https://wp.ufpel.edu.br/ceihe/files/2017/12/1-9-1-200x200.jpg" alt="" width="200" height="200" /></a></td>
<td style="vertical-align: top">&nbsp;</p>
<p style="text-align: justify"><span style="font-family: tahoma, arial, helvetica, sans-serif">MUNICÍPIO DE SANTA CRUZ. Relatório apresentado à Câmara Municipal de Santa Cruz pelo prefeito Tte. Cel. Oscar R. Jost &#8211; Exercício de 1936.</span></p>
<p>&nbsp;</td>
</tr>
</tbody>
</table>
<p></p>

<p>&nbsp; MUNICÍPIO DE SANTA CRUZ – Lei orgânica promulgada em 7 de Dezembro de 1892, Officinas typographicas da Livraria Americana, Porto Alegre, 1903. &nbsp; &nbsp; &nbsp; MUNICÍPIO DE SANTA CRUZ. Relatório apresentado ao Conselho Municipal de Santa Cruz em sessão ordinária de 1902 pelo Intendente Dr. Adalberto Pitta Pinheiro. &nbsp; &nbsp; &nbsp; MUNICÍPIO DE SANTA [&hellip;]</p>
