{"id":1222,"date":"2017-12-13T16:34:22","date_gmt":"2017-12-13T18:34:22","guid":{"rendered":"https:\/\/wp.ufpel.edu.br\/ceihe\/?page_id=1222"},"modified":"2017-12-13T16:36:10","modified_gmt":"2017-12-13T18:36:10","slug":"sao-sepe","status":"publish","type":"page","link":"https:\/\/wp.ufpel.edu.br\/ceihe\/sao-sepe\/","title":{"rendered":"S\u00e3o Sep\u00e9"},"content":{"rendered":"<table border=\"0\" width=\"513\">\n<tbody>\n<tr>\n<td style=\"width: 200px\"><a href=\"https:\/\/wp.ufpel.edu.br\/ceihe\/files\/2017\/12\/1-1-4.jpg\"><img class=\"alignleft size-thumbnail wp-image-1224\" src=\"https:\/\/wp.ufpel.edu.br\/ceihe\/files\/2017\/12\/1-1-4-200x200.jpg\" alt=\"\" width=\"200\" height=\"200\" \/><\/a><\/td>\n<td style=\"vertical-align: top\">\n<p>&nbsp;<\/p>\n<p><span style=\"font-family: tahoma, arial, helvetica, sans-serif\">MUNIC\u00cdPIO DE S\u00c3O SEP\u00c9 \u2013 Lei Eleitoral n\u00ba 26 de 3 de novembro de 1913, Typographia d\u2019O Commercio, Cachoeira, 1913.<\/span><\/p>\n<p>&nbsp;<\/td>\n<\/tr>\n<\/tbody>\n<\/table>\n<p>&nbsp;<\/p>\n<table border=\"0\" width=\"513\">\n<tbody>\n<tr>\n<td style=\"width: 200px\"><a href=\"https:\/\/wp.ufpel.edu.br\/ceihe\/files\/2017\/12\/1-2-3.jpg\"><img class=\"alignleft size-thumbnail wp-image-1226\" src=\"https:\/\/wp.ufpel.edu.br\/ceihe\/files\/2017\/12\/1-2-3-200x200.jpg\" alt=\"\" width=\"200\" height=\"200\" \/><\/a><\/td>\n<td style=\"vertical-align: top\">\n<p>&nbsp;<\/p>\n<p><span style=\"font-family: tahoma, arial, helvetica, sans-serif\">MUNIC\u00cdPIO DE S\u00c3O SEP\u00c9 \u2013 C\u00f3digo de Posturas Urbanas do munic\u00edpio de S\u00e3o Sep\u00e9, promulgado em 31 de dezembro de 1926 pelo intendente Percival Brenner, Impresso nas Officinas Typographicas de Jo\u00e3o Moller, Cachoeira, 1927.<\/span><\/p>\n<p>&nbsp;<\/td>\n<\/tr>\n<\/tbody>\n<\/table>\n<p><\/p>\n","protected":false},"excerpt":{"rendered":"<p>&nbsp; MUNIC\u00cdPIO DE S\u00c3O SEP\u00c9 \u2013 Lei Eleitoral n\u00ba 26 de 3 de novembro de 1913, Typographia d\u2019O Commercio, Cachoeira, 1913. &nbsp; &nbsp; &nbsp; MUNIC\u00cdPIO DE S\u00c3O SEP\u00c9 \u2013 C\u00f3digo de Posturas Urbanas do munic\u00edpio de S\u00e3o Sep\u00e9, promulgado em 31 de dezembro de 1926 pelo intendente Percival Brenner, Impresso nas Officinas Typographicas de Jo\u00e3o [&hellip;]<\/p>\n","protected":false},"author":777,"featured_media":0,"parent":0,"menu_order":0,"comment_status":"closed","ping_status":"closed","template":"","meta":{"footnotes":""},"class_list":["post-1222","page","type-page","status-publish","hentry"],"_links":{"self":[{"href":"https:\/\/wp.ufpel.edu.br\/ceihe\/wp-json\/wp\/v2\/pages\/1222","targetHints":{"allow":["GET"]}}],"collection":[{"href":"https:\/\/wp.ufpel.edu.br\/ceihe\/wp-json\/wp\/v2\/pages"}],"about":[{"href":"https:\/\/wp.ufpel.edu.br\/ceihe\/wp-json\/wp\/v2\/types\/page"}],"author":[{"embeddable":true,"href":"https:\/\/wp.ufpel.edu.br\/ceihe\/wp-json\/wp\/v2\/users\/777"}],"replies":[{"embeddable":true,"href":"https:\/\/wp.ufpel.edu.br\/ceihe\/wp-json\/wp\/v2\/comments?post=1222"}],"version-history":[{"count":3,"href":"https:\/\/wp.ufpel.edu.br\/ceihe\/wp-json\/wp\/v2\/pages\/1222\/revisions"}],"predecessor-version":[{"id":1227,"href":"https:\/\/wp.ufpel.edu.br\/ceihe\/wp-json\/wp\/v2\/pages\/1222\/revisions\/1227"}],"wp:attachment":[{"href":"https:\/\/wp.ufpel.edu.br\/ceihe\/wp-json\/wp\/v2\/media?parent=1222"}],"curies":[{"name":"wp","href":"https:\/\/api.w.org\/{rel}","templated":true}]}}