{"id":1216,"date":"2017-12-13T16:31:26","date_gmt":"2017-12-13T18:31:26","guid":{"rendered":"https:\/\/wp.ufpel.edu.br\/ceihe\/?page_id=1216"},"modified":"2017-12-13T16:33:52","modified_gmt":"2017-12-13T18:33:52","slug":"sao-sebastiao-do-cahy","status":"publish","type":"page","link":"https:\/\/wp.ufpel.edu.br\/ceihe\/sao-sebastiao-do-cahy\/","title":{"rendered":"S\u00e3o Sebasti\u00e3o do Cahy"},"content":{"rendered":"<table border=\"0\" width=\"513\">\n<tbody>\n<tr>\n<td style=\"width: 200px\"><a href=\"https:\/\/wp.ufpel.edu.br\/ceihe\/files\/2017\/12\/1-1-3.jpg\"><img class=\"alignleft size-thumbnail wp-image-1218\" src=\"https:\/\/wp.ufpel.edu.br\/ceihe\/files\/2017\/12\/1-1-3-200x200.jpg\" alt=\"\" width=\"200\" height=\"200\" \/><\/a><\/td>\n<td style=\"vertical-align: top\">\n<p>&nbsp;<\/p>\n<p><span style=\"font-family: tahoma, arial, helvetica, sans-serif\">MUNIC\u00cdPIO DE S\u00c3O SEBASTI\u00c3O CAHY. Relat\u00f3rio apresentado ao Conselho Municipal de S. Sebasti\u00e3o do Cahy pelo intendente Orestes Jos\u00e9 Lucas na reuni\u00e3o ordin\u00e1ria de 1904 \u2013 Lei de or\u00e7amento para 1905, Officinas typographicas d\u2019 A Federa\u00e7\u00e3o, Porto Alegre, 1904.<\/span><\/p>\n<p>&nbsp;<\/td>\n<\/tr>\n<\/tbody>\n<\/table>\n<p>&nbsp;<\/p>\n<table border=\"0\" width=\"513\">\n<tbody>\n<tr>\n<td style=\"width: 200px\"><a href=\"https:\/\/wp.ufpel.edu.br\/ceihe\/files\/2017\/12\/1-2-2.jpg\"><img class=\"alignleft size-thumbnail wp-image-1220\" src=\"https:\/\/wp.ufpel.edu.br\/ceihe\/files\/2017\/12\/1-2-2-200x200.jpg\" alt=\"\" width=\"200\" height=\"200\" \/><\/a><\/td>\n<td style=\"vertical-align: top\">\n<p>&nbsp;<\/p>\n<p><span style=\"font-family: tahoma, arial, helvetica, sans-serif\">MUNIC\u00cdPIO DE S\u00c3O SEBASTI\u00c3O CAHY. Relat\u00f3rio apresentada a C\u00e2mara Municipal pelo Prefeito Dr. Egydio Michaelsen \u2013 Exerc\u00edcio de 1936, Livraria Cahyense.<\/span><\/p>\n<p>&nbsp;<\/td>\n<\/tr>\n<\/tbody>\n<\/table>\n<p><\/p>\n","protected":false},"excerpt":{"rendered":"<p>&nbsp; MUNIC\u00cdPIO DE S\u00c3O SEBASTI\u00c3O CAHY. Relat\u00f3rio apresentado ao Conselho Municipal de S. Sebasti\u00e3o do Cahy pelo intendente Orestes Jos\u00e9 Lucas na reuni\u00e3o ordin\u00e1ria de 1904 \u2013 Lei de or\u00e7amento para 1905, Officinas typographicas d\u2019 A Federa\u00e7\u00e3o, Porto Alegre, 1904. &nbsp; &nbsp; &nbsp; MUNIC\u00cdPIO DE S\u00c3O SEBASTI\u00c3O CAHY. Relat\u00f3rio apresentada a C\u00e2mara Municipal pelo Prefeito [&hellip;]<\/p>\n","protected":false},"author":777,"featured_media":0,"parent":0,"menu_order":0,"comment_status":"closed","ping_status":"closed","template":"","meta":{"footnotes":""},"class_list":["post-1216","page","type-page","status-publish","hentry"],"_links":{"self":[{"href":"https:\/\/wp.ufpel.edu.br\/ceihe\/wp-json\/wp\/v2\/pages\/1216","targetHints":{"allow":["GET"]}}],"collection":[{"href":"https:\/\/wp.ufpel.edu.br\/ceihe\/wp-json\/wp\/v2\/pages"}],"about":[{"href":"https:\/\/wp.ufpel.edu.br\/ceihe\/wp-json\/wp\/v2\/types\/page"}],"author":[{"embeddable":true,"href":"https:\/\/wp.ufpel.edu.br\/ceihe\/wp-json\/wp\/v2\/users\/777"}],"replies":[{"embeddable":true,"href":"https:\/\/wp.ufpel.edu.br\/ceihe\/wp-json\/wp\/v2\/comments?post=1216"}],"version-history":[{"count":3,"href":"https:\/\/wp.ufpel.edu.br\/ceihe\/wp-json\/wp\/v2\/pages\/1216\/revisions"}],"predecessor-version":[{"id":1221,"href":"https:\/\/wp.ufpel.edu.br\/ceihe\/wp-json\/wp\/v2\/pages\/1216\/revisions\/1221"}],"wp:attachment":[{"href":"https:\/\/wp.ufpel.edu.br\/ceihe\/wp-json\/wp\/v2\/media?parent=1216"}],"curies":[{"name":"wp","href":"https:\/\/api.w.org\/{rel}","templated":true}]}}