{"id":1210,"date":"2017-12-13T16:28:43","date_gmt":"2017-12-13T18:28:43","guid":{"rendered":"https:\/\/wp.ufpel.edu.br\/ceihe\/?page_id=1210"},"modified":"2017-12-13T16:30:23","modified_gmt":"2017-12-13T18:30:23","slug":"sao-pedro","status":"publish","type":"page","link":"https:\/\/wp.ufpel.edu.br\/ceihe\/sao-pedro\/","title":{"rendered":"S\u00e3o Pedro"},"content":{"rendered":"<table border=\"0\" width=\"513\">\n<tbody>\n<tr>\n<td style=\"width: 200px\"><a href=\"https:\/\/wp.ufpel.edu.br\/ceihe\/files\/2017\/12\/1-1-2.jpg\"><img class=\"alignleft size-thumbnail wp-image-1212\" src=\"https:\/\/wp.ufpel.edu.br\/ceihe\/files\/2017\/12\/1-1-2-200x200.jpg\" alt=\"\" width=\"200\" height=\"200\" \/><\/a><\/td>\n<td style=\"vertical-align: top\">\n<p>&nbsp;<\/p>\n<p><span style=\"font-family: tahoma, arial, helvetica, sans-serif\">MUNIC\u00cdPIO DE S\u00c3O PEDRO. Relat\u00f3rio de 1932 de Eduardo Lima Filha, ex-prefeito do Munic\u00edpio de S\u00e3o Pedro, Officinas gr\u00e1ficas d\u2019 \u201cO Commercio\u201d, S\u00e3o Pedro.<\/span><\/p>\n<p>&nbsp;<\/td>\n<\/tr>\n<\/tbody>\n<\/table>\n<p>&nbsp;<\/p>\n<table border=\"0\" width=\"513\">\n<tbody>\n<tr>\n<td style=\"width: 200px\"><a href=\"https:\/\/wp.ufpel.edu.br\/ceihe\/files\/2017\/12\/1-2-1.jpg\"><img class=\"alignleft size-thumbnail wp-image-1213\" src=\"https:\/\/wp.ufpel.edu.br\/ceihe\/files\/2017\/12\/1-2-1-200x200.jpg\" alt=\"\" width=\"200\" height=\"200\" \/><\/a><\/td>\n<td style=\"vertical-align: top\">\n<p>&nbsp;<\/p>\n<p><span style=\"font-family: tahoma, arial, helvetica, sans-serif\"> INTEND\u00caNCIA MUNICIPAL DE S\u00c3O PEDRO. Relat\u00f3rio apresentado ao Conselho Municipal pelo intendente Coronel Antonio Luiz Muller em sess\u00e3o ordin\u00e1ria do dia 25 de novembro do ano de 1929, contendo a Lei de or\u00e7amento da receita e despesa para o exerc\u00edcio de 1930, Officinas gr\u00e1ficas Rotermund &amp; Rossler, Cruz Alta.<\/span><\/p>\n<p>&nbsp;<\/td>\n<\/tr>\n<\/tbody>\n<\/table>\n<p><\/p>\n","protected":false},"excerpt":{"rendered":"<p>&nbsp; MUNIC\u00cdPIO DE S\u00c3O PEDRO. Relat\u00f3rio de 1932 de Eduardo Lima Filha, ex-prefeito do Munic\u00edpio de S\u00e3o Pedro, Officinas gr\u00e1ficas d\u2019 \u201cO Commercio\u201d, S\u00e3o Pedro. &nbsp; &nbsp; &nbsp; INTEND\u00caNCIA MUNICIPAL DE S\u00c3O PEDRO. Relat\u00f3rio apresentado ao Conselho Municipal pelo intendente Coronel Antonio Luiz Muller em sess\u00e3o ordin\u00e1ria do dia 25 de novembro do ano de [&hellip;]<\/p>\n","protected":false},"author":777,"featured_media":0,"parent":0,"menu_order":0,"comment_status":"closed","ping_status":"closed","template":"","meta":{"footnotes":""},"class_list":["post-1210","page","type-page","status-publish","hentry"],"_links":{"self":[{"href":"https:\/\/wp.ufpel.edu.br\/ceihe\/wp-json\/wp\/v2\/pages\/1210","targetHints":{"allow":["GET"]}}],"collection":[{"href":"https:\/\/wp.ufpel.edu.br\/ceihe\/wp-json\/wp\/v2\/pages"}],"about":[{"href":"https:\/\/wp.ufpel.edu.br\/ceihe\/wp-json\/wp\/v2\/types\/page"}],"author":[{"embeddable":true,"href":"https:\/\/wp.ufpel.edu.br\/ceihe\/wp-json\/wp\/v2\/users\/777"}],"replies":[{"embeddable":true,"href":"https:\/\/wp.ufpel.edu.br\/ceihe\/wp-json\/wp\/v2\/comments?post=1210"}],"version-history":[{"count":3,"href":"https:\/\/wp.ufpel.edu.br\/ceihe\/wp-json\/wp\/v2\/pages\/1210\/revisions"}],"predecessor-version":[{"id":1215,"href":"https:\/\/wp.ufpel.edu.br\/ceihe\/wp-json\/wp\/v2\/pages\/1210\/revisions\/1215"}],"wp:attachment":[{"href":"https:\/\/wp.ufpel.edu.br\/ceihe\/wp-json\/wp\/v2\/media?parent=1210"}],"curies":[{"name":"wp","href":"https:\/\/api.w.org\/{rel}","templated":true}]}}