{"id":1053,"date":"2017-11-28T11:24:57","date_gmt":"2017-11-28T13:24:57","guid":{"rendered":"https:\/\/wp.ufpel.edu.br\/ceihe\/?page_id=1053"},"modified":"2017-12-03T19:17:49","modified_gmt":"2017-12-03T21:17:49","slug":"bento-goncalves","status":"publish","type":"page","link":"https:\/\/wp.ufpel.edu.br\/ceihe\/bento-goncalves\/","title":{"rendered":"Bento Gon\u00e7alves"},"content":{"rendered":"<table border=\"0\" width=\"513\">\n<tbody>\n<tr>\n<td style=\"width: 200px\"><a href=\"https:\/\/wp.ufpel.edu.br\/ceihe\/files\/2017\/11\/1-1.jpg\"><img class=\"alignleft size-thumbnail wp-image-1055\" src=\"https:\/\/wp.ufpel.edu.br\/ceihe\/files\/2017\/11\/1-1-200x200.jpg\" alt=\"\" width=\"200\" height=\"200\" \/><\/a><\/td>\n<td style=\"vertical-align: top\">\n<p>&nbsp;<\/p>\n<p><span style=\"font-family: tahoma, arial, helvetica, sans-serif\">MUNIC\u00cdPIO DE BENTO GON\u00c7ALVES \u2013 Lei org\u00e2nica com as altera\u00e7\u00f5es do decreto do Governo do estado, sob n. 518 de 30 de agosto de 1902, officinas typographicas d\u2019A Federa\u00e7\u00e3o, Porto Alegre, 1903.<\/span><\/p>\n<p>&nbsp;<\/td>\n<\/tr>\n<\/tbody>\n<\/table>\n<p>&nbsp;<\/p>\n<table border=\"0\" width=\"513\">\n<tbody>\n<tr>\n<td style=\"width: 200px\"><a href=\"https:\/\/wp.ufpel.edu.br\/ceihe\/files\/2017\/11\/1-2.jpg\"><img class=\"alignleft size-thumbnail wp-image-1057\" src=\"https:\/\/wp.ufpel.edu.br\/ceihe\/files\/2017\/11\/1-2-200x200.jpg\" alt=\"\" width=\"200\" height=\"200\" \/><\/a><\/td>\n<td style=\"vertical-align: top\">\n<p>&nbsp;<\/p>\n<p><span style=\"font-family: tahoma, arial, helvetica, sans-serif\">MUNIC\u00cdPIO DE BENTO GON\u00c7ALVES. Relat\u00f3rio apresentado ao Conselho Municipal em 15 de outubro de 1923 pelo intendente Antonio Joaquim de Carvalho Junior \u2013 Lei de or\u00e7amento para 1924, officinas typographicas d\u2019A Federa\u00e7\u00e3o, Porto Alegre, 1924.<\/span><\/p>\n<p>&nbsp;<\/td>\n<\/tr>\n<\/tbody>\n<\/table>\n<p>&nbsp;<\/p>\n<table border=\"0\" width=\"513\">\n<tbody>\n<tr>\n<td style=\"width: 200px\"><a href=\"https:\/\/wp.ufpel.edu.br\/ceihe\/files\/2017\/11\/1-3.jpg\"><img class=\"alignleft size-thumbnail wp-image-1058\" src=\"https:\/\/wp.ufpel.edu.br\/ceihe\/files\/2017\/11\/1-3-200x200.jpg\" alt=\"\" width=\"200\" height=\"200\" \/><\/a><\/td>\n<td style=\"vertical-align: top\">\n<p>&nbsp;<\/p>\n<p><span style=\"font-family: tahoma, arial, helvetica, sans-serif\">MUNIC\u00cdPIO DE BENTO GON\u00c7ALVES \u2013 Lei do or\u00e7amento para o exerc\u00edcio de 1936, Oficinas Gr\u00e1ficas da Livraria do Globo, Porto Alegre, 1936.<\/span><\/p>\n<p>&nbsp;<\/td>\n<\/tr>\n<\/tbody>\n<\/table>\n<p>&nbsp;<\/p>\n<table border=\"0\" width=\"513\">\n<tbody>\n<tr>\n<td style=\"width: 200px\"><a href=\"https:\/\/wp.ufpel.edu.br\/ceihe\/files\/2017\/11\/1-4.jpg\"><img class=\"alignleft size-thumbnail wp-image-1059\" src=\"https:\/\/wp.ufpel.edu.br\/ceihe\/files\/2017\/11\/1-4-200x200.jpg\" alt=\"\" width=\"200\" height=\"200\" \/><\/a><\/td>\n<td style=\"vertical-align: top\">\n<p>&nbsp;<\/p>\n<p><span style=\"font-family: tahoma, arial, helvetica, sans-serif\">PREFEITURA MUNICIPAL DE BENTO GON\u00c7ALVES \u2013 Lei or\u00e7amentaria para o exerc\u00edcio de 1939, Imprensa Oficial, Porto Alegre, 1939.<\/span><\/p>\n<p>&nbsp;<\/td>\n<\/tr>\n<\/tbody>\n<\/table>\n<p><\/p>\n","protected":false},"excerpt":{"rendered":"<p>&nbsp; MUNIC\u00cdPIO DE BENTO GON\u00c7ALVES \u2013 Lei org\u00e2nica com as altera\u00e7\u00f5es do decreto do Governo do estado, sob n. 518 de 30 de agosto de 1902, officinas typographicas d\u2019A Federa\u00e7\u00e3o, Porto Alegre, 1903. &nbsp; &nbsp; &nbsp; MUNIC\u00cdPIO DE BENTO GON\u00c7ALVES. Relat\u00f3rio apresentado ao Conselho Municipal em 15 de outubro de 1923 pelo intendente Antonio Joaquim [&hellip;]<\/p>\n","protected":false},"author":777,"featured_media":0,"parent":0,"menu_order":0,"comment_status":"closed","ping_status":"closed","template":"","meta":{"footnotes":""},"class_list":["post-1053","page","type-page","status-publish","hentry"],"_links":{"self":[{"href":"https:\/\/wp.ufpel.edu.br\/ceihe\/wp-json\/wp\/v2\/pages\/1053","targetHints":{"allow":["GET"]}}],"collection":[{"href":"https:\/\/wp.ufpel.edu.br\/ceihe\/wp-json\/wp\/v2\/pages"}],"about":[{"href":"https:\/\/wp.ufpel.edu.br\/ceihe\/wp-json\/wp\/v2\/types\/page"}],"author":[{"embeddable":true,"href":"https:\/\/wp.ufpel.edu.br\/ceihe\/wp-json\/wp\/v2\/users\/777"}],"replies":[{"embeddable":true,"href":"https:\/\/wp.ufpel.edu.br\/ceihe\/wp-json\/wp\/v2\/comments?post=1053"}],"version-history":[{"count":5,"href":"https:\/\/wp.ufpel.edu.br\/ceihe\/wp-json\/wp\/v2\/pages\/1053\/revisions"}],"predecessor-version":[{"id":1159,"href":"https:\/\/wp.ufpel.edu.br\/ceihe\/wp-json\/wp\/v2\/pages\/1053\/revisions\/1159"}],"wp:attachment":[{"href":"https:\/\/wp.ufpel.edu.br\/ceihe\/wp-json\/wp\/v2\/media?parent=1053"}],"curies":[{"name":"wp","href":"https:\/\/api.w.org\/{rel}","templated":true}]}}