{"id":58,"date":"2020-04-07T22:31:43","date_gmt":"2020-04-08T01:31:43","guid":{"rendered":"https:\/\/wp.ufpel.edu.br\/ceherb\/?page_id=58"},"modified":"2022-04-14T10:33:48","modified_gmt":"2022-04-14T13:33:48","slug":"pos-graduacao","status":"publish","type":"page","link":"https:\/\/wp.ufpel.edu.br\/ceherb\/pos-graduacao\/","title":{"rendered":"P\u00f3s-Gradua\u00e7\u00e3o"},"content":{"rendered":"\n<h2 class=\"has-text-align-left wp-block-heading\"><strong>Disciplinas Ofertadas<\/strong><\/h2>\n\n\n\n<figure class=\"wp-block-table is-style-stripes has-small-font-size\"><table><thead><tr><th>Disciplina<\/th><th>Cr\u00e9ditos<\/th><th>Respons\u00e1vel<\/th><th>Participante<\/th><\/tr><\/thead><tbody><tr><td><a href=\"https:\/\/wp.ufpel.edu.br\/ppgfs\/files\/2011\/08\/DINAMICA-DE-HERBICIDAS-NO-AMBIENTE.pdf\">Din\u00e2mica de Herbicidas no Ambiente<\/a><\/td><td>4<\/td><td>Edinalvo R. Camargo<\/td><td>&nbsp;<\/td><\/tr><tr><td><a href=\"https:\/\/wp.ufpel.edu.br\/ppgfs\/files\/2011\/08\/MINIST%C3%89RIO-DA-EDUCA%C3%87%C3%83O1.pdf\">Ecofisiologia e Interfer\u00eancia de Plantas Daninhas<\/a><\/td><td>4<\/td><td>Dirceu Agostinetto<\/td><td>&nbsp;<\/td><\/tr><tr><td>Fisiologia da A\u00e7\u00e3o Herbicida<\/td><td>4<\/td><td>Luis Avila<\/td><td>Nilda Burgos<br>Franck Dayan<\/td><\/tr><tr><td><a href=\"https:\/\/wp.ufpel.edu.br\/ppgfs\/files\/2011\/08\/MINIST%C3%89RIO-DA-EDUCA%C3%87%C3%83O3.pdf\">Impacto Ambiental da Agricultura<\/a><\/td><td>4<\/td><td>Luis Avila<\/td><td>&nbsp;<\/td><\/tr><tr><td>Introdu\u00e7\u00e3o em M\u00e9todos Anal\u00edticos em Herbologia<\/td><td>4<\/td><td>Fabiane P. Lamego<\/td><td>&nbsp;<\/td><\/tr><tr><td>Manejo Sustent\u00e1vel de Plantas Daninhas em Sistemas Agr\u00edcolas<\/td><td>4<\/td><td>Andr\u00e9 Andres<\/td><td>&nbsp;<\/td><\/tr><tr><td><a href=\"https:\/\/wp.ufpel.edu.br\/ppgfs\/files\/2011\/08\/MINIST%C3%89RIO-DA-EDUCA%C3%87%C3%83O41.pdf\">Metodologia de Pesquisa em Herbologia<\/a><\/td><td>4<\/td><td>Dirceu Agostinetto<\/td><td>&nbsp;<\/td><\/tr><tr><td><a href=\"https:\/\/wp.ufpel.edu.br\/ppgfs\/files\/2011\/08\/EFEITO-DE-MUDAN%C3%87AS-CLIM%C3%81TICAS-EM-HERBOLOGIA.pdf\">Mudan\u00e7as Clim\u00e1ticas em Herbologia<\/a><\/td><td>4<\/td><td>Luis Avila<\/td><td>Lewis Ziska<\/td><\/tr><tr><td><a href=\"https:\/\/wp.ufpel.edu.br\/ppgfs\/files\/2011\/08\/QU%C3%8DMICA-DE-HERBICIDAS-E-ADJUVANTES.pdf\">Qu\u00edmica de Herbicidas e Adjuvantes<\/a><\/td><td>4<\/td><td>Edinalvo R. Camargo<\/td><td>&nbsp;<\/td><\/tr><tr><td>Resist\u00eancia de Plantas a Herbicidas<\/td><td>4<\/td><td>Leandro Vargas<\/td><\/tr><\/tbody><\/table><\/figure>\n","protected":false},"excerpt":{"rendered":"<p>Disciplinas Ofertadas Disciplina Cr\u00e9ditos Respons\u00e1vel Participante Din\u00e2mica de Herbicidas no Ambiente 4 Edinalvo R. Camargo &nbsp; Ecofisiologia e Interfer\u00eancia de Plantas Daninhas 4 Dirceu Agostinetto &nbsp; Fisiologia da A\u00e7\u00e3o Herbicida 4 Luis Avila Nilda BurgosFranck Dayan Impacto Ambiental da Agricultura 4 Luis Avila &nbsp; Introdu\u00e7\u00e3o em M\u00e9todos Anal\u00edticos em Herbologia 4 Fabiane P. Lamego &nbsp; [&hellip;]<\/p>\n","protected":false},"author":994,"featured_media":0,"parent":0,"menu_order":0,"comment_status":"closed","ping_status":"closed","template":"templates\/template-full-notitle.php","meta":{"footnotes":""},"class_list":["post-58","page","type-page","status-publish","hentry","post"],"jetpack_sharing_enabled":true,"jetpack_likes_enabled":true,"_links":{"self":[{"href":"https:\/\/wp.ufpel.edu.br\/ceherb\/wp-json\/wp\/v2\/pages\/58","targetHints":{"allow":["GET"]}}],"collection":[{"href":"https:\/\/wp.ufpel.edu.br\/ceherb\/wp-json\/wp\/v2\/pages"}],"about":[{"href":"https:\/\/wp.ufpel.edu.br\/ceherb\/wp-json\/wp\/v2\/types\/page"}],"author":[{"embeddable":true,"href":"https:\/\/wp.ufpel.edu.br\/ceherb\/wp-json\/wp\/v2\/users\/994"}],"replies":[{"embeddable":true,"href":"https:\/\/wp.ufpel.edu.br\/ceherb\/wp-json\/wp\/v2\/comments?post=58"}],"version-history":[{"count":15,"href":"https:\/\/wp.ufpel.edu.br\/ceherb\/wp-json\/wp\/v2\/pages\/58\/revisions"}],"predecessor-version":[{"id":1933,"href":"https:\/\/wp.ufpel.edu.br\/ceherb\/wp-json\/wp\/v2\/pages\/58\/revisions\/1933"}],"wp:attachment":[{"href":"https:\/\/wp.ufpel.edu.br\/ceherb\/wp-json\/wp\/v2\/media?parent=58"}],"curies":[{"name":"wp","href":"https:\/\/api.w.org\/{rel}","templated":true}]}}

Pós-Graduação

<h2 class="has-text-align-left wp-block-heading"><strong>Disciplinas Ofertadas</strong></h2>



<figure class="wp-block-table is-style-stripes has-small-font-size"><table><thead><tr><th>Disciplina</th><th>Créditos</th><th>Responsável</th><th>Participante</th></tr></thead><tbody><tr><td><a href="https://wp.ufpel.edu.br/ppgfs/files/2011/08/DINAMICA-DE-HERBICIDAS-NO-AMBIENTE.pdf">Dinâmica de Herbicidas no Ambiente</a></td><td>4</td><td>Edinalvo R. Camargo</td><td>&nbsp;</td></tr><tr><td><a href="https://wp.ufpel.edu.br/ppgfs/files/2011/08/MINIST%C3%89RIO-DA-EDUCA%C3%87%C3%83O1.pdf">Ecofisiologia e Interferência de Plantas Daninhas</a></td><td>4</td><td>Dirceu Agostinetto</td><td>&nbsp;</td></tr><tr><td>Fisiologia da Ação Herbicida</td><td>4</td><td>Luis Avila</td><td>Nilda Burgos<br>Franck Dayan</td></tr><tr><td><a href="https://wp.ufpel.edu.br/ppgfs/files/2011/08/MINIST%C3%89RIO-DA-EDUCA%C3%87%C3%83O3.pdf">Impacto Ambiental da Agricultura</a></td><td>4</td><td>Luis Avila</td><td>&nbsp;</td></tr><tr><td>Introdução em Métodos Analíticos em Herbologia</td><td>4</td><td>Fabiane P. Lamego</td><td>&nbsp;</td></tr><tr><td>Manejo Sustentável de Plantas Daninhas em Sistemas Agrícolas</td><td>4</td><td>André Andres</td><td>&nbsp;</td></tr><tr><td><a href="https://wp.ufpel.edu.br/ppgfs/files/2011/08/MINIST%C3%89RIO-DA-EDUCA%C3%87%C3%83O41.pdf">Metodologia de Pesquisa em Herbologia</a></td><td>4</td><td>Dirceu Agostinetto</td><td>&nbsp;</td></tr><tr><td><a href="https://wp.ufpel.edu.br/ppgfs/files/2011/08/EFEITO-DE-MUDAN%C3%87AS-CLIM%C3%81TICAS-EM-HERBOLOGIA.pdf">Mudanças Climáticas em Herbologia</a></td><td>4</td><td>Luis Avila</td><td>Lewis Ziska</td></tr><tr><td><a href="https://wp.ufpel.edu.br/ppgfs/files/2011/08/QU%C3%8DMICA-DE-HERBICIDAS-E-ADJUVANTES.pdf">Química de Herbicidas e Adjuvantes</a></td><td>4</td><td>Edinalvo R. Camargo</td><td>&nbsp;</td></tr><tr><td>Resistência de Plantas a Herbicidas</td><td>4</td><td>Leandro Vargas</td></tr></tbody></table></figure>

<p>Disciplinas Ofertadas Disciplina Créditos Responsável Participante Dinâmica de Herbicidas no Ambiente 4 Edinalvo R. Camargo &nbsp; Ecofisiologia e Interferência de Plantas Daninhas 4 Dirceu Agostinetto &nbsp; Fisiologia da Ação Herbicida 4 Luis Avila Nilda BurgosFranck Dayan Impacto Ambiental da Agricultura 4 Luis Avila &nbsp; Introdução em Métodos Analíticos em Herbologia 4 Fabiane P. Lamego &nbsp; [&hellip;]</p>
