{"id":331,"date":"2020-04-09T16:31:29","date_gmt":"2020-04-09T19:31:29","guid":{"rendered":"https:\/\/wp.ufpel.edu.br\/ceherb\/?page_id=331"},"modified":"2020-04-24T10:48:36","modified_gmt":"2020-04-24T13:48:36","slug":"franckdayan","status":"publish","type":"page","link":"https:\/\/wp.ufpel.edu.br\/ceherb\/franckdayan\/","title":{"rendered":"Franck Dayan"},"content":{"rendered":"<p><span style=\"color: #000000\"><strong><span style=\"color: #008000\">Webinar:<\/span> <\/strong>Current status and future prospects in herbicide discovery<img loading=\"lazy\" decoding=\"async\" class=\"alignright wp-image-672\" src=\"https:\/\/wp.ufpel.edu.br\/ceherb\/files\/2020\/04\/Site-do-CEHERB-Padroniza\u00e7\u00e3o-400x400.png\" alt=\"\" width=\"240\" height=\"240\" \/><\/span><\/p>\n<p><span style=\"color: #000000\"><strong><span style=\"color: #008000\">Prof. Franck E. Dayan &#8211;<\/span><\/strong> Colorado State University<\/span><\/p>\n<p><strong><span style=\"color: #008000\">Promo\u00e7\u00e3o<\/span><\/strong><\/p>\n<ul>\n<li>Programa de P\u00f3s-Gradua\u00e7\u00e3o em Fitossanidade<\/li>\n<li>Centro de Herbologia<\/li>\n<\/ul>\n<p><strong><span style=\"color: #008000\">Apoio<\/span><\/strong><\/p>\n<ul>\n<li>CAPES<\/li>\n<li>FAPERGS (Atrav\u00e9s do edital de internacionaliza\u00e7\u00e3o da p\u00f3s-gradua\u00e7\u00e3o)<\/li>\n<li>CNPq<\/li>\n<li style=\"text-align: left\">Sociedade Brasileira da Ci\u00eancia das Plantas Daninhas<\/li>\n<\/ul>\n<p style=\"text-align: right\"><a href=\"https:\/\/agbio.agsci.colostate.edu\/franck-dayan\/\" target=\"_blank\" rel=\"noopener noreferrer\">Biografia Franck Dayan<\/a><\/p>\n<p><span style=\"color: #008000\"><strong>Atividade da Disciplina de Herbicide physiology<\/strong><br \/>\n<\/span>Docente: Luis Avila<\/p>\n<p>Data: 16 de abril de 2020<br \/>\nHor\u00e1rio: 11:30 as 13:30<\/p>\n<p><strong>The\u00a0Webinar was a Success:<\/strong><\/p>\n<p><strong><span style=\"color: #339966\">Here is the webinar video<\/span><\/strong><\/p>\n<p><iframe loading=\"lazy\" title=\"Weed Science Webinar - Current status and future prospects in herbicide discovery - Franck Dayan\" width=\"720\" height=\"405\" src=\"https:\/\/www.youtube.com\/embed\/JoDrMQPq7Uw?start=2&#038;feature=oembed\" frameborder=\"0\" allow=\"accelerometer; autoplay; encrypted-media; gyroscope; picture-in-picture\" allowfullscreen><\/iframe><\/p>\n<p style=\"text-align: right\"><strong><span style=\"color: #008000\">\u00a0<\/span><\/strong><\/p>\n<p><strong>Number of registered participants:<\/strong> 408<br \/>\n<strong>Number of participants online:<\/strong> 385<\/p>\n<p><strong>Figure 1.<\/strong> Activity of the participants in percentagem of the audience.<\/p>\n<p>&nbsp;<\/p>\n<p><img \/><img loading=\"lazy\" decoding=\"async\" class=\" wp-image-670 alignleft\" src=\"https:\/\/wp.ufpel.edu.br\/ceherb\/files\/2020\/04\/1-400x225.png\" alt=\"\" width=\"501\" height=\"282\" \/><\/p>\n<p>&nbsp;<\/p>\n<p>&nbsp;<\/p>\n<p>&nbsp;<\/p>\n<p>&nbsp;<\/p>\n<p>&nbsp;<\/p>\n<p>&nbsp;<\/p>\n<p>&nbsp;<\/p>\n<p><strong>Figure 2.<\/strong> Participants by region\/country.<\/p>\n<p><img loading=\"lazy\" decoding=\"async\" class=\"wp-image-671 alignleft\" src=\"https:\/\/wp.ufpel.edu.br\/ceherb\/files\/2020\/04\/2-400x225.png\" alt=\"\" width=\"501\" height=\"282\" \/><\/p>\n","protected":false},"excerpt":{"rendered":"<p>Webinar: Current status and future prospects in herbicide discovery Prof. Franck E. Dayan &#8211; Colorado State University Promo\u00e7\u00e3o Programa de P\u00f3s-Gradua\u00e7\u00e3o em Fitossanidade Centro de Herbologia Apoio CAPES FAPERGS (Atrav\u00e9s do edital de internacionaliza\u00e7\u00e3o da p\u00f3s-gradua\u00e7\u00e3o) CNPq Sociedade Brasileira da Ci\u00eancia das Plantas Daninhas Biografia Franck Dayan Atividade da Disciplina de Herbicide physiology Docente: Luis [&hellip;]<\/p>\n","protected":false},"author":994,"featured_media":0,"parent":0,"menu_order":0,"comment_status":"closed","ping_status":"closed","template":"","meta":{"footnotes":""},"class_list":["post-331","page","type-page","status-publish","hentry","post"],"jetpack_sharing_enabled":true,"jetpack_likes_enabled":true,"_links":{"self":[{"href":"https:\/\/wp.ufpel.edu.br\/ceherb\/wp-json\/wp\/v2\/pages\/331","targetHints":{"allow":["GET"]}}],"collection":[{"href":"https:\/\/wp.ufpel.edu.br\/ceherb\/wp-json\/wp\/v2\/pages"}],"about":[{"href":"https:\/\/wp.ufpel.edu.br\/ceherb\/wp-json\/wp\/v2\/types\/page"}],"author":[{"embeddable":true,"href":"https:\/\/wp.ufpel.edu.br\/ceherb\/wp-json\/wp\/v2\/users\/994"}],"replies":[{"embeddable":true,"href":"https:\/\/wp.ufpel.edu.br\/ceherb\/wp-json\/wp\/v2\/comments?post=331"}],"version-history":[{"count":28,"href":"https:\/\/wp.ufpel.edu.br\/ceherb\/wp-json\/wp\/v2\/pages\/331\/revisions"}],"predecessor-version":[{"id":763,"href":"https:\/\/wp.ufpel.edu.br\/ceherb\/wp-json\/wp\/v2\/pages\/331\/revisions\/763"}],"wp:attachment":[{"href":"https:\/\/wp.ufpel.edu.br\/ceherb\/wp-json\/wp\/v2\/media?parent=331"}],"curies":[{"name":"wp","href":"https:\/\/api.w.org\/{rel}","templated":true}]}}