{"id":208,"date":"2020-04-08T16:50:10","date_gmt":"2020-04-08T19:50:10","guid":{"rendered":"https:\/\/wp.ufpel.edu.br\/ceherb\/?page_id=208"},"modified":"2020-05-12T13:33:06","modified_gmt":"2020-05-12T16:33:06","slug":"laboratorio-de-mudancas-climaticas","status":"publish","type":"page","link":"https:\/\/wp.ufpel.edu.br\/ceherb\/laboratorio-de-mudancas-climaticas\/","title":{"rendered":"Laborat\u00f3rio de Mudan\u00e7as Clim\u00e1ticas"},"content":{"rendered":"<p>O laborat\u00f3rio de mudan\u00e7as clim\u00e1ticas possui a instrumenta\u00e7\u00e3o b\u00e1sica para o desenvolvimento de pesquisas com crescimento de plantas em condi\u00e7\u00f5es de estresses ou elevado CO<sub>2<\/sub> atmosf\u00e9rico. Este laborat\u00f3rio \u00e9 vinculado ao POLOCLIMA.<\/p>\n<h2><span style=\"color: #008000\">Localiza\u00e7\u00e3o\u00a0<\/span><\/h2>\n<ul>\n<li>Pr\u00e9dio 35 do Campus Cap\u00e3o do Le\u00e3o da UFPel<\/li>\n<li>Faculdade de agronomia Eliseu Maciel<\/li>\n<\/ul>\n<h2><span style=\"color: #008000\">Equipamentos<\/span><\/h2>\n<p>O Laborat\u00f3rio de mudan\u00e7as clim\u00e1ticas possui diversos ambientes para o desenvolvimento de plantas em condi\u00e7\u00f5es controladas, incluindo:<\/p>\n<ul>\n<li>Oito Open Top Chambers (OTC\u00b4s) com controle autom\u00e1tico de inje\u00e7\u00e3o de CO<sub>2;<\/sub><\/li>\n<li>Tr\u00eas c\u00e2maras de crescimento do tipo Fitotron com controle de temperatura, umidade e CO<sub>2;<\/sub><\/li>\n<li>Uma c\u00e2mara de crescimento de precis\u00e3o do tipo Fitotron;<\/li>\n<li>Uma c\u00e2mara de crescimento para uso geral.<\/li>\n<\/ul>\n<h2><span style=\"color: #008000\">Respons\u00e1vel<\/span><\/h2>\n<p>Prof. Luis Avila &#8211; <a href=\"mailto:laavilabr@gmail.com\">laavilabr@gmail.com<\/a><\/p>\n<table style=\"border-collapse: collapse;width: 100%\" border=\"1\">\n<tbody>\n<tr>\n<td style=\"width: 50%\"><img loading=\"lazy\" decoding=\"async\" class=\"size-medium wp-image-887 aligncenter\" src=\"https:\/\/wp.ufpel.edu.br\/ceherb\/files\/2020\/05\/WhatsApp-Image-2020-04-30-at-11.01.31-400x300.jpeg\" alt=\"\" width=\"400\" height=\"300\" srcset=\"https:\/\/wp.ufpel.edu.br\/ceherb\/files\/2020\/05\/WhatsApp-Image-2020-04-30-at-11.01.31-400x300.jpeg 400w, https:\/\/wp.ufpel.edu.br\/ceherb\/files\/2020\/05\/WhatsApp-Image-2020-04-30-at-11.01.31-1024x768.jpeg 1024w, https:\/\/wp.ufpel.edu.br\/ceherb\/files\/2020\/05\/WhatsApp-Image-2020-04-30-at-11.01.31-768x576.jpeg 768w, https:\/\/wp.ufpel.edu.br\/ceherb\/files\/2020\/05\/WhatsApp-Image-2020-04-30-at-11.01.31.jpeg 1032w\" sizes=\"auto, (max-width: 400px) 100vw, 400px\" \/><\/td>\n<td style=\"width: 50%\"><img loading=\"lazy\" decoding=\"async\" class=\" wp-image-888 aligncenter\" src=\"https:\/\/wp.ufpel.edu.br\/ceherb\/files\/2020\/05\/WhatsApp-Image-2020-04-30-at-11.01.30-1-300x400.jpeg\" alt=\"\" width=\"236\" height=\"315\" srcset=\"https:\/\/wp.ufpel.edu.br\/ceherb\/files\/2020\/05\/WhatsApp-Image-2020-04-30-at-11.01.30-1-300x400.jpeg 300w, https:\/\/wp.ufpel.edu.br\/ceherb\/files\/2020\/05\/WhatsApp-Image-2020-04-30-at-11.01.30-1-768x1024.jpeg 768w, https:\/\/wp.ufpel.edu.br\/ceherb\/files\/2020\/05\/WhatsApp-Image-2020-04-30-at-11.01.30-1.jpeg 774w\" sizes=\"auto, (max-width: 236px) 100vw, 236px\" \/><\/td>\n<\/tr>\n<tr>\n<td style=\"width: 50%;text-align: center\">Vis\u00e3o externa das tr\u00eas C\u00e2maras de Fitotron**<\/td>\n<td style=\"width: 50%;text-align: center\">Vis\u00e3o interna de uma c\u00e2mara de Fitotron<\/td>\n<\/tr>\n<tr>\n<td style=\"width: 50%\"><img loading=\"lazy\" decoding=\"async\" class=\"size-medium wp-image-896 aligncenter\" src=\"https:\/\/wp.ufpel.edu.br\/ceherb\/files\/2020\/05\/IMG_6697-400x300.jpg\" alt=\"\" width=\"400\" height=\"300\" srcset=\"https:\/\/wp.ufpel.edu.br\/ceherb\/files\/2020\/05\/IMG_6697-400x300.jpg 400w, https:\/\/wp.ufpel.edu.br\/ceherb\/files\/2020\/05\/IMG_6697-1024x768.jpg 1024w, https:\/\/wp.ufpel.edu.br\/ceherb\/files\/2020\/05\/IMG_6697-768x576.jpg 768w, https:\/\/wp.ufpel.edu.br\/ceherb\/files\/2020\/05\/IMG_6697-1536x1152.jpg 1536w, https:\/\/wp.ufpel.edu.br\/ceherb\/files\/2020\/05\/IMG_6697-2048x1536.jpg 2048w\" sizes=\"auto, (max-width: 400px) 100vw, 400px\" \/><\/td>\n<td style=\"width: 50%\"><img loading=\"lazy\" decoding=\"async\" class=\"size-medium wp-image-897 aligncenter\" src=\"https:\/\/wp.ufpel.edu.br\/ceherb\/files\/2020\/05\/IMG_6695-400x300.jpg\" alt=\"\" width=\"400\" height=\"300\" srcset=\"https:\/\/wp.ufpel.edu.br\/ceherb\/files\/2020\/05\/IMG_6695-400x300.jpg 400w, https:\/\/wp.ufpel.edu.br\/ceherb\/files\/2020\/05\/IMG_6695-1024x768.jpg 1024w, https:\/\/wp.ufpel.edu.br\/ceherb\/files\/2020\/05\/IMG_6695-768x576.jpg 768w, https:\/\/wp.ufpel.edu.br\/ceherb\/files\/2020\/05\/IMG_6695-1536x1152.jpg 1536w, https:\/\/wp.ufpel.edu.br\/ceherb\/files\/2020\/05\/IMG_6695-2048x1536.jpg 2048w\" sizes=\"auto, (max-width: 400px) 100vw, 400px\" \/><\/td>\n<\/tr>\n<tr>\n<td style=\"width: 50%;text-align: center\">Vis\u00e3o do detalhe das Open Top Chambers (OTC\u00b4s)<\/td>\n<td style=\"width: 50%;text-align: center\">Vis\u00e3o Geral das Open Top Chambers (OTC\u00b4s)<\/td>\n<\/tr>\n<\/tbody>\n<\/table>\n<p>** Equipamento multiusu\u00e1rio adquirido com recursos do CT-INFRA 2010.<\/p>\n<p>&nbsp;<\/p>\n<p>&nbsp;<\/p>\n","protected":false},"excerpt":{"rendered":"<p>O laborat\u00f3rio de mudan\u00e7as clim\u00e1ticas possui a instrumenta\u00e7\u00e3o b\u00e1sica para o desenvolvimento de pesquisas com crescimento de plantas em condi\u00e7\u00f5es de estresses ou elevado CO2 atmosf\u00e9rico. Este laborat\u00f3rio \u00e9 vinculado ao POLOCLIMA. Localiza\u00e7\u00e3o\u00a0 Pr\u00e9dio 35 do Campus Cap\u00e3o do Le\u00e3o da UFPel Faculdade de agronomia Eliseu Maciel Equipamentos O Laborat\u00f3rio de mudan\u00e7as clim\u00e1ticas possui diversos [&hellip;]<\/p>\n","protected":false},"author":994,"featured_media":0,"parent":0,"menu_order":0,"comment_status":"closed","ping_status":"closed","template":"","meta":{"footnotes":""},"class_list":["post-208","page","type-page","status-publish","hentry","post"],"jetpack_sharing_enabled":true,"jetpack_likes_enabled":true,"_links":{"self":[{"href":"https:\/\/wp.ufpel.edu.br\/ceherb\/wp-json\/wp\/v2\/pages\/208","targetHints":{"allow":["GET"]}}],"collection":[{"href":"https:\/\/wp.ufpel.edu.br\/ceherb\/wp-json\/wp\/v2\/pages"}],"about":[{"href":"https:\/\/wp.ufpel.edu.br\/ceherb\/wp-json\/wp\/v2\/types\/page"}],"author":[{"embeddable":true,"href":"https:\/\/wp.ufpel.edu.br\/ceherb\/wp-json\/wp\/v2\/users\/994"}],"replies":[{"embeddable":true,"href":"https:\/\/wp.ufpel.edu.br\/ceherb\/wp-json\/wp\/v2\/comments?post=208"}],"version-history":[{"count":9,"href":"https:\/\/wp.ufpel.edu.br\/ceherb\/wp-json\/wp\/v2\/pages\/208\/revisions"}],"predecessor-version":[{"id":957,"href":"https:\/\/wp.ufpel.edu.br\/ceherb\/wp-json\/wp\/v2\/pages\/208\/revisions\/957"}],"wp:attachment":[{"href":"https:\/\/wp.ufpel.edu.br\/ceherb\/wp-json\/wp\/v2\/media?parent=208"}],"curies":[{"name":"wp","href":"https:\/\/api.w.org\/{rel}","templated":true}]}}

Laboratório de Mudanças Climáticas

<p>O laboratório de mudanças climáticas possui a instrumentação básica para o desenvolvimento de pesquisas com crescimento de plantas em condições de estresses ou elevado CO<sub>2</sub> atmosférico. Este laboratório é vinculado ao POLOCLIMA.</p>
<h2><span style="color: #008000">Localização </span></h2>
<ul>
<li>Prédio 35 do Campus Capão do Leão da UFPel</li>
<li>Faculdade de agronomia Eliseu Maciel</li>
</ul>
<h2><span style="color: #008000">Equipamentos</span></h2>
<p>O Laboratório de mudanças climáticas possui diversos ambientes para o desenvolvimento de plantas em condições controladas, incluindo:</p>
<ul>
<li>Oito Open Top Chambers (OTC´s) com controle automático de injeção de CO<sub>2;</sub></li>
<li>Três câmaras de crescimento do tipo Fitotron com controle de temperatura, umidade e CO<sub>2;</sub></li>
<li>Uma câmara de crescimento de precisão do tipo Fitotron;</li>
<li>Uma câmara de crescimento para uso geral.</li>
</ul>
<h2><span style="color: #008000">Responsável</span></h2>
<p>Prof. Luis Avila &#8211; <a href="mailto:laavilabr@gmail.com">laavilabr@gmail.com</a></p>
<table style="border-collapse: collapse;width: 100%" border="1">
<tbody>
<tr>
<td style="width: 50%"><img loading="lazy" decoding="async" class="size-medium wp-image-887 aligncenter" src="https://wp.ufpel.edu.br/ceherb/files/2020/05/WhatsApp-Image-2020-04-30-at-11.01.31-400x300.jpeg" alt="" width="400" height="300" srcset="https://wp.ufpel.edu.br/ceherb/files/2020/05/WhatsApp-Image-2020-04-30-at-11.01.31-400x300.jpeg 400w, https://wp.ufpel.edu.br/ceherb/files/2020/05/WhatsApp-Image-2020-04-30-at-11.01.31-1024x768.jpeg 1024w, https://wp.ufpel.edu.br/ceherb/files/2020/05/WhatsApp-Image-2020-04-30-at-11.01.31-768x576.jpeg 768w, https://wp.ufpel.edu.br/ceherb/files/2020/05/WhatsApp-Image-2020-04-30-at-11.01.31.jpeg 1032w" sizes="auto, (max-width: 400px) 100vw, 400px" /></td>
<td style="width: 50%"><img loading="lazy" decoding="async" class=" wp-image-888 aligncenter" src="https://wp.ufpel.edu.br/ceherb/files/2020/05/WhatsApp-Image-2020-04-30-at-11.01.30-1-300x400.jpeg" alt="" width="236" height="315" srcset="https://wp.ufpel.edu.br/ceherb/files/2020/05/WhatsApp-Image-2020-04-30-at-11.01.30-1-300x400.jpeg 300w, https://wp.ufpel.edu.br/ceherb/files/2020/05/WhatsApp-Image-2020-04-30-at-11.01.30-1-768x1024.jpeg 768w, https://wp.ufpel.edu.br/ceherb/files/2020/05/WhatsApp-Image-2020-04-30-at-11.01.30-1.jpeg 774w" sizes="auto, (max-width: 236px) 100vw, 236px" /></td>
</tr>
<tr>
<td style="width: 50%;text-align: center">Visão externa das três Câmaras de Fitotron**</td>
<td style="width: 50%;text-align: center">Visão interna de uma câmara de Fitotron</td>
</tr>
<tr>
<td style="width: 50%"><img loading="lazy" decoding="async" class="size-medium wp-image-896 aligncenter" src="https://wp.ufpel.edu.br/ceherb/files/2020/05/IMG_6697-400x300.jpg" alt="" width="400" height="300" srcset="https://wp.ufpel.edu.br/ceherb/files/2020/05/IMG_6697-400x300.jpg 400w, https://wp.ufpel.edu.br/ceherb/files/2020/05/IMG_6697-1024x768.jpg 1024w, https://wp.ufpel.edu.br/ceherb/files/2020/05/IMG_6697-768x576.jpg 768w, https://wp.ufpel.edu.br/ceherb/files/2020/05/IMG_6697-1536x1152.jpg 1536w, https://wp.ufpel.edu.br/ceherb/files/2020/05/IMG_6697-2048x1536.jpg 2048w" sizes="auto, (max-width: 400px) 100vw, 400px" /></td>
<td style="width: 50%"><img loading="lazy" decoding="async" class="size-medium wp-image-897 aligncenter" src="https://wp.ufpel.edu.br/ceherb/files/2020/05/IMG_6695-400x300.jpg" alt="" width="400" height="300" srcset="https://wp.ufpel.edu.br/ceherb/files/2020/05/IMG_6695-400x300.jpg 400w, https://wp.ufpel.edu.br/ceherb/files/2020/05/IMG_6695-1024x768.jpg 1024w, https://wp.ufpel.edu.br/ceherb/files/2020/05/IMG_6695-768x576.jpg 768w, https://wp.ufpel.edu.br/ceherb/files/2020/05/IMG_6695-1536x1152.jpg 1536w, https://wp.ufpel.edu.br/ceherb/files/2020/05/IMG_6695-2048x1536.jpg 2048w" sizes="auto, (max-width: 400px) 100vw, 400px" /></td>
</tr>
<tr>
<td style="width: 50%;text-align: center">Visão do detalhe das Open Top Chambers (OTC´s)</td>
<td style="width: 50%;text-align: center">Visão Geral das Open Top Chambers (OTC´s)</td>
</tr>
</tbody>
</table>
<p>** Equipamento multiusuário adquirido com recursos do CT-INFRA 2010.</p>
<p>&nbsp;</p>
<p>&nbsp;</p>

<p>O laboratório de mudanças climáticas possui a instrumentação básica para o desenvolvimento de pesquisas com crescimento de plantas em condições de estresses ou elevado CO2 atmosférico. Este laboratório é vinculado ao POLOCLIMA. Localização  Prédio 35 do Campus Capão do Leão da UFPel Faculdade de agronomia Eliseu Maciel Equipamentos O Laboratório de mudanças climáticas possui diversos [&hellip;]</p>
