{"id":207,"date":"2020-04-08T16:50:10","date_gmt":"2020-04-08T19:50:10","guid":{"rendered":"https:\/\/wp.ufpel.edu.br\/ceherb\/?page_id=207"},"modified":"2020-04-15T09:41:59","modified_gmt":"2020-04-15T12:41:59","slug":"laboratorio-de-fisiologia-de-herbicidas-nas-plantas","status":"publish","type":"page","link":"https:\/\/wp.ufpel.edu.br\/ceherb\/laboratorio-de-fisiologia-de-herbicidas-nas-plantas\/","title":{"rendered":"Laborat\u00f3rio de Fisiologia de Herbicidas nas Plantas"},"content":{"rendered":"<h2><span style=\"color: #008000\">Breve Descri\u00e7\u00e3o\u00a0<\/span><\/h2>\n<p>O laborat\u00f3rio de fisiologia de herbicidas divide espa\u00e7o com o de din\u00e2mica de herbicidas e possui a instrumenta\u00e7\u00e3o b\u00e1sica para o desenvolvimento de pesquisas com fisiologia de herbicidas nas plantas.<\/p>\n<h2><span style=\"color: #008000\">Localiza\u00e7\u00e3o\u00a0<\/span><\/h2>\n<ul>\n<li>Faculdade de agronomia Eliseu Maciel<\/li>\n<\/ul>\n<h2><span style=\"color: #008000\">Equipamentos<\/span><\/h2>\n<p>O Laborat\u00f3rio possui equipamentos para an\u00e1lises bioqu\u00edmicas, incluindo:<\/p>\n<ul>\n<li><sub><span style=\"font-size: medium\">Espectrofot\u00f4metro<\/span>;<\/sub><\/li>\n<li><sub><span style=\"font-size: medium\">Centr\u00edfuga refrigerada<\/span>;<\/sub><\/li>\n<li>Banho Maria;<\/li>\n<li>Agitadores de amostras;<\/li>\n<li>etc&#8230;<\/li>\n<\/ul>\n<h2><span style=\"color: #008000\">Respons\u00e1vel<\/span><\/h2>\n<p>Prof. Luis Avila \u2013 <a href=\"mailto:laavilabr@gmail.com\">laavilabr@gmail.com<\/a><\/p>\n","protected":false},"excerpt":{"rendered":"<p>Breve Descri\u00e7\u00e3o\u00a0 O laborat\u00f3rio de fisiologia de herbicidas divide espa\u00e7o com o de din\u00e2mica de herbicidas e possui a instrumenta\u00e7\u00e3o b\u00e1sica para o desenvolvimento de pesquisas com fisiologia de herbicidas nas plantas. Localiza\u00e7\u00e3o\u00a0 Faculdade de agronomia Eliseu Maciel Equipamentos O Laborat\u00f3rio possui equipamentos para an\u00e1lises bioqu\u00edmicas, incluindo: Espectrofot\u00f4metro; Centr\u00edfuga refrigerada; Banho Maria; Agitadores de amostras; [&hellip;]<\/p>\n","protected":false},"author":994,"featured_media":0,"parent":0,"menu_order":0,"comment_status":"closed","ping_status":"closed","template":"","meta":{"footnotes":""},"class_list":["post-207","page","type-page","status-publish","hentry","post"],"jetpack_sharing_enabled":true,"jetpack_likes_enabled":true,"_links":{"self":[{"href":"https:\/\/wp.ufpel.edu.br\/ceherb\/wp-json\/wp\/v2\/pages\/207","targetHints":{"allow":["GET"]}}],"collection":[{"href":"https:\/\/wp.ufpel.edu.br\/ceherb\/wp-json\/wp\/v2\/pages"}],"about":[{"href":"https:\/\/wp.ufpel.edu.br\/ceherb\/wp-json\/wp\/v2\/types\/page"}],"author":[{"embeddable":true,"href":"https:\/\/wp.ufpel.edu.br\/ceherb\/wp-json\/wp\/v2\/users\/994"}],"replies":[{"embeddable":true,"href":"https:\/\/wp.ufpel.edu.br\/ceherb\/wp-json\/wp\/v2\/comments?post=207"}],"version-history":[{"count":3,"href":"https:\/\/wp.ufpel.edu.br\/ceherb\/wp-json\/wp\/v2\/pages\/207\/revisions"}],"predecessor-version":[{"id":622,"href":"https:\/\/wp.ufpel.edu.br\/ceherb\/wp-json\/wp\/v2\/pages\/207\/revisions\/622"}],"wp:attachment":[{"href":"https:\/\/wp.ufpel.edu.br\/ceherb\/wp-json\/wp\/v2\/media?parent=207"}],"curies":[{"name":"wp","href":"https:\/\/api.w.org\/{rel}","templated":true}]}}

Laboratório de Fisiologia de Herbicidas nas Plantas

<h2><span style="color: #008000">Breve Descrição </span></h2>
<p>O laboratório de fisiologia de herbicidas divide espaço com o de dinâmica de herbicidas e possui a instrumentação básica para o desenvolvimento de pesquisas com fisiologia de herbicidas nas plantas.</p>
<h2><span style="color: #008000">Localização </span></h2>
<ul>
<li>Faculdade de agronomia Eliseu Maciel</li>
</ul>
<h2><span style="color: #008000">Equipamentos</span></h2>
<p>O Laboratório possui equipamentos para análises bioquímicas, incluindo:</p>
<ul>
<li><sub><span style="font-size: medium">Espectrofotômetro</span>;</sub></li>
<li><sub><span style="font-size: medium">Centrífuga refrigerada</span>;</sub></li>
<li>Banho Maria;</li>
<li>Agitadores de amostras;</li>
<li>etc&#8230;</li>
</ul>
<h2><span style="color: #008000">Responsável</span></h2>
<p>Prof. Luis Avila – <a href="mailto:laavilabr@gmail.com">laavilabr@gmail.com</a></p>

<p>Breve Descrição  O laboratório de fisiologia de herbicidas divide espaço com o de dinâmica de herbicidas e possui a instrumentação básica para o desenvolvimento de pesquisas com fisiologia de herbicidas nas plantas. Localização  Faculdade de agronomia Eliseu Maciel Equipamentos O Laboratório possui equipamentos para análises bioquímicas, incluindo: Espectrofotômetro; Centrífuga refrigerada; Banho Maria; Agitadores de amostras; [&hellip;]</p>
