{"id":171,"date":"2020-04-08T15:02:01","date_gmt":"2020-04-08T18:02:01","guid":{"rendered":"https:\/\/wp.ufpel.edu.br\/ceherb\/?page_id=171"},"modified":"2022-04-12T00:13:13","modified_gmt":"2022-04-12T03:13:13","slug":"palestras","status":"publish","type":"page","link":"https:\/\/wp.ufpel.edu.br\/ceherb\/palestras\/","title":{"rendered":"Palestras"},"content":{"rendered":"\n<ul class=\"wp-block-list\"><li><a rel=\"noreferrer noopener\" href=\"https:\/\/www.youtube.com\/watch?v=EQaxbG0jnFw\" target=\"_blank\">1\u00b0 Webinar &#8211; Atualiza\u00e7\u00f5es em Ci\u00eancias Agr\u00edcolas &#8211; Entendendo a Din\u00e2mica de Deriva e Volatiliza\u00e7\u00e3o de Herbicidas Aux\u00ednicos<\/a><\/li><li><a rel=\"noreferrer noopener\" href=\"https:\/\/www.youtube.com\/watch?v=erZnExGiDdo&amp;list=PLZaqkimeHgetR-LHjqMdhqAJNvV7qjxxK&amp;index=2\" target=\"_blank\">9\u00ba Encontro Nacional sobre Resist\u00eancia de Plantas Daninhas aos Herbicidas<\/a><\/li><li><a rel=\"noreferrer noopener\" href=\"https:\/\/www.youtube.com\/watch?v=rp3qLIpWn8Q&amp;list=PLZaqkimeHgetR-LHjqMdhqAJNvV7qjxxK&amp;index=3\" target=\"_blank\">&#8220;Carryover&#8221; de herbicidas em terras baixas por Edinalvo Camargo<\/a><\/li><li><a rel=\"noreferrer noopener\" href=\"https:\/\/www.youtube.com\/watch?v=Ihs3yTaevBE&amp;list=PLZaqkimeHgetR-LHjqMdhqAJNvV7qjxxK&amp;index=4\" target=\"_blank\">Semana Acad\u00eamica Cursos Agro IFSUL &#8211; Bag\u00e9 (Dia 16\/09)<\/a><\/li><li><a href=\"https:\/\/www.youtube.com\/watch?v=TNUEUTZ6JPA&amp;list=PLZaqkimeHgetR-LHjqMdhqAJNvV7qjxxK&amp;index=5\" target=\"_blank\" rel=\"noreferrer noopener\">Arroz resistente a imidazolinonas por Edinalvo Camargo<\/a><\/li><\/ul>\n\n\n\n<p><\/p>\n","protected":false},"excerpt":{"rendered":"<p>1\u00b0 Webinar &#8211; Atualiza\u00e7\u00f5es em Ci\u00eancias Agr\u00edcolas &#8211; Entendendo a Din\u00e2mica de Deriva e Volatiliza\u00e7\u00e3o de Herbicidas Aux\u00ednicos 9\u00ba Encontro Nacional sobre Resist\u00eancia de Plantas Daninhas aos Herbicidas &#8220;Carryover&#8221; de herbicidas em terras baixas por Edinalvo Camargo Semana Acad\u00eamica Cursos Agro IFSUL &#8211; Bag\u00e9 (Dia 16\/09) Arroz resistente a imidazolinonas por Edinalvo Camargo<\/p>\n","protected":false},"author":994,"featured_media":0,"parent":0,"menu_order":0,"comment_status":"closed","ping_status":"closed","template":"","meta":{"footnotes":""},"class_list":["post-171","page","type-page","status-publish","hentry","post"],"jetpack_sharing_enabled":true,"jetpack_likes_enabled":true,"_links":{"self":[{"href":"https:\/\/wp.ufpel.edu.br\/ceherb\/wp-json\/wp\/v2\/pages\/171","targetHints":{"allow":["GET"]}}],"collection":[{"href":"https:\/\/wp.ufpel.edu.br\/ceherb\/wp-json\/wp\/v2\/pages"}],"about":[{"href":"https:\/\/wp.ufpel.edu.br\/ceherb\/wp-json\/wp\/v2\/types\/page"}],"author":[{"embeddable":true,"href":"https:\/\/wp.ufpel.edu.br\/ceherb\/wp-json\/wp\/v2\/users\/994"}],"replies":[{"embeddable":true,"href":"https:\/\/wp.ufpel.edu.br\/ceherb\/wp-json\/wp\/v2\/comments?post=171"}],"version-history":[{"count":9,"href":"https:\/\/wp.ufpel.edu.br\/ceherb\/wp-json\/wp\/v2\/pages\/171\/revisions"}],"predecessor-version":[{"id":2039,"href":"https:\/\/wp.ufpel.edu.br\/ceherb\/wp-json\/wp\/v2\/pages\/171\/revisions\/2039"}],"wp:attachment":[{"href":"https:\/\/wp.ufpel.edu.br\/ceherb\/wp-json\/wp\/v2\/media?parent=171"}],"curies":[{"name":"wp","href":"https:\/\/api.w.org\/{rel}","templated":true}]}}

<ul class="wp-block-list"><li><a rel="noreferrer noopener" href="https://www.youtube.com/watch?v=EQaxbG0jnFw" target="_blank">1° Webinar &#8211; Atualizações em Ciências Agrícolas &#8211; Entendendo a Dinâmica de Deriva e Volatilização de Herbicidas Auxínicos</a></li><li><a rel="noreferrer noopener" href="https://www.youtube.com/watch?v=erZnExGiDdo&amp;list=PLZaqkimeHgetR-LHjqMdhqAJNvV7qjxxK&amp;index=2" target="_blank">9º Encontro Nacional sobre Resistência de Plantas Daninhas aos Herbicidas</a></li><li><a rel="noreferrer noopener" href="https://www.youtube.com/watch?v=rp3qLIpWn8Q&amp;list=PLZaqkimeHgetR-LHjqMdhqAJNvV7qjxxK&amp;index=3" target="_blank">&#8220;Carryover&#8221; de herbicidas em terras baixas por Edinalvo Camargo</a></li><li><a rel="noreferrer noopener" href="https://www.youtube.com/watch?v=Ihs3yTaevBE&amp;list=PLZaqkimeHgetR-LHjqMdhqAJNvV7qjxxK&amp;index=4" target="_blank">Semana Acadêmica Cursos Agro IFSUL &#8211; Bagé (Dia 16/09)</a></li><li><a href="https://www.youtube.com/watch?v=TNUEUTZ6JPA&amp;list=PLZaqkimeHgetR-LHjqMdhqAJNvV7qjxxK&amp;index=5" target="_blank" rel="noreferrer noopener">Arroz resistente a imidazolinonas por Edinalvo Camargo</a></li></ul>



<p></p>

<p>1° Webinar &#8211; Atualizações em Ciências Agrícolas &#8211; Entendendo a Dinâmica de Deriva e Volatilização de Herbicidas Auxínicos 9º Encontro Nacional sobre Resistência de Plantas Daninhas aos Herbicidas &#8220;Carryover&#8221; de herbicidas em terras baixas por Edinalvo Camargo Semana Acadêmica Cursos Agro IFSUL &#8211; Bagé (Dia 16/09) Arroz resistente a imidazolinonas por Edinalvo Camargo</p>
