{"id":60,"date":"2022-05-07T12:42:23","date_gmt":"2022-05-07T15:42:23","guid":{"rendered":"https:\/\/wp.ufpel.edu.br\/ceeccso\/?page_id=60"},"modified":"2023-03-02T17:12:02","modified_gmt":"2023-03-02T20:12:02","slug":"acoes","status":"publish","type":"page","link":"https:\/\/wp.ufpel.edu.br\/ceeccso\/programas-projetos-e-acoes\/acoes\/","title":{"rendered":"A\u00e7\u00f5es"},"content":{"rendered":"<table style=\"width: 100%; border-collapse: collapse;\" border=\"0\">\n<tbody>\n<tr>\n<td style=\"width: 100%; text-align: justify;\"><strong>Panorama da oferta de destinos receptivos no Rio Grande do Sul \u2013 PODR\/RS<\/strong><br \/>\nProfa. Andyara Lima Barbosa<br \/>\n(<a href=\"https:\/\/wp.ufpel.edu.br\/ceeccso\/programas-projetos-e-acoes\/acoes\/panorama-da-oferta-de-destinos-receptivos-no-rio-grande-do-sul-podr-rs\/\"><em>Saiba mais&#8230;<\/em><\/a>)<\/td>\n<\/tr>\n<tr>\n<td style=\"width: 100%; text-align: justify;\"><strong>Diversidade nas Organiza\u00e7\u00f5es: investiga\u00e7\u00f5es e reflex\u00f5es sobre os discursos e as pr\u00e1ticas de gest\u00e3o que reconhecem e promovem as diferen\u00e7as<\/strong><br \/>\nProfa. Francielle Molon da Silva<br \/>\n(<a href=\"https:\/\/wp.ufpel.edu.br\/ceeccso\/programas-projetos-e-acoes\/acoes\/diversidade-nas-organizacoes-investigacoes-e-reflexoes-sobre-os-discursos-e-as-praticas-de-gestao-que-reconhecem-e-promovem-as-diferencas\/\"><em>Saiba mais&#8230;<\/em><\/a>)<\/td>\n<\/tr>\n<tr>\n<td style=\"width: 100%; text-align: justify;\"><strong>Mata Sensorial CuidATIVA: Inspirar Expirar A\u00c7\u00c3O<br \/>\n<\/strong>Profa. Julieta Maria Carriconde Fripp<strong><br \/>\n<\/strong>(<a href=\"https:\/\/wp.ufpel.edu.br\/ceeccso\/programas-projetos-e-acoes\/acoes\/mata-sensorial-cuidativa-inspirar-expirar-acao\/\"><em>Saiba mais&#8230;<\/em><\/a>)<\/td>\n<\/tr>\n<tr>\n<td style=\"width: 100%; text-align: justify;\"><strong>Gest\u00e3o de Pessoas: uma investiga\u00e7\u00e3o das principais pr\u00e1ticas adotadas pelas organiza\u00e7\u00f5es do Sul do Estado do Rio Grande do Sul<\/strong><br \/>\nProfa. Francielle Molon da Silva<br \/>\n(<a href=\"https:\/\/wp.ufpel.edu.br\/ceeccso\/gestao-de-pessoas-uma-investigacao-das-principais-praticas-adotadas-pelas-organizacoes-do-sul-do-estado-do-rio-grande-do-sul\/\"><em>Saiba mais&#8230;<\/em><\/a>)<\/td>\n<\/tr>\n<tr>\n<td style=\"width: 100%; text-align: justify;\"><strong>Turismo e patrim\u00f4nio paisag\u00edstico: subs\u00eddios ao planejamento territorial da Costa Doce Ga\u00facha<\/strong><br \/>\nProfa. Laura Rudzewicz<br \/>\n(<a href=\"https:\/\/wp.ufpel.edu.br\/ceeccso\/turismo-e-patrimonio-paisagistico-subsidios-ao-planejamento-territorial-da-costa-doce-gaucha\/\"><em>Saiba mais&#8230;<\/em><\/a>)<\/td>\n<\/tr>\n<tr>\n<td style=\"width: 100%;\"><\/td>\n<\/tr>\n<tr>\n<td style=\"width: 100%;\"><\/td>\n<\/tr>\n<tr>\n<td style=\"width: 100%;\"><\/td>\n<\/tr>\n<tr>\n<td style=\"width: 100%;\"><\/td>\n<\/tr>\n<\/tbody>\n<\/table>\n<p>&nbsp;<\/p>\n","protected":false},"excerpt":{"rendered":"<p>Panorama da oferta de destinos receptivos no Rio Grande do Sul \u2013 PODR\/RS Profa. Andyara Lima Barbosa (Saiba mais&#8230;) Diversidade nas Organiza\u00e7\u00f5es: investiga\u00e7\u00f5es e reflex\u00f5es sobre os discursos e as pr\u00e1ticas de gest\u00e3o que reconhecem e promovem as diferen\u00e7as Profa. Francielle Molon da Silva (Saiba mais&#8230;) Mata Sensorial CuidATIVA: Inspirar Expirar A\u00c7\u00c3O Profa. Julieta Maria [&hellip;]<\/p>\n","protected":false},"author":1230,"featured_media":0,"parent":15,"menu_order":3,"comment_status":"closed","ping_status":"closed","template":"","meta":{"footnotes":""},"class_list":["post-60","page","type-page","status-publish","hentry"],"jetpack_sharing_enabled":false,"_links":{"self":[{"href":"https:\/\/wp.ufpel.edu.br\/ceeccso\/wp-json\/wp\/v2\/pages\/60","targetHints":{"allow":["GET"]}}],"collection":[{"href":"https:\/\/wp.ufpel.edu.br\/ceeccso\/wp-json\/wp\/v2\/pages"}],"about":[{"href":"https:\/\/wp.ufpel.edu.br\/ceeccso\/wp-json\/wp\/v2\/types\/page"}],"author":[{"embeddable":true,"href":"https:\/\/wp.ufpel.edu.br\/ceeccso\/wp-json\/wp\/v2\/users\/1230"}],"replies":[{"embeddable":true,"href":"https:\/\/wp.ufpel.edu.br\/ceeccso\/wp-json\/wp\/v2\/comments?post=60"}],"version-history":[{"count":10,"href":"https:\/\/wp.ufpel.edu.br\/ceeccso\/wp-json\/wp\/v2\/pages\/60\/revisions"}],"predecessor-version":[{"id":397,"href":"https:\/\/wp.ufpel.edu.br\/ceeccso\/wp-json\/wp\/v2\/pages\/60\/revisions\/397"}],"up":[{"embeddable":true,"href":"https:\/\/wp.ufpel.edu.br\/ceeccso\/wp-json\/wp\/v2\/pages\/15"}],"wp:attachment":[{"href":"https:\/\/wp.ufpel.edu.br\/ceeccso\/wp-json\/wp\/v2\/media?parent=60"}],"curies":[{"name":"wp","href":"https:\/\/api.w.org\/{rel}","templated":true}]}}