{"id":392,"date":"2023-03-02T17:09:07","date_gmt":"2023-03-02T20:09:07","guid":{"rendered":"https:\/\/wp.ufpel.edu.br\/ceeccso\/?page_id=392"},"modified":"2023-03-02T17:09:22","modified_gmt":"2023-03-02T20:09:22","slug":"turismo-e-patrimonio-paisagistico-subsidios-ao-planejamento-territorial-da-costa-doce-gaucha","status":"publish","type":"page","link":"https:\/\/wp.ufpel.edu.br\/ceeccso\/turismo-e-patrimonio-paisagistico-subsidios-ao-planejamento-territorial-da-costa-doce-gaucha\/","title":{"rendered":"Turismo e patrim\u00f4nio paisag\u00edstico: subs\u00eddios ao planejamento territorial da Costa Doce Ga\u00facha"},"content":{"rendered":"<p style=\"text-align: justify;\">O projeto unificado de pesquisa &#8216;<strong>Turismo e patrim\u00f4nio paisag\u00edstico: subs\u00eddios ao planejamento territorial da Costa Doce Ga\u00facha<\/strong>&#8216; \u00e9 coordenado pela profa. Laura Rudzewicz e objetiva analisar as pr\u00e1ticas de turismo relacionadas ao patrim\u00f4nio paisag\u00edstico, a fim de oferecer subs\u00eddios ao planejamento territorial da Regi\u00e3o Tur\u00edstica Costa Doce Ga\u00facha. Sua vig\u00eancia \u00e9 de 15 de abril de 2020 a 15 de abril de 2024.<\/p>\n<p>Neste projeto, h\u00e1 uma a\u00e7\u00e3o de ensino em execu\u00e7\u00e3o:<\/p>\n<ul>\n<li>Grupo de Estudos em Geodiversidade, Geopatrim\u00f4nio, Geoconserva\u00e7\u00e3o, Geoeduca\u00e7\u00e3o e (Geo)Turismo.<\/li>\n<\/ul>\n","protected":false},"excerpt":{"rendered":"<p>O projeto unificado de pesquisa &#8216;Turismo e patrim\u00f4nio paisag\u00edstico: subs\u00eddios ao planejamento territorial da Costa Doce Ga\u00facha&#8216; \u00e9 coordenado pela profa. Laura Rudzewicz e objetiva analisar as pr\u00e1ticas de turismo relacionadas ao patrim\u00f4nio paisag\u00edstico, a fim de oferecer subs\u00eddios ao planejamento territorial da Regi\u00e3o Tur\u00edstica Costa Doce Ga\u00facha. Sua vig\u00eancia \u00e9 de 15 de abril [&hellip;]<\/p>\n","protected":false},"author":1230,"featured_media":0,"parent":0,"menu_order":0,"comment_status":"closed","ping_status":"closed","template":"","meta":{"footnotes":""},"class_list":["post-392","page","type-page","status-publish","hentry"],"jetpack_sharing_enabled":false,"_links":{"self":[{"href":"https:\/\/wp.ufpel.edu.br\/ceeccso\/wp-json\/wp\/v2\/pages\/392","targetHints":{"allow":["GET"]}}],"collection":[{"href":"https:\/\/wp.ufpel.edu.br\/ceeccso\/wp-json\/wp\/v2\/pages"}],"about":[{"href":"https:\/\/wp.ufpel.edu.br\/ceeccso\/wp-json\/wp\/v2\/types\/page"}],"author":[{"embeddable":true,"href":"https:\/\/wp.ufpel.edu.br\/ceeccso\/wp-json\/wp\/v2\/users\/1230"}],"replies":[{"embeddable":true,"href":"https:\/\/wp.ufpel.edu.br\/ceeccso\/wp-json\/wp\/v2\/comments?post=392"}],"version-history":[{"count":2,"href":"https:\/\/wp.ufpel.edu.br\/ceeccso\/wp-json\/wp\/v2\/pages\/392\/revisions"}],"predecessor-version":[{"id":395,"href":"https:\/\/wp.ufpel.edu.br\/ceeccso\/wp-json\/wp\/v2\/pages\/392\/revisions\/395"}],"wp:attachment":[{"href":"https:\/\/wp.ufpel.edu.br\/ceeccso\/wp-json\/wp\/v2\/media?parent=392"}],"curies":[{"name":"wp","href":"https:\/\/api.w.org\/{rel}","templated":true}]}}