{"id":38,"date":"2022-05-05T11:16:56","date_gmt":"2022-05-05T14:16:56","guid":{"rendered":"https:\/\/wp.ufpel.edu.br\/ceeccso\/?page_id=38"},"modified":"2022-05-10T10:01:55","modified_gmt":"2022-05-10T13:01:55","slug":"links-uteis","status":"publish","type":"page","link":"https:\/\/wp.ufpel.edu.br\/ceeccso\/links-uteis\/","title":{"rendered":"Links \u00fateis"},"content":{"rendered":"<p><strong>Pr\u00f3-reitoria de Extens\u00e3o e Cultura:<\/strong><\/p>\n<p><a href=\"https:\/\/wp.ufpel.edu.br\/prec\/\" target=\"_blank\" rel=\"noopener noreferrer\">https:\/\/wp.ufpel.edu.br\/prec\/<\/a><\/p>\n<p><strong>Guia Pr\u00e1tico para Projetos Unificados:<\/strong><\/p>\n<p><a href=\"https:\/\/wp.ufpel.edu.br\/prec\/files\/2017\/03\/Guia-Pr%C3%A1tico-Projetos-Unificados.pdf\" target=\"_blank\" rel=\"noopener noreferrer\">https:\/\/wp.ufpel.edu.br\/prec\/files\/2017\/03\/Guia-Pr%C3%A1tico-Projetos-Unificados.pdf<\/a><\/p>\n<p><strong>Bolsas de Extens\u00e3o:<\/strong><\/p>\n<p><a href=\"https:\/\/wp.ufpel.edu.br\/prec\/bolsas-de-extensao\/\" target=\"_blank\" rel=\"noopener noreferrer\">https:\/\/wp.ufpel.edu.br\/prec\/bolsas-de-extensao\/<\/a><\/p>\n<p><strong>Editais Abertos:<\/strong><\/p>\n<p><a href=\"https:\/\/wp.ufpel.edu.br\/prec\/editais-abertos\/\" target=\"_blank\" rel=\"noopener noreferrer\">https:\/\/wp.ufpel.edu.br\/prec\/editais-abertos\/<\/a><\/p>\n<p>&nbsp;<\/p>\n","protected":false},"excerpt":{"rendered":"<p>Pr\u00f3-reitoria de Extens\u00e3o e Cultura: https:\/\/wp.ufpel.edu.br\/prec\/ Guia Pr\u00e1tico para Projetos Unificados: https:\/\/wp.ufpel.edu.br\/prec\/files\/2017\/03\/Guia-Pr%C3%A1tico-Projetos-Unificados.pdf Bolsas de Extens\u00e3o: https:\/\/wp.ufpel.edu.br\/prec\/bolsas-de-extensao\/ Editais Abertos: https:\/\/wp.ufpel.edu.br\/prec\/editais-abertos\/ &nbsp;<\/p>\n","protected":false},"author":1230,"featured_media":0,"parent":0,"menu_order":4,"comment_status":"closed","ping_status":"closed","template":"","meta":{"footnotes":""},"class_list":["post-38","page","type-page","status-publish","hentry"],"jetpack_sharing_enabled":false,"_links":{"self":[{"href":"https:\/\/wp.ufpel.edu.br\/ceeccso\/wp-json\/wp\/v2\/pages\/38","targetHints":{"allow":["GET"]}}],"collection":[{"href":"https:\/\/wp.ufpel.edu.br\/ceeccso\/wp-json\/wp\/v2\/pages"}],"about":[{"href":"https:\/\/wp.ufpel.edu.br\/ceeccso\/wp-json\/wp\/v2\/types\/page"}],"author":[{"embeddable":true,"href":"https:\/\/wp.ufpel.edu.br\/ceeccso\/wp-json\/wp\/v2\/users\/1230"}],"replies":[{"embeddable":true,"href":"https:\/\/wp.ufpel.edu.br\/ceeccso\/wp-json\/wp\/v2\/comments?post=38"}],"version-history":[{"count":3,"href":"https:\/\/wp.ufpel.edu.br\/ceeccso\/wp-json\/wp\/v2\/pages\/38\/revisions"}],"predecessor-version":[{"id":81,"href":"https:\/\/wp.ufpel.edu.br\/ceeccso\/wp-json\/wp\/v2\/pages\/38\/revisions\/81"}],"wp:attachment":[{"href":"https:\/\/wp.ufpel.edu.br\/ceeccso\/wp-json\/wp\/v2\/media?parent=38"}],"curies":[{"name":"wp","href":"https:\/\/api.w.org\/{rel}","templated":true}]}}