{"id":52,"date":"2010-08-25T09:47:45","date_gmt":"2010-08-25T12:47:45","guid":{"rendered":"https:\/\/wp.ufpel.edu.br\/cee\/"},"modified":"2018-04-02T11:54:15","modified_gmt":"2018-04-02T14:54:15","slug":"links-de-interesse","status":"publish","type":"page","link":"https:\/\/wp.ufpel.edu.br\/cee\/links-de-interesse\/","title":{"rendered":"Links de Interesse"},"content":{"rendered":"<p>Ava- Moodle:<\/p>\n<p><a href=\"http:\/\/avainstitucional.ufpel.edu.br\/\">http:\/\/avainstitucional.ufpel.edu.br\/<\/a><\/p>\n<p>P\u00e1gina do Apoio Estudantil<\/p>\n<p><a href=\"https:\/\/wp.ufpel.edu.br\/prae\/\">https:\/\/wp.ufpel.edu.br\/prae\/<\/a><\/p>\n<p>Telefone: 3227-7509<\/p>\n<p>P\u00e1gina do Departamento de Registros Acad\u00eamicos<\/p>\n<p><a href=\"http:\/\/www.ufpel.edu.br\/alunos\/\">http:\/\/www.ufpel.edu.br\/alunos\/<\/a><\/p>\n<p>Telefone: 3921-1227<\/p>\n<p>P\u00e1gina do Diret\u00f3rio Acad\u00eamico<\/p>\n<p><a href=\"http:\/\/sites.google.com\/site\/daeeufpel\/home\">http:\/\/sites.google.com\/site\/daeeufpel\/home<\/a><\/p>\n","protected":false},"excerpt":{"rendered":"<p>Ava- Moodle: http:\/\/avainstitucional.ufpel.edu.br\/ P\u00e1gina do Apoio Estudantil https:\/\/wp.ufpel.edu.br\/prae\/ Telefone: 3227-7509 P\u00e1gina do Departamento de Registros Acad\u00eamicos http:\/\/www.ufpel.edu.br\/alunos\/ Telefone: 3921-1227 P\u00e1gina do Diret\u00f3rio Acad\u00eamico http:\/\/sites.google.com\/site\/daeeufpel\/home<\/p>\n","protected":false},"author":69,"featured_media":0,"parent":0,"menu_order":0,"comment_status":"closed","ping_status":"closed","template":"","meta":{"footnotes":""},"class_list":["post-52","page","type-page","status-publish","hentry"],"_links":{"self":[{"href":"https:\/\/wp.ufpel.edu.br\/cee\/wp-json\/wp\/v2\/pages\/52","targetHints":{"allow":["GET"]}}],"collection":[{"href":"https:\/\/wp.ufpel.edu.br\/cee\/wp-json\/wp\/v2\/pages"}],"about":[{"href":"https:\/\/wp.ufpel.edu.br\/cee\/wp-json\/wp\/v2\/types\/page"}],"author":[{"embeddable":true,"href":"https:\/\/wp.ufpel.edu.br\/cee\/wp-json\/wp\/v2\/users\/69"}],"replies":[{"embeddable":true,"href":"https:\/\/wp.ufpel.edu.br\/cee\/wp-json\/wp\/v2\/comments?post=52"}],"version-history":[{"count":6,"href":"https:\/\/wp.ufpel.edu.br\/cee\/wp-json\/wp\/v2\/pages\/52\/revisions"}],"predecessor-version":[{"id":1558,"href":"https:\/\/wp.ufpel.edu.br\/cee\/wp-json\/wp\/v2\/pages\/52\/revisions\/1558"}],"wp:attachment":[{"href":"https:\/\/wp.ufpel.edu.br\/cee\/wp-json\/wp\/v2\/media?parent=52"}],"curies":[{"name":"wp","href":"https:\/\/api.w.org\/{rel}","templated":true}]}}