{"id":17,"date":"2010-08-19T13:56:59","date_gmt":"2010-08-19T16:56:59","guid":{"rendered":"https:\/\/wp.ufpel.edu.br\/cee\/"},"modified":"2010-08-19T13:56:59","modified_gmt":"2010-08-19T16:56:59","slug":"perfil-do-egresso","status":"publish","type":"page","link":"https:\/\/wp.ufpel.edu.br\/cee\/o-curso-de-engenharia-eletronica\/perfil-do-egresso\/","title":{"rendered":"Perfil do Egresso"},"content":{"rendered":"<div>\n<p>O engenheiro formado pelo curso de Engenharia Eletr\u00f4nica da UFPel dever\u00e1 apresentar as seguintes caracter\u00edsticas:<\/p>\n<p dir=\"ltr\">&#8211; Apresentar uma s\u00f3lida forma\u00e7\u00e3o b\u00e1sica;<\/p>\n<p dir=\"ltr\">&#8211; Possuir conhecimento aprofundado em t\u00e9cnicas computacionais;<\/p>\n<p dir=\"ltr\">&#8211; Possuir profici\u00eancia na l\u00edngua inglesa e espanhola (em vista do Mercosul);<\/p>\n<p dir=\"ltr\">&#8211; Saber encontrar solu\u00e7\u00f5es para novos problemas;<\/p>\n<p dir=\"ltr\">&#8211; Possuir habilidade para desenvolver trabalhos em equipe;<\/p>\n<p dir=\"ltr\">&#8211; Desenvolver a autonomia de estudos;<\/p>\n<p dir=\"ltr\">&#8211; Ser um empreendedor.<\/p>\n<p dir=\"ltr\">Com esse perfil, espera-se que o profissional, egresso do  curso de Engenharia Eletr\u00f4nica da UFPEL, tenha forma\u00e7\u00e3o suficiente para  se desenvolver como emprendedor na iniciativa privada, sendo capaz de  gerar oportunidades de emprego e melhoria da qualidade de vida da  popula\u00e7\u00e3o.<\/p>\n<\/div>\n","protected":false},"excerpt":{"rendered":"<p>O engenheiro formado pelo curso de Engenharia Eletr\u00f4nica da UFPel dever\u00e1 apresentar as seguintes caracter\u00edsticas: &#8211; Apresentar uma s\u00f3lida forma\u00e7\u00e3o b\u00e1sica; &#8211; Possuir conhecimento aprofundado em t\u00e9cnicas computacionais; &#8211; Possuir profici\u00eancia na l\u00edngua inglesa e espanhola (em vista do Mercosul); &#8211; Saber encontrar solu\u00e7\u00f5es para novos problemas; &#8211; Possuir habilidade para desenvolver trabalhos em equipe;&#8230; <\/p>\n<div class=\"link-more\"><a href=\"https:\/\/wp.ufpel.edu.br\/cee\/o-curso-de-engenharia-eletronica\/perfil-do-egresso\/\">Leia mais<\/a><\/div>\n","protected":false},"author":69,"featured_media":0,"parent":13,"menu_order":0,"comment_status":"closed","ping_status":"open","template":"","meta":{"footnotes":""},"class_list":["post-17","page","type-page","status-publish","hentry"],"_links":{"self":[{"href":"https:\/\/wp.ufpel.edu.br\/cee\/wp-json\/wp\/v2\/pages\/17","targetHints":{"allow":["GET"]}}],"collection":[{"href":"https:\/\/wp.ufpel.edu.br\/cee\/wp-json\/wp\/v2\/pages"}],"about":[{"href":"https:\/\/wp.ufpel.edu.br\/cee\/wp-json\/wp\/v2\/types\/page"}],"author":[{"embeddable":true,"href":"https:\/\/wp.ufpel.edu.br\/cee\/wp-json\/wp\/v2\/users\/69"}],"replies":[{"embeddable":true,"href":"https:\/\/wp.ufpel.edu.br\/cee\/wp-json\/wp\/v2\/comments?post=17"}],"version-history":[{"count":1,"href":"https:\/\/wp.ufpel.edu.br\/cee\/wp-json\/wp\/v2\/pages\/17\/revisions"}],"predecessor-version":[{"id":18,"href":"https:\/\/wp.ufpel.edu.br\/cee\/wp-json\/wp\/v2\/pages\/17\/revisions\/18"}],"up":[{"embeddable":true,"href":"https:\/\/wp.ufpel.edu.br\/cee\/wp-json\/wp\/v2\/pages\/13"}],"wp:attachment":[{"href":"https:\/\/wp.ufpel.edu.br\/cee\/wp-json\/wp\/v2\/media?parent=17"}],"curies":[{"name":"wp","href":"https:\/\/api.w.org\/{rel}","templated":true}]}}