{"id":13,"date":"2010-08-19T13:44:08","date_gmt":"2010-08-19T16:44:08","guid":{"rendered":"https:\/\/wp.ufpel.edu.br\/cee\/"},"modified":"2010-08-19T13:58:34","modified_gmt":"2010-08-19T16:58:34","slug":"o-curso-de-engenharia-eletronica","status":"publish","type":"page","link":"https:\/\/wp.ufpel.edu.br\/cee\/o-curso-de-engenharia-eletronica\/","title":{"rendered":"O Curso de Engenharia Eletr\u00f4nica"},"content":{"rendered":"<p><!-- #toc, .toc, .mw-warning { \tborder: 1px solid #aaa; \tbackground-color: #f9f9f9; \tpadding: 5px; \tfont-size: 95%; } #toc h2, .toc h2 { \tdisplay: inline; \tborder: none; \tpadding: 0; \tfont-size: 100%; \tfont-weight: bold; } #toc #toctitle, .toc #toctitle, #toc .toctitle, .toc .toctitle { \ttext-align: center; } #toc ul, .toc ul { \tlist-style-type: none; \tlist-style-image: none; \tmargin-left: 0; \tpadding-left: 0; \ttext-align: left; } #toc ul ul, .toc ul ul { \tmargin: 0 0 0 2em; } #toc .toctoggle, .toc .toctoggle { \tfont-size: 94%; }@media print, projection, embossed { \tbody { \t\tpadding-top:1in; \t\tpadding-bottom:1in; \t\tpadding-left:1in; \t\tpadding-right:1in; \t} } body { \ttext-decoration:none; \ttext-indent:0in; \ttext-align:left; \tfont-weight:normal; \tfont-variant:normal; \tcolor:#000000; \tfont-size:12pt; \tfont-style:normal; \twidows:2; \tfont-family:'Times New Roman'; } table { } td { \tborder-collapse:collapse; \ttext-align:left; \tvertical-align:top; } p, h1, h2, h3, li { \tcolor:#000000; \tfont-family:'Times New Roman'; \tfont-size:12pt; \ttext-align:left; \tvertical-align:normal; } --><\/p>\n<div>\n<p>\u00c9 ineg\u00e1vel a import\u00e2ncia e a influ\u00eancia da Eletr\u00f4nica no modo de vida  da nossa sociedade contempor\u00e2nea. A grande revolu\u00e7\u00e3o que vivemos no  mundo, motivada pelo avan\u00e7o das tecnologias de informa\u00e7\u00e3o e  telecomunica\u00e7\u00f5es, bem como da automa\u00e7\u00e3o dos mais variados tipos de  processos, se deve, fundamentalmente, ao advento da inven\u00e7\u00e3o do  transistor e da ci\u00eancia aplicada gerada a partir de ent\u00e3o \u2013 a  Eletr\u00f4nica.<\/p>\n<p dir=\"ltr\">Seria por demais trabalhoso e, certamente, redundante  listar todos os avan\u00e7os obtidos nas \u00e1reas das comunica\u00e7\u00f5es, tecnologias  da informa\u00e7\u00e3o, de transportes (a\u00e9reos, navais, fluviais, e  rodoferrovi\u00e1rios), ci\u00eancias biom\u00e9dicas, instrumenta\u00e7\u00e3o eletr\u00f4nica,  prospec\u00e7\u00e3o de min\u00e9rios, ind\u00fastrias de transforma\u00e7\u00e3o, e tantos outros  seguimentos da atividade humana, devido ao desenvolvimento da  Eletr\u00f4nica.<\/p>\n<p dir=\"ltr\">Por estar presente nas mais diversas \u00e1reas de atua\u00e7\u00e3o  humana, servindo como suporte tecnol\u00f3gico para o desenvolvimento de  outras \u00e1reas de conhecimento, a Eletr\u00f4nica se qualifica como uma das  conquistas mais importantes do s\u00e9culo XX, e que deu origem ao estilo de  vida que hoje chamamos de \u201cSociedade do Conhecimento\u201d.<\/p>\n<p dir=\"ltr\">Desta forma, a cria\u00e7\u00e3o de um curso de Engenharia  Eletr\u00f4nica, em uma universidade que opta pelo desenvolvimento do ensino  de engenharia, como forma de n\u00e3o apenas formar profissionais  qualificados, mas tamb\u00e9m como uma maneira de interagir diretamente com o  desenvolvimento da regi\u00e3o sul do estado, pelo incentivo \u00e0s atividades  de extens\u00e3o e de pesquisa tecnol\u00f3gica, se torna uma a\u00e7\u00e3o mais que  natural, mas uma a\u00e7\u00e3o necess\u00e1ria. Com a cria\u00e7\u00e3o do curso de Engenharia  Eletr\u00f4nica, tanto o futuro Centro das Engenharias quanto o Centro de  Desenvolvimento Tecnol\u00f3gico, ter\u00e3o apoio qualificado \u00e0s demandas  tecnol\u00f3gicas na \u00e1rea de Eletr\u00f4nica que, certamente, ser\u00e3o muitas e  variadas.<\/p>\n<p dir=\"ltr\">Dessa forma, a cria\u00e7\u00e3o do curso de Engenharia Eletr\u00f4nica,  na Universidade Federal de Pelotas, se justifica plenamente, pois al\u00e9m  de vir a fazer parte de um futuro grande p\u00f3lo de ensino de Engenharia,  qualificar\u00e1 ainda mais a UFPel como uma grande institui\u00e7\u00e3o indutora de  desenvolvimento regional.<\/p>\n<\/div>\n","protected":false},"excerpt":{"rendered":"<p>\u00c9 ineg\u00e1vel a import\u00e2ncia e a influ\u00eancia da Eletr\u00f4nica no modo de vida da nossa sociedade contempor\u00e2nea. A grande revolu\u00e7\u00e3o que vivemos no mundo, motivada pelo avan\u00e7o das tecnologias de informa\u00e7\u00e3o e telecomunica\u00e7\u00f5es, bem como da automa\u00e7\u00e3o dos mais variados tipos de processos, se deve, fundamentalmente, ao advento da inven\u00e7\u00e3o do transistor e da ci\u00eancia&#8230; <\/p>\n<div class=\"link-more\"><a href=\"https:\/\/wp.ufpel.edu.br\/cee\/o-curso-de-engenharia-eletronica\/\">Leia mais<\/a><\/div>\n","protected":false},"author":69,"featured_media":0,"parent":0,"menu_order":0,"comment_status":"closed","ping_status":"open","template":"","meta":{"footnotes":""},"class_list":["post-13","page","type-page","status-publish","hentry"],"_links":{"self":[{"href":"https:\/\/wp.ufpel.edu.br\/cee\/wp-json\/wp\/v2\/pages\/13","targetHints":{"allow":["GET"]}}],"collection":[{"href":"https:\/\/wp.ufpel.edu.br\/cee\/wp-json\/wp\/v2\/pages"}],"about":[{"href":"https:\/\/wp.ufpel.edu.br\/cee\/wp-json\/wp\/v2\/types\/page"}],"author":[{"embeddable":true,"href":"https:\/\/wp.ufpel.edu.br\/cee\/wp-json\/wp\/v2\/users\/69"}],"replies":[{"embeddable":true,"href":"https:\/\/wp.ufpel.edu.br\/cee\/wp-json\/wp\/v2\/comments?post=13"}],"version-history":[{"count":2,"href":"https:\/\/wp.ufpel.edu.br\/cee\/wp-json\/wp\/v2\/pages\/13\/revisions"}],"predecessor-version":[{"id":22,"href":"https:\/\/wp.ufpel.edu.br\/cee\/wp-json\/wp\/v2\/pages\/13\/revisions\/22"}],"wp:attachment":[{"href":"https:\/\/wp.ufpel.edu.br\/cee\/wp-json\/wp\/v2\/media?parent=13"}],"curies":[{"name":"wp","href":"https:\/\/api.w.org\/{rel}","templated":true}]}}