{"id":604,"date":"2021-04-29T19:12:12","date_gmt":"2021-04-29T22:12:12","guid":{"rendered":"https:\/\/wp.ufpel.edu.br\/cedepem\/?page_id=604"},"modified":"2025-05-31T16:11:35","modified_gmt":"2025-05-31T19:11:35","slug":"equipe-2","status":"publish","type":"page","link":"https:\/\/wp.ufpel.edu.br\/cedepem\/equipe-2\/","title":{"rendered":"EQUIPE"},"content":{"rendered":"<p><strong>EQUIPE ATUAL<\/strong><\/p>\n<p>&nbsp;<\/p>\n<p><b>Coordena\u00e7\u00e3o Geral<\/b><\/p>\n<p><a href=\"http:\/\/lattes.cnpq.br\/6400826578762656\"><span style=\"font-weight: 400;\">Etiene Villela Marroni (PPGCPol\/UFPel)<\/span><\/a><\/p>\n<p><b>Vice-l\u00edder<\/b><\/p>\n<p><a href=\"http:\/\/lattes.cnpq.br\/4843244556969052\"><span style=\"font-weight: 400;\">F\u00e1tima Ver\u00f4nica Vila Nova (IFPE\/Caruaru)<\/span><\/a><\/p>\n<p>&nbsp;<\/p>\n<p><b>Pesquisadores\/as (em ordem alfab\u00e9tica)<\/b><\/p>\n<p><a href=\"http:\/\/lattes.cnpq.br\/6332022414519297\"><span style=\"font-weight: 400;\">Anailza Cristina Galdino da Silva (IFPE\/Caruaru)<\/span><\/a><\/p>\n<p><a href=\"http:\/\/lattes.cnpq.br\/7662929784136459\"><span style=\"font-weight: 400;\">Ariane Ferreira Porto Rosa (CENG\/UFPel)<\/span><\/a><\/p>\n<p><a href=\"http:\/\/lattes.cnpq.br\/3762236765607701\"><span style=\"font-weight: 400;\">Ayolse Andrade Pires dos Santos (PPGCPol\/UFPel)<\/span><\/a><\/p>\n<p><span style=\"font-weight: 400;\">Bruno Gabriel Henz (UFPel)<\/span><\/p>\n<p><a href=\"http:\/\/lattes.cnpq.br\/1903582759574384\"><span style=\"font-weight: 400;\">Danilo Sorato Oliveira Moreira (PPGEST\/UFF)<\/span><\/a><\/p>\n<p><a href=\"http:\/\/lattes.cnpq.br\/9981558843375650\"><span style=\"font-weight: 400;\">Delmo de Oliveira Torres Arguelhes (NEA\/UFF)<\/span><\/a><\/p>\n<p><a href=\"http:\/\/lattes.cnpq.br\/6787207146000381\"><span style=\"font-weight: 400;\">Eurico de Lima Figueiredo (PPGEST\/UFF)<\/span><\/a><\/p>\n<p><a href=\"http:\/\/lattes.cnpq.br\/1482597145950996\"><span style=\"font-weight: 400;\">Giovanna Martins Wanderley<\/span><\/a><span style=\"font-weight: 400;\"> (UFRN)<\/span><\/p>\n<p><a href=\"http:\/\/lattes.cnpq.br\/9407943557793952\"><span style=\"font-weight: 400;\">Gustavo Gordo de Freitas (PPGCPol\/UFPel)<\/span><\/a><\/p>\n<p><span style=\"font-weight: 400;\">Israel Mawete Ngola Manuel (PPGCP\/UFRGS)<\/span><\/p>\n<p><a href=\"http:\/\/lattes.cnpq.br\/6346201029048238\"><span style=\"font-weight: 400;\">Janaina Barbosa da Silva (UFCG)<\/span><\/a><\/p>\n<p><a href=\"http:\/\/lattes.cnpq.br\/5191462532255857\"><span style=\"font-weight: 400;\">Josemary Santos e Silva Oliveira (PPGEO\/UFPE)<\/span><\/a><\/p>\n<p><a href=\"http:\/\/lattes.cnpq.br\/9858187881897515\"><span style=\"font-weight: 400;\">Josieli Santini (UFRJ)<\/span><\/a><\/p>\n<p><a href=\"http:\/\/lattes.cnpq.br\/1418032340535951\"><span style=\"font-weight: 400;\">Magayo de Mac\u00eado Alves (PPGCPol\/UFPel)<\/span><\/a><\/p>\n<p><a href=\"http:\/\/lattes.cnpq.br\/8025887374695514\"><span style=\"font-weight: 400;\">Maria da Gl\u00f3ria Vieira Anselmo (PPGEO\/UFPE)<\/span><\/a><\/p>\n<p><a href=\"http:\/\/lattes.cnpq.br\/5034472088902118\"><span style=\"font-weight: 400;\">Maria Fernanda Abrantes Torres (PPGEO\/UFPE)<\/span><\/a><\/p>\n<p><span style=\"font-weight: 400;\">Nicole Grell Macias Dalmiglio (San Tiago Dantas)<\/span><\/p>\n<p><a href=\"http:\/\/lattes.cnpq.br\/9655033263230416\"><span style=\"font-weight: 400;\">Nivaldo Lemos de Souza (PPGEO\/UFPE)<\/span><\/a><\/p>\n<p><a href=\"http:\/\/lattes.cnpq.br\/2884137245814203\"><span style=\"font-weight: 400;\">Oswaldo Giovannini Junior (UFPB)<\/span><\/a><\/p>\n<p><span style=\"font-weight: 400;\">Raoni Azevedo (UFV)<\/span><\/p>\n<p><a href=\"http:\/\/lattes.cnpq.br\/1946506382868356\"><span style=\"font-weight: 400;\">Ricardo Salvador De Toma Garcia<\/span><\/a><span style=\"font-weight: 400;\"> (Casa Ruy Barbosa)<\/span><\/p>\n<p><span style=\"font-weight: 400;\">Rog\u00e9rio Royer (CENG\/UFPel)<\/span><\/p>\n<p><a href=\"http:\/\/lattes.cnpq.br\/2676465393239122\"><span style=\"font-weight: 400;\">Thiago Silva e Souza (Minist\u00e9rio da Defesa)<\/span><\/a><\/p>\n<p><b>Colaboradores<\/b><\/p>\n<p><span style=\"font-weight: 400;\">Prof. Em\u00e9rito Juan Luis Suarez de Vivero (Universidade de Sevilha, Espanha)<\/span><span style=\"font-weight: 400;\"><br \/>\n<\/span><span style=\"font-weight: 400;\">Prof. Dr. Juan Carlos Rodriguez Mateos (Universidade de Sevilha, Espanha)<\/span><span style=\"font-weight: 400;\"><br \/>\n<\/span><span style=\"font-weight: 400;\">Prof. Dr. Alexandre Pereira da Silva (China Institute of Boundary and Ocean Studies, Wuhan, China)<\/span><\/p>\n<p><strong>COLABORADORES ANTIGOS (em ordem alfab\u00e9tica)<\/strong><\/p>\n<p><em>Agradecemos aos que contribu\u00edram com o CEDEPEM!<\/em><\/p>\n<p><span style=\"font-weight: 400;\">Alan Azevedo Messeder<br \/>\n<\/span><span style=\"font-weight: 400;\">Alana dos Santos Ten\u00f3rio<br \/>\n<\/span><span style=\"font-weight: 400;\">Alexandre Rocha Violante<br \/>\n<\/span><span style=\"font-weight: 400;\">Aline Nemitz de Oliveira Lajas Ferreira<br \/>\n<\/span><span style=\"font-weight: 400;\">Ana Carolina Silva Nobre<br \/>\n<\/span><a href=\"http:\/\/lattes.cnpq.br\/5807343543128153\"><span style=\"font-weight: 400;\">Ant\u00f4nio Elian Lawand J\u00fanior<\/span><\/a><br \/>\n<span style=\"font-weight: 400;\">Beth\u00e2nia Machado Figueiredo<br \/>\n<\/span><span style=\"font-weight: 400;\">Bruna Vicari Arruz<br \/>\n<\/span><span style=\"font-weight: 400;\">Bruno de Seixas Carvalho<br \/>\n<\/span><a href=\"http:\/\/lattes.cnpq.br\/5218157035985795\"><span style=\"font-weight: 400;\">Caio Menezes dos Santos<\/span><\/a><br \/>\n<a href=\"http:\/\/lattes.cnpq.br\/8012242924936176\"><span style=\"font-weight: 400;\">Carolina Dantas Nogueira<\/span><\/a><br \/>\n<span style=\"font-weight: 400;\">Cintya Rayssa Dutra Carvalho<br \/>\n<\/span><a href=\"http:\/\/lattes.cnpq.br\/1760594144623123\"><span style=\"font-weight: 400;\">Diego Rabelo Nonato<\/span><\/a><br \/>\n<span style=\"font-weight: 400;\">Fabr\u00edcio Robson de Oliveira<br \/>\n<\/span><span style=\"font-weight: 400;\">Francisco Carlos Jacinto Barbosa<br \/>\n<\/span><span style=\"font-weight: 400;\">Francisco Eduardo Alves de Almeida<br \/>\n<\/span><span style=\"font-weight: 400;\">Gabriele Marina Molina Hernandez<br \/>\n<\/span><span style=\"font-weight: 400;\">Guilherme Tadeu Berriel da Silva Oliveira<br \/>\n<\/span><span style=\"font-weight: 400;\">Ivana Lopes Takahashi<br \/>\n<\/span><a href=\"http:\/\/lattes.cnpq.br\/7087622691252971\"><span style=\"font-weight: 400;\">Izaquiel Mateus Macedo Gomes<\/span><\/a><br \/>\n<span style=\"font-weight: 400;\">Jeriel Silva Santos<br \/>\n<\/span><span style=\"font-weight: 400;\">J\u00falia Sch\u00fctz Veiga<br \/>\n<a href=\"http:\/\/lattes.cnpq.br\/0457222118086712\">Luiz Philipe Ferreira de Oliveira<\/a><br \/>\n<\/span><span style=\"font-weight: 400;\">Manuela Bocayuva Carvalho<br \/>\n<\/span><span style=\"font-weight: 400;\">Marcella Lopes Guerra<br \/>\n<a href=\"http:\/\/lattes.cnpq.br\/6207658849435229\">Marcelo dos Santos Mata<\/a><br \/>\n<\/span><span style=\"font-weight: 400;\">Marcelo Jos\u00e9 Anghinoni Nava<br \/>\n<\/span><span style=\"font-weight: 400;\"><a href=\"http:\/\/lattes.cnpq.br\/5375761435965222\">Marcelo Jos\u00e9 das Neves<\/a><br \/>\n<a href=\"http:\/\/lattes.cnpq.br\/0176071656653836\">Maria Cristina Gontijo Peres Valdez Silva<\/a><br \/>\n<\/span><span style=\"font-weight: 400;\">Maria Meirice Pereira Barbosa<br \/>\n<\/span><span style=\"font-weight: 400;\">Marina Molina Costa Tavares<br \/>\n<\/span><span style=\"font-weight: 400;\">Naomy Christiani Takara<br \/>\n<\/span><span style=\"font-weight: 400;\">Pedro Henrique Silva de Oliveira<br \/>\n<\/span><span style=\"font-weight: 400;\">Rosaline Ferreira de Oliveira<br \/>\n<\/span><a href=\"http:\/\/lattes.cnpq.br\/7061041213942299\"><span style=\"font-weight: 400;\">Sheyla Rosana Oliveira Moraes<\/span><\/a><br \/>\n<span style=\"font-weight: 400;\">Stela Xavier Terra<br \/>\n<\/span><span style=\"font-weight: 400;\"><a href=\"http:\/\/lattes.cnpq.br\/3862646181025802\">Thais Cristina Custodio Moreira Ferreira<\/a><br \/>\n<\/span><span style=\"font-weight: 400;\">Vict\u00f3ria Ant\u00f4nia Gon\u00e7alves de Oliveira Salom\u00e3o<br \/>\n<a href=\"http:\/\/lattes.cnpq.br\/4924422701724105\">Wesley S\u00e1 Teles Guerra<\/a><br \/>\n<a href=\"http:\/\/lattes.cnpq.br\/3596258369699288\">Yasser Jaber Suliman Audeh<\/a><br \/>\n<\/span><\/p>\n<p>&nbsp;<\/p>\n","protected":false},"excerpt":{"rendered":"<p>EQUIPE ATUAL &nbsp; Coordena\u00e7\u00e3o Geral Etiene Villela Marroni (PPGCPol\/UFPel) Vice-l\u00edder F\u00e1tima Ver\u00f4nica Vila Nova (IFPE\/Caruaru) &nbsp; Pesquisadores\/as (em ordem alfab\u00e9tica) Anailza Cristina Galdino da Silva (IFPE\/Caruaru) Ariane&hellip; <span class=\"read-more\"><a class=\"more-link\" href=\"https:\/\/wp.ufpel.edu.br\/cedepem\/equipe-2\/\" rel=\"bookmark\">Leia Mais <span class=\"screen-reader-text\">&#8220;EQUIPE&#8221;<\/span><\/a><\/span><\/p>\n","protected":false},"author":1128,"featured_media":0,"parent":0,"menu_order":0,"comment_status":"closed","ping_status":"closed","template":"","meta":{"footnotes":""},"class_list":["post-604","page","type-page","status-publish","hentry"],"_links":{"self":[{"href":"https:\/\/wp.ufpel.edu.br\/cedepem\/wp-json\/wp\/v2\/pages\/604","targetHints":{"allow":["GET"]}}],"collection":[{"href":"https:\/\/wp.ufpel.edu.br\/cedepem\/wp-json\/wp\/v2\/pages"}],"about":[{"href":"https:\/\/wp.ufpel.edu.br\/cedepem\/wp-json\/wp\/v2\/types\/page"}],"author":[{"embeddable":true,"href":"https:\/\/wp.ufpel.edu.br\/cedepem\/wp-json\/wp\/v2\/users\/1128"}],"replies":[{"embeddable":true,"href":"https:\/\/wp.ufpel.edu.br\/cedepem\/wp-json\/wp\/v2\/comments?post=604"}],"version-history":[{"count":13,"href":"https:\/\/wp.ufpel.edu.br\/cedepem\/wp-json\/wp\/v2\/pages\/604\/revisions"}],"predecessor-version":[{"id":1863,"href":"https:\/\/wp.ufpel.edu.br\/cedepem\/wp-json\/wp\/v2\/pages\/604\/revisions\/1863"}],"wp:attachment":[{"href":"https:\/\/wp.ufpel.edu.br\/cedepem\/wp-json\/wp\/v2\/media?parent=604"}],"curies":[{"name":"wp","href":"https:\/\/api.w.org\/{rel}","templated":true}]}}